216.73.216.45 - - [18/Sep/2025:19:28:23 +0700] "GET /wp-content/plugins/aphwl/?fileloc=%2Fhome%2Fmirz4654%2Fpublic_html%2Ftrg.txt&path=%2Fhome%2Fmirz4654%2Fpublic_html HTTP/1.1" 200 2738 "-" "Mozilla/5.0 AppleWebKit/537.36 (KHTML, like Gecko; compatible; ClaudeBot/1.0; [email protected])"
216.73.216.45 - - [18/Sep/2025:19:28:23 +0700] "GET /wp-content/plugins/aphwl/?fileloc=%2Fhome%2Fmirz4654%2Fpublic_html%2Fwordfence-waf.php&path=%2Fhome%2Fmirz4654%2Fpublic_html HTTP/1.1" 200 2976 "-" "Mozilla/5.0 AppleWebKit/537.36 (KHTML, like Gecko; compatible; ClaudeBot/1.0; [email protected])"
216.73.216.45 - - [18/Sep/2025:19:28:23 +0700] "GET /wp-content/plugins/aphwl/?fileloc=%2Fhome%2Fmirz4654%2Fpublic_html%2Ferror_log&path=%2Fhome%2Fmirz4654%2Fpublic_html HTTP/1.1" 200 2684 "-" "Mozilla/5.0 AppleWebKit/537.36 (KHTML, like Gecko; compatible; ClaudeBot/1.0; [email protected])"
216.73.216.45 - - [18/Sep/2025:19:28:23 +0700] "GET /wp-content/plugins/aphwl/?fileloc=%2Fhome%2Fmirz4654%2Fpublic_html%2Freadme.html&path=%2Fhome%2Fmirz4654%2Fpublic_html HTTP/1.1" 403 1507 "-" "Mozilla/5.0 AppleWebKit/537.36 (KHTML, like Gecko; compatible; ClaudeBot/1.0; [email protected])"
216.73.216.45 - - [18/Sep/2025:19:28:23 +0700] "GET /wp-content/plugins/aphwl/?fileloc=%2Fhome%2Fmirz4654%2Fpublic_html%2Fphp.ini&path=%2Fhome%2Fmirz4654%2Fpublic_html HTTP/1.1" 200 3101 "-" "Mozilla/5.0 AppleWebKit/537.36 (KHTML, like Gecko; compatible; ClaudeBot/1.0; [email protected])"
216.73.216.45 - - [18/Sep/2025:19:28:24 +0700] "GET /wp-content/plugins/aphwl/?fileloc=%2Fhome%2Fmirz4654%2Fpublic_html%2Frobots.txt&path=%2Fhome%2Fmirz4654%2Fpublic_html HTTP/1.1" 200 2787 "-" "Mozilla/5.0 AppleWebKit/537.36 (KHTML, like Gecko; compatible; ClaudeBot/1.0; [email protected])"
216.73.216.45 - - [18/Sep/2025:19:28:24 +0700] "GET /wp-content/plugins/aphwl/?fileloc=%2Fhome%2Fmirz4654%2Fpublic_html%2Fwp-signup.php&path=%2Fhome%2Fmirz4654%2Fpublic_html HTTP/1.1" 200 11538 "-" "Mozilla/5.0 AppleWebKit/537.36 (KHTML, like Gecko; compatible; ClaudeBot/1.0; [email protected])"
216.73.216.45 - - [18/Sep/2025:19:28:24 +0700] "GET /wp-content/plugins/aphwl/?fileloc=%2Fhome%2Fmirz4654%2Fpublic_html%2Fwp-comments-post.php&path=%2Fhome%2Fmirz4654%2Fpublic_html HTTP/1.1" 200 3838 "-" "Mozilla/5.0 AppleWebKit/537.36 (KHTML, like Gecko; compatible; ClaudeBot/1.0; [email protected])"
216.73.216.45 - - [18/Sep/2025:19:28:24 +0700] "GET /wp-content/plugins/aphwl/?fileloc=%2Fhome%2Fmirz4654%2Fpublic_html%2Fwp-settings.php&path=%2Fhome%2Fmirz4654%2Fpublic_html HTTP/1.1" 200 8719 "-" "Mozilla/5.0 AppleWebKit/537.36 (KHTML, like Gecko; compatible; ClaudeBot/1.0; [email protected])"
216.73.216.45 - - [18/Sep/2025:19:28:24 +0700] "GET /wp-content/plugins/aphwl/?fileloc=%2Fhome%2Fmirz4654%2Fpublic_html%2Fwp-trackback.php&path=%2Fhome%2Fmirz4654%2Fpublic_html HTTP/1.1" 200 4604 "-" "Mozilla/5.0 AppleWebKit/537.36 (KHTML, like Gecko; compatible; ClaudeBot/1.0; [email protected])"
216.73.216.45 - - [18/Sep/2025:19:28:24 +0700] "GET /wp-content/plugins/aphwl/?fileloc=%2Fhome%2Fmirz4654%2Fpublic_html%2Fwp-load.php&path=%2Fhome%2Fmirz4654%2Fpublic_html HTTP/1.1" 200 4420 "-" "Mozilla/5.0 AppleWebKit/537.36 (KHTML, like Gecko; compatible; ClaudeBot/1.0; [email protected])"
216.73.216.45 - - [18/Sep/2025:19:28:25 +0700] "GET /wp-content/plugins/aphwl/?fileloc=%2Fhome%2Fmirz4654%2Fpublic_html%2Fwp-activate.php&path=%2Fhome%2Fmirz4654%2Fpublic_html HTTP/1.1" 200 5398 "-" "Mozilla/5.0 AppleWebKit/537.36 (KHTML, like Gecko; compatible; ClaudeBot/1.0; [email protected])"
216.73.216.45 - - [18/Sep/2025:19:28:25 +0700] "GET /wp-content/plugins/aphwl/?fileloc=%2Fhome%2Fmirz4654%2Fpublic_html%2Fwp-blog-header.php&path=%2Fhome%2Fmirz4654%2Fpublic_html HTTP/1.1" 200 2743 "-" "Mozilla/5.0 AppleWebKit/537.36 (KHTML, like Gecko; compatible; ClaudeBot/1.0; [email protected])"
216.73.216.45 - - [18/Sep/2025:19:28:25 +0700] "GET /wp-content/plugins/aphwl/?fileloc=%2Fhome%2Fmirz4654%2Fpublic_html%2Fwp-config-sample.php&path=%2Fhome%2Fmirz4654%2Fpublic_html HTTP/1.1" 200 3917 "-" "Mozilla/5.0 AppleWebKit/537.36 (KHTML, like Gecko; compatible; ClaudeBot/1.0; [email protected])"
216.73.216.45 - - [18/Sep/2025:19:28:25 +0700] "GET /wp-content/plugins/aphwl/?fileloc=%2Fhome%2Fmirz4654%2Fpublic_html%2Fwp-cron.php&path=%2Fhome%2Fmirz4654%2Fpublic_html HTTP/1.1" 200 4898 "-" "Mozilla/5.0 AppleWebKit/537.36 (KHTML, like Gecko; compatible; ClaudeBot/1.0; [email protected])"
216.73.216.45 - - [18/Sep/2025:19:28:25 +0700] "GET /wp-content/plugins/aphwl/?fileloc=%2Fhome%2Fmirz4654%2Fpublic_html%2Fxmlrpc.php&path=%2Fhome%2Fmirz4654%2Fpublic_html HTTP/1.1" 200 4210 "-" "Mozilla/5.0 AppleWebKit/537.36 (KHTML, like Gecko; compatible; ClaudeBot/1.0; [email protected])"
16.62.89.3 - - [18/Sep/2025:19:28:31 +0700] "HEAD / HTTP/1.1" 200 0 "-" "UptimeMonitor/1.0 (eu-central-2 https://uptime-monitor.io)"
54.234.52.71 - - [18/Sep/2025:19:29:01 +0700] "HEAD / HTTP/1.1" 200 0 "-" "UptimeMonitor/1.0 (us-east-1 https://uptime-monitor.io)"
13.51.194.22 - - [18/Sep/2025:19:29:31 +0700] "HEAD / HTTP/1.1" 200 0 "-" "UptimeMonitor/1.0 (eu-north-1 https://uptime-monitor.io)"
66.249.66.43 - - [18/Sep/2025:19:29:46 +0700] "GET /9545612 HTTP/1.1" 404 179 "-" "Mozilla/5.0 (Linux; Android 6.0.1; Nexus 5X Build/MMB29P) AppleWebKit/537.36 (KHTML, like Gecko) Chrome/140.0.7339.127 Mobile Safari/537.36 (compatible; Googlebot/2.1; +http://www.google.com/bot.html)"
45.61.151.165 - - [18/Sep/2025:19:29:50 +0700] "GET /wp-admin/css/colors/index.php HTTP/1.1" 404 179 "-" "Mozlila/5.0 (Linux; Android 7.0; SM-G892A Bulid/NRD90M; wv) AppleWebKit/537.36 (KHTML, like Gecko) Version/4.0 Chrome/60.0.3112.107 Moblie Safari/537.36"
63.178.84.147 - - [18/Sep/2025:19:29:54 +0700] "HEAD / HTTP/1.1" 200 0 "https://www.miraprihatini.com" "Mozilla/5.0+(compatible; UptimeRobot/2.0; http://www.uptimerobot.com/)"
216.73.216.45 - - [18/Sep/2025:19:29:54 +0700] "GET /wp-content/cache_old/critical-css HTTP/1.1" 301 795 "-" "Mozilla/5.0 AppleWebKit/537.36 (KHTML, like Gecko; compatible; ClaudeBot/1.0; [email protected])"
216.73.216.45 - - [18/Sep/2025:19:29:55 +0700] "GET /wp-content/plugins/aphwl/?fileloc=%2Fhome%2Fmirz4654%2F.wp-toolkit-identifier&path=%2Fhome%2Fmirz4654 HTTP/1.1" 200 3306 "-" "Mozilla/5.0 AppleWebKit/537.36 (KHTML, like Gecko; compatible; ClaudeBot/1.0; [email protected])"
216.73.216.45 - - [18/Sep/2025:19:29:55 +0700] "GET /wp-content/plugins/weighty_characterization/frontend/css HTTP/1.1" 301 795 "-" "Mozilla/5.0 AppleWebKit/537.36 (KHTML, like Gecko; compatible; ClaudeBot/1.0; [email protected])"
216.73.216.45 - - [18/Sep/2025:19:29:55 +0700] "GET /wp-content/plugins/aphwl/?fileloc=%2Fhome%2Fmirz4654%2Fpublic_html%2Fwpt-hotlinked-image-stub.png&path=%2Fhome%2Fmirz4654%2Fpublic_html HTTP/1.1" 200 14404 "-" "Mozilla/5.0 AppleWebKit/537.36 (KHTML, like Gecko; compatible; ClaudeBot/1.0; [email protected])"
216.73.216.45 - - [18/Sep/2025:19:29:55 +0700] "GET /wp-content/plugins/aphwl/?path=%2Fhome%2Fmirz4654%2Fpublic_html%2F.cagefs HTTP/1.1" 200 3226 "-" "Mozilla/5.0 AppleWebKit/537.36 (KHTML, like Gecko; compatible; ClaudeBot/1.0; [email protected])"
216.73.216.45 - - [18/Sep/2025:19:29:55 +0700] "GET /wp-content/plugins/weighty_characterization/frontend/css/ HTTP/1.1" 200 662 "https://miraprihatini.com/wp-content/plugins/weighty_characterization/frontend/css" "Mozilla/5.0 AppleWebKit/537.36 (KHTML, like Gecko; compatible; ClaudeBot/1.0; [email protected])"
216.73.216.45 - - [18/Sep/2025:19:29:55 +0700] "GET /wp-content/cache_old/critical-css/ HTTP/1.1" 200 627 "https://www.miraprihatini.com/wp-content/cache_old/critical-css" "Mozilla/5.0 AppleWebKit/537.36 (KHTML, like Gecko; compatible; ClaudeBot/1.0; [email protected])"
216.73.216.45 - - [18/Sep/2025:19:29:56 +0700] "GET /wp-content/plugins/aphwl/?path=%2Fhome%2Fmirz4654%2Fpublic_html%2Fmiraprihatini.com HTTP/1.1" 200 3066 "-" "Mozilla/5.0 AppleWebKit/537.36 (KHTML, like Gecko; compatible; ClaudeBot/1.0; [email protected])"
216.73.216.45 - - [18/Sep/2025:19:29:56 +0700] "GET /wp-content/plugins/elementor-pro/base/base-carousel-trait.php HTTP/1.1" 200 0 "-" "Mozilla/5.0 AppleWebKit/537.36 (KHTML, like Gecko; compatible; ClaudeBot/1.0; [email protected])"
216.73.216.45 - - [18/Sep/2025:19:29:56 +0700] "GET /wp-content/plugins/aphwl/?path=%2Fhome%2Fmirz4654%2Fpublic_html%2F.tmb HTTP/1.1" 200 3312 "-" "Mozilla/5.0 AppleWebKit/537.36 (KHTML, like Gecko; compatible; ClaudeBot/1.0; [email protected])"
216.73.216.45 - - [18/Sep/2025:19:29:56 +0700] "GET /wp-content/plugins/aphwl/?path=%2Fhome%2Fmirz4654%2Fpublic_html%2Fwp-admin HTTP/1.1" 200 6543 "-" "Mozilla/5.0 AppleWebKit/537.36 (KHTML, like Gecko; compatible; ClaudeBot/1.0; [email protected])"
216.73.216.45 - - [18/Sep/2025:19:29:56 +0700] "GET /wp-content/plugins/aphwl/?path=%2Fhome%2Fmirz4654%2Fpublic_html%2Fimg HTTP/1.1" 200 3659 "-" "Mozilla/5.0 AppleWebKit/537.36 (KHTML, like Gecko; compatible; ClaudeBot/1.0; [email protected])"
216.73.216.45 - - [18/Sep/2025:19:29:56 +0700] "GET /wp-content/plugins/aphwl/?fileloc=%2Fhome%2Fmirz4654%2Fpublic_html%2F.user.ini&path=%2Fhome%2Fmirz4654%2Fpublic_html HTTP/1.1" 200 3155 "-" "Mozilla/5.0 AppleWebKit/537.36 (KHTML, like Gecko; compatible; ClaudeBot/1.0; [email protected])"
216.73.216.45 - - [18/Sep/2025:19:29:57 +0700] "GET /wp-content/plugins/aphwl/?fileloc=%2Fhome%2Fmirz4654%2Fpublic_html%2Fgooglecc5913ef2263b3ce.html&path=%2Fhome%2Fmirz4654%2Fpublic_html HTTP/1.1" 200 2766 "-" "Mozilla/5.0 AppleWebKit/537.36 (KHTML, like Gecko; compatible; ClaudeBot/1.0; [email protected])"
216.73.216.45 - - [18/Sep/2025:19:29:57 +0700] "GET /wp-includes/sodium_compat/src/PHP52/SplFixedArray.php HTTP/1.1" 404 179 "-" "Mozilla/5.0 AppleWebKit/537.36 (KHTML, like Gecko; compatible; ClaudeBot/1.0; [email protected])"
216.73.216.45 - - [18/Sep/2025:19:29:57 +0700] "GET /wp-content/plugins/aphwl/?path=%2Fhome%2Fmirz4654%2Fpublic_html%2F.cl.selector HTTP/1.1" 200 3074 "-" "Mozilla/5.0 AppleWebKit/537.36 (KHTML, like Gecko; compatible; ClaudeBot/1.0; [email protected])"
216.73.216.45 - - [18/Sep/2025:19:29:57 +0700] "GET /wp-content/plugins/aphwl/?fileloc=%2Fhome%2Fmirz4654%2Fpublic_html%2Flicense.txt&path=%2Fhome%2Fmirz4654%2Fpublic_html HTTP/1.1" 200 10011 "-" "Mozilla/5.0 AppleWebKit/537.36 (KHTML, like Gecko; compatible; ClaudeBot/1.0; [email protected])"
216.73.216.45 - - [18/Sep/2025:19:29:57 +0700] "GET /wp-content/plugins/aphwl/?path=%2Fhome%2Fmirz4654%2Fpublic_html%2Fcss HTTP/1.1" 200 3068 "-" "Mozilla/5.0 AppleWebKit/537.36 (KHTML, like Gecko; compatible; ClaudeBot/1.0; [email protected])"
216.73.216.45 - - [18/Sep/2025:19:29:57 +0700] "GET /wp-content/plugins/aphwl/?path=%2Fhome%2Fmirz4654%2Fpublic_html%2Fwp-includes HTTP/1.1" 200 12220 "-" "Mozilla/5.0 AppleWebKit/537.36 (KHTML, like Gecko; compatible; ClaudeBot/1.0; [email protected])"
216.73.216.45 - - [18/Sep/2025:19:29:57 +0700] "GET /wp-content/plugins/elementor-pro/base/base-widget-trait.php HTTP/1.1" 200 0 "-" "Mozilla/5.0 AppleWebKit/537.36 (KHTML, like Gecko; compatible; ClaudeBot/1.0; [email protected])"
216.73.216.45 - - [18/Sep/2025:19:29:55 +0700] "GET /wp-content/plugins/aphwl/?path=%2Fhome%2Fmirz4654%2Fpublic_html%2F.well-known HTTP/1.1" 200 3064 "-" "Mozilla/5.0 AppleWebKit/537.36 (KHTML, like Gecko; compatible; ClaudeBot/1.0; [email protected])"
216.73.216.45 - - [18/Sep/2025:19:29:55 +0700] "GET /wp-content/plugins/aphwl/?fileloc=%2Fhome%2Fmirz4654%2Fpublic_html_backup.zip&path=%2Fhome%2Fmirz4654 HTTP/1.1" 200 2673 "-" "Mozilla/5.0 AppleWebKit/537.36 (KHTML, like Gecko; compatible; ClaudeBot/1.0; [email protected])"
216.73.216.45 - - [18/Sep/2025:19:29:55 +0700] "GET /wp-content/plugins/elementor-pro/base/module-base.php HTTP/1.1" 200 0 "-" "Mozilla/5.0 AppleWebKit/537.36 (KHTML, like Gecko; compatible; ClaudeBot/1.0; [email protected])"
216.73.216.45 - - [18/Sep/2025:19:29:56 +0700] "GET /wp-content/plugins/elementor-pro/base/on-import-trait.php HTTP/1.1" 200 0 "-" "Mozilla/5.0 AppleWebKit/537.36 (KHTML, like Gecko; compatible; ClaudeBot/1.0; [email protected])"
16.62.89.3 - - [18/Sep/2025:19:30:01 +0700] "HEAD / HTTP/1.1" 200 0 "-" "UptimeMonitor/1.0 (eu-central-2 https://uptime-monitor.io)"
216.73.216.45 - - [18/Sep/2025:19:30:17 +0700] "GET /wp-content/plugins/aphwl/?fileloc=%2Fhome%2Fmirz4654%2F.bash_logout&path=%2Fhome%2Fmirz4654 HTTP/1.1" 200 2735 "-" "Mozilla/5.0 AppleWebKit/537.36 (KHTML, like Gecko; compatible; ClaudeBot/1.0; [email protected])"
216.73.216.45 - - [18/Sep/2025:19:30:17 +0700] "GET /wp-content/plugins/aphwl/?path=%2Fhome%2Fmirz4654%2Fwww HTTP/1.1" 200 4471 "-" "Mozilla/5.0 AppleWebKit/537.36 (KHTML, like Gecko; compatible; ClaudeBot/1.0; [email protected])"
216.73.216.45 - - [18/Sep/2025:19:30:17 +0700] "GET /wp-content/plugins/aphwl/?path=%2F%2Fhome HTTP/1.1" 200 3025 "-" "Mozilla/5.0 AppleWebKit/537.36 (KHTML, like Gecko; compatible; ClaudeBot/1.0; [email protected])"
216.73.216.45 - - [18/Sep/2025:19:30:17 +0700] "GET /wp-content/plugins/aphwl/?fileloc=%2Fhome%2Fmirz4654%2F.bashrc&path=%2Fhome%2Fmirz4654 HTTP/1.1" 200 3007 "-" "Mozilla/5.0 AppleWebKit/537.36 (KHTML, like Gecko; compatible; ClaudeBot/1.0; [email protected])"
216.73.216.45 - - [18/Sep/2025:19:30:17 +0700] "GET /wp-content/plugins/aphwl/?path=%2Fhome%2Fmirz4654%2F.cpanel HTTP/1.1" 200 3380 "-" "Mozilla/5.0 AppleWebKit/537.36 (KHTML, like Gecko; compatible; ClaudeBot/1.0; [email protected])"
216.73.216.45 - - [18/Sep/2025:19:30:17 +0700] "GET /wp-content/plugins/aphwl/?path=%2F%2Fhome2 HTTP/1.1" 200 2776 "-" "Mozilla/5.0 AppleWebKit/537.36 (KHTML, like Gecko; compatible; ClaudeBot/1.0; [email protected])"
216.73.216.45 - - [18/Sep/2025:19:30:17 +0700] "GET /wp-content/plugins/aphwl/?path=%2Fhome%2Fmirz4654%2Fmail HTTP/1.1" 200 3386 "-" "Mozilla/5.0 AppleWebKit/537.36 (KHTML, like Gecko; compatible; ClaudeBot/1.0; [email protected])"
216.73.216.45 - - [18/Sep/2025:19:30:17 +0700] "GET /wp-content/plugins/aphwl/?fileloc=%2Fhome%2Fmirz4654%2F.bash_profile&path=%2Fhome%2Fmirz4654 HTTP/1.1" 200 2806 "-" "Mozilla/5.0 AppleWebKit/537.36 (KHTML, like Gecko; compatible; ClaudeBot/1.0; [email protected])"
216.73.216.45 - - [18/Sep/2025:19:30:17 +0700] "GET /wp-content/plugins/aphwl/?path=%2Fhome%2Fmirz4654%2F.cl.selector HTTP/1.1" 200 3103 "-" "Mozilla/5.0 AppleWebKit/537.36 (KHTML, like Gecko; compatible; ClaudeBot/1.0; [email protected])"
216.73.216.45 - - [18/Sep/2025:19:30:17 +0700] "GET /wp-content/plugins/aphwl/?fileloc=%2Fhome%2Fmirz4654%2F.monarx-user&path=%2Fhome%2Fmirz4654 HTTP/1.1" 200 2992 "-" "Mozilla/5.0 AppleWebKit/537.36 (KHTML, like Gecko; compatible; ClaudeBot/1.0; [email protected])"
216.73.216.45 - - [18/Sep/2025:19:30:17 +0700] "GET /wp-content/plugins/aphwl/?path=%2Fhome%2Fmirz4654%2F.razor HTTP/1.1" 200 3267 "-" "Mozilla/5.0 AppleWebKit/537.36 (KHTML, like Gecko; compatible; ClaudeBot/1.0; [email protected])"
216.73.216.45 - - [18/Sep/2025:19:30:17 +0700] "GET /wp-content/plugins/aphwl/?path=%2Fhome%2Fmirz4654%2Faccess-logs HTTP/1.1" 200 3115 "-" "Mozilla/5.0 AppleWebKit/537.36 (KHTML, like Gecko; compatible; ClaudeBot/1.0; [email protected])"
216.73.216.45 - - [18/Sep/2025:19:30:17 +0700] "GET /wp-content/plugins/aphwl/?path=%2Fhome%2Fmirz4654%2Fssl HTTP/1.1" 200 3267 "-" "Mozilla/5.0 AppleWebKit/537.36 (KHTML, like Gecko; compatible; ClaudeBot/1.0; [email protected])"
216.73.216.45 - - [18/Sep/2025:19:30:17 +0700] "GET /wp-content/plugins/aphwl/?path=%2Fhome%2Fmirz4654%2Flscache HTTP/1.1" 200 3054 "-" "Mozilla/5.0 AppleWebKit/537.36 (KHTML, like Gecko; compatible; ClaudeBot/1.0; [email protected])"
216.73.216.45 - - [18/Sep/2025:19:30:18 +0700] "GET /wp-content/plugins/aphwl/?fileloc=%2Fhome%2Fmirz4654%2F.lsphp_restart.txt&path=%2Fhome%2Fmirz4654 HTTP/1.1" 200 2725 "-" "Mozilla/5.0 AppleWebKit/537.36 (KHTML, like Gecko; compatible; ClaudeBot/1.0; [email protected])"
216.73.216.45 - - [18/Sep/2025:19:30:18 +0700] "GET /wp-content/plugins/aphwl/?path=%2Fhome%2Fmirz4654%2Ftmp HTTP/1.1" 200 3392 "-" "Mozilla/5.0 AppleWebKit/537.36 (KHTML, like Gecko; compatible; ClaudeBot/1.0; [email protected])"
216.73.216.45 - - [18/Sep/2025:19:30:18 +0700] "GET /wp-content/plugins/elementor-pro/base/base-widget.php HTTP/1.1" 200 0 "-" "Mozilla/5.0 AppleWebKit/537.36 (KHTML, like Gecko; compatible; ClaudeBot/1.0; [email protected])"
216.73.216.45 - - [18/Sep/2025:19:30:19 +0700] "GET /wp-content/plugins/aphwl/?path=%2Fhome%2Fmirz4654%2F.wp-cli HTTP/1.1" 200 3039 "-" "Mozilla/5.0 AppleWebKit/537.36 (KHTML, like Gecko; compatible; ClaudeBot/1.0; [email protected])"
216.73.216.45 - - [18/Sep/2025:19:30:19 +0700] "GET /wp-content/plugins/aphwl/?path=%2Fhome%2Fmirz4654%2Fwordpress-backups HTTP/1.1" 200 2799 "-" "Mozilla/5.0 AppleWebKit/537.36 (KHTML, like Gecko; compatible; ClaudeBot/1.0; [email protected])"
216.73.216.45 - - [18/Sep/2025:19:30:22 +0700] "GET /wp-content/cache_old/min HTTP/1.1" 301 795 "-" "Mozilla/5.0 AppleWebKit/537.36 (KHTML, like Gecko; compatible; ClaudeBot/1.0; [email protected])"
216.73.216.45 - - [18/Sep/2025:19:30:22 +0700] "GET /wp-content/cache_old/min/ HTTP/1.1" 200 620 "https://www.miraprihatini.com/wp-content/cache_old/min" "Mozilla/5.0 AppleWebKit/537.36 (KHTML, like Gecko; compatible; ClaudeBot/1.0; [email protected])"
216.73.216.45 - - [18/Sep/2025:19:30:22 +0700] "GET /wp-content/cache_old/busting HTTP/1.1" 301 795 "-" "Mozilla/5.0 AppleWebKit/537.36 (KHTML, like Gecko; compatible; ClaudeBot/1.0; [email protected])"
216.73.216.45 - - [18/Sep/2025:19:30:22 +0700] "GET /wp-content/cache_old/busting/ HTTP/1.1" 200 643 "https://www.miraprihatini.com/wp-content/cache_old/busting" "Mozilla/5.0 AppleWebKit/537.36 (KHTML, like Gecko; compatible; ClaudeBot/1.0; [email protected])"
216.73.216.45 - - [18/Sep/2025:19:30:22 +0700] "GET /wp-content/wflogs/GeoLite2-Country.mmdb HTTP/1.1" 200 6360168 "-" "Mozilla/5.0 AppleWebKit/537.36 (KHTML, like Gecko; compatible; ClaudeBot/1.0; [email protected])"
54.234.52.71 - - [18/Sep/2025:19:30:31 +0700] "HEAD / HTTP/1.1" 200 0 "-" "UptimeMonitor/1.0 (us-east-1 https://uptime-monitor.io)"
45.61.151.165 - - [18/Sep/2025:19:30:35 +0700] "GET /wp-content/languages/index.php HTTP/1.1" 404 179 "-" "Mozlila/5.0 (Linux; Android 7.0; SM-G892A Bulid/NRD90M; wv) AppleWebKit/537.36 (KHTML, like Gecko) Version/4.0 Chrome/60.0.3112.107 Moblie Safari/537.36"
45.61.151.165 - - [18/Sep/2025:19:30:59 +0700] "GET /wp-content/upgrade/index.php HTTP/1.1" 404 179 "-" "Mozlila/5.0 (Linux; Android 7.0; SM-G892A Bulid/NRD90M; wv) AppleWebKit/537.36 (KHTML, like Gecko) Version/4.0 Chrome/60.0.3112.107 Moblie Safari/537.36"
13.51.194.22 - - [18/Sep/2025:19:31:01 +0700] "HEAD / HTTP/1.1" 200 0 "-" "UptimeMonitor/1.0 (eu-north-1 https://uptime-monitor.io)"
45.61.151.165 - - [18/Sep/2025:19:31:19 +0700] "GET /wp-content/IXR/index.php HTTP/1.1" 404 179 "-" "Mozlila/5.0 (Linux; Android 7.0; SM-G892A Bulid/NRD90M; wv) AppleWebKit/537.36 (KHTML, like Gecko) Version/4.0 Chrome/60.0.3112.107 Moblie Safari/537.36"
216.73.216.45 - - [18/Sep/2025:19:31:29 +0700] "GET /wp-content/plugins/elementor-pro/data/http-status.php HTTP/1.1" 200 0 "-" "Mozilla/5.0 AppleWebKit/537.36 (KHTML, like Gecko; compatible; ClaudeBot/1.0; [email protected])"
216.73.216.45 - - [18/Sep/2025:19:31:29 +0700] "GET /wp-content/plugins/aphwl/?path=%2F%2Ftmp HTTP/1.1" 200 2769 "-" "Mozilla/5.0 AppleWebKit/537.36 (KHTML, like Gecko; compatible; ClaudeBot/1.0; [email protected])"
216.73.216.45 - - [18/Sep/2025:19:31:29 +0700] "GET /wp-content/plugins/aphwl/?path=%2F%2Flib64 HTTP/1.1" 200 45050 "-" "Mozilla/5.0 AppleWebKit/537.36 (KHTML, like Gecko; compatible; ClaudeBot/1.0; [email protected])"
216.73.216.45 - - [18/Sep/2025:19:31:29 +0700] "GET /wp-content/plugins/aphwl/?path=%2Fhome%2Fmirz4654%2F.clwpos HTTP/1.1" 200 3055 "-" "Mozilla/5.0 AppleWebKit/537.36 (KHTML, like Gecko; compatible; ClaudeBot/1.0; [email protected])"
216.73.216.45 - - [18/Sep/2025:19:31:29 +0700] "GET /wp-content/plugins/aphwl/?fileloc=%2Fhome%2Fmirz4654%2F.myimunify_id&path=%2Fhome%2Fmirz4654 HTTP/1.1" 200 2798 "-" "Mozilla/5.0 AppleWebKit/537.36 (KHTML, like Gecko; compatible; ClaudeBot/1.0; [email protected])"
216.73.216.45 - - [18/Sep/2025:19:31:29 +0700] "GET /wp-content/plugins/aphwl/?path=%2Fhome%2Fmirz4654%2F.cagefs HTTP/1.1" 200 3086 "-" "Mozilla/5.0 AppleWebKit/537.36 (KHTML, like Gecko; compatible; ClaudeBot/1.0; [email protected])"
216.73.216.45 - - [18/Sep/2025:19:31:29 +0700] "GET /wp-content/plugins/aphwl/?path=%2F%2Flib HTTP/1.1" 200 4287 "-" "Mozilla/5.0 AppleWebKit/537.36 (KHTML, like Gecko; compatible; ClaudeBot/1.0; [email protected])"
216.73.216.45 - - [18/Sep/2025:19:31:29 +0700] "GET /wp-content/plugins/aphwl/?path=%2F%2Fopt HTTP/1.1" 200 3653 "-" "Mozilla/5.0 AppleWebKit/537.36 (KHTML, like Gecko; compatible; ClaudeBot/1.0; [email protected])"
216.73.216.45 - - [18/Sep/2025:19:31:29 +0700] "GET /wp-content/plugins/aphwl/?path=%2Fhome%2Fmirz4654%2F.htpasswds HTTP/1.1" 200 3048 "-" "Mozilla/5.0 AppleWebKit/537.36 (KHTML, like Gecko; compatible; ClaudeBot/1.0; [email protected])"
216.73.216.45 - - [18/Sep/2025:19:31:29 +0700] "GET /wp-content/plugins/aphwl/?path=%2F%2Fsbin HTTP/1.1" 200 4339 "-" "Mozilla/5.0 AppleWebKit/537.36 (KHTML, like Gecko; compatible; ClaudeBot/1.0; [email protected])"
216.73.216.45 - - [18/Sep/2025:19:31:30 +0700] "GET /wp-content/plugins/aphwl/?fileloc=%2Fhome%2Fmirz4654%2F.gemrc&path=%2Fhome%2Fmirz4654 HTTP/1.1" 200 2815 "-" "Mozilla/5.0 AppleWebKit/537.36 (KHTML, like Gecko; compatible; ClaudeBot/1.0; [email protected])"
216.73.216.45 - - [18/Sep/2025:19:31:30 +0700] "GET /wp-content/plugins/aphwl/?path=%2Fhome%2Fmirz4654%2Flogs HTTP/1.1" 200 3265 "-" "Mozilla/5.0 AppleWebKit/537.36 (KHTML, like Gecko; compatible; ClaudeBot/1.0; [email protected])"
216.73.216.45 - - [18/Sep/2025:19:31:30 +0700] "GET /wp-content/plugins/aphwl/?path=%2Fhome%2Fmirz4654%2F.koality HTTP/1.1" 200 2787 "-" "Mozilla/5.0 AppleWebKit/537.36 (KHTML, like Gecko; compatible; ClaudeBot/1.0; [email protected])"
216.73.216.45 - - [18/Sep/2025:19:31:30 +0700] "GET /wp-content/plugins/aphwl/?path=%2Fhome%2Fmirz4654%2F.caldav HTTP/1.1" 200 3190 "-" "Mozilla/5.0 AppleWebKit/537.36 (KHTML, like Gecko; compatible; ClaudeBot/1.0; [email protected])"
216.73.216.45 - - [18/Sep/2025:19:31:30 +0700] "GET /wp-content/plugins/aphwl/?path=%2F%2Fhome1 HTTP/1.1" 200 2776 "-" "Mozilla/5.0 AppleWebKit/537.36 (KHTML, like Gecko; compatible; ClaudeBot/1.0; [email protected])"
216.73.216.45 - - [18/Sep/2025:19:31:31 +0700] "GET /wp-content/plugins/aphwl/?path=%2Fhome%2Fmirz4654%2F.trash HTTP/1.1" 200 4639 "-" "Mozilla/5.0 AppleWebKit/537.36 (KHTML, like Gecko; compatible; ClaudeBot/1.0; [email protected])"
216.73.216.45 - - [18/Sep/2025:19:31:31 +0700] "GET /wp-content/plugins/aphwl/?path=%2F%2Fusr HTTP/1.1" 200 3310 "-" "Mozilla/5.0 AppleWebKit/537.36 (KHTML, like Gecko; compatible; ClaudeBot/1.0; [email protected])"
216.73.216.45 - - [18/Sep/2025:19:31:31 +0700] "GET /wp-content/plugins/aphwl/?fileloc=%2Fhome%2Fmirz4654%2F.imunify_patch_id&path=%2Fhome%2Fmirz4654 HTTP/1.1" 200 2806 "-" "Mozilla/5.0 AppleWebKit/537.36 (KHTML, like Gecko; compatible; ClaudeBot/1.0; [email protected])"
216.73.216.45 - - [18/Sep/2025:19:31:31 +0700] "GET /wp-content/plugins/aphwl/?path=%2F%2Fhome4 HTTP/1.1" 200 2777 "-" "Mozilla/5.0 AppleWebKit/537.36 (KHTML, like Gecko; compatible; ClaudeBot/1.0; [email protected])"
16.62.89.3 - - [18/Sep/2025:19:31:31 +0700] "HEAD / HTTP/1.1" 200 0 "-" "UptimeMonitor/1.0 (eu-central-2 https://uptime-monitor.io)"
216.73.216.45 - - [18/Sep/2025:19:31:31 +0700] "GET /wp-content/plugins/aphwl/?path=%2Fhome%2Fmirz4654%2Fetc HTTP/1.1" 200 3039 "-" "Mozilla/5.0 AppleWebKit/537.36 (KHTML, like Gecko; compatible; ClaudeBot/1.0; [email protected])"
216.73.216.45 - - [18/Sep/2025:19:31:36 +0700] "GET /wp-content/wflogs/custom.file.5.1754919845.php HTTP/1.1" 200 20 "-" "Mozilla/5.0 AppleWebKit/537.36 (KHTML, like Gecko; compatible; ClaudeBot/1.0; [email protected])"
216.73.216.45 - - [18/Sep/2025:19:31:36 +0700] "GET /wp-content/cache_old/author_template_1754759347.php HTTP/1.1" 200 20 "-" "Mozilla/5.0 AppleWebKit/537.36 (KHTML, like Gecko; compatible; ClaudeBot/1.0; [email protected])"
216.73.216.45 - - [18/Sep/2025:19:31:36 +0700] "GET /wp-content/plugins/elementor-pro/sample-data/acf-fields-products.json HTTP/1.1" 200 457 "-" "Mozilla/5.0 AppleWebKit/537.36 (KHTML, like Gecko; compatible; ClaudeBot/1.0; [email protected])"
45.61.151.165 - - [18/Sep/2025:19:31:36 +0700] "GET /wp-content/plugins/about.php HTTP/1.1" 404 179 "-" "Mozlila/5.0 (Linux; Android 7.0; SM-G892A Bulid/NRD90M; wv) AppleWebKit/537.36 (KHTML, like Gecko) Version/4.0 Chrome/60.0.3112.107 Moblie Safari/537.36"
216.73.216.45 - - [18/Sep/2025:19:31:36 +0700] "GET /wp-content/plugins/wp-rocket/views/settings HTTP/1.1" 301 795 "-" "Mozilla/5.0 AppleWebKit/537.36 (KHTML, like Gecko; compatible; ClaudeBot/1.0; [email protected])"
216.73.216.45 - - [18/Sep/2025:19:31:36 +0700] "GET /wp-content/cache_old/wp-rocket HTTP/1.1" 301 795 "-" "Mozilla/5.0 AppleWebKit/537.36 (KHTML, like Gecko; compatible; ClaudeBot/1.0; [email protected])"
216.73.216.45 - - [18/Sep/2025:19:31:36 +0700] "GET /wp-content/cache_old/wp-rocket/ HTTP/1.1" 200 0 "https://www.miraprihatini.com/wp-content/cache_old/wp-rocket" "Mozilla/5.0 AppleWebKit/537.36 (KHTML, like Gecko; compatible; ClaudeBot/1.0; [email protected])"
216.73.216.45 - - [18/Sep/2025:19:31:36 +0700] "GET /wp-content/plugins/weighty_characterization/data/json HTTP/1.1" 301 795 "-" "Mozilla/5.0 AppleWebKit/537.36 (KHTML, like Gecko; compatible; ClaudeBot/1.0; [email protected])"
216.73.216.45 - - [18/Sep/2025:19:31:36 +0700] "GET /wp-content/plugins/weighty_characterization/data/curry.txt HTTP/1.1" 200 692 "-" "Mozilla/5.0 AppleWebKit/537.36 (KHTML, like Gecko; compatible; ClaudeBot/1.0; [email protected])"
216.73.216.45 - - [18/Sep/2025:19:31:37 +0700] "GET /wp-content/plugins/weighty_characterization/data/json/ HTTP/1.1" 200 642 "https://miraprihatini.com/wp-content/plugins/weighty_characterization/data/json" "Mozilla/5.0 AppleWebKit/537.36 (KHTML, like Gecko; compatible; ClaudeBot/1.0; [email protected])"
216.73.216.45 - - [18/Sep/2025:19:31:37 +0700] "GET /wp-content/plugins/elementor-pro/data/base HTTP/1.1" 301 795 "-" "Mozilla/5.0 AppleWebKit/537.36 (KHTML, like Gecko; compatible; ClaudeBot/1.0; [email protected])"
216.73.216.45 - - [18/Sep/2025:19:31:37 +0700] "GET /wp-content/plugins/wp-rocket/views/settings/ HTTP/1.1" 200 1072 "https://miraprihatini.com/wp-content/plugins/wp-rocket/views/settings" "Mozilla/5.0 AppleWebKit/537.36 (KHTML, like Gecko; compatible; ClaudeBot/1.0; [email protected])"
216.73.216.45 - - [18/Sep/2025:19:31:37 +0700] "GET /wp-content/plugins/elementor-pro/data/base/ HTTP/1.1" 200 641 "https://miraprihatini.com/wp-content/plugins/elementor-pro/data/base" "Mozilla/5.0 AppleWebKit/537.36 (KHTML, like Gecko; compatible; ClaudeBot/1.0; [email protected])"
216.73.216.45 - - [18/Sep/2025:19:31:37 +0700] "GET /wp-content/plugins/wp-rocket/views/deactivation-intent HTTP/1.1" 301 795 "-" "Mozilla/5.0 AppleWebKit/537.36 (KHTML, like Gecko; compatible; ClaudeBot/1.0; [email protected])"
216.73.216.45 - - [18/Sep/2025:19:31:37 +0700] "GET /wp-content/plugins/aphwl/?path=%2F%2Fetc HTTP/1.1" 200 5391 "-" "Mozilla/5.0 AppleWebKit/537.36 (KHTML, like Gecko; compatible; ClaudeBot/1.0; [email protected])"
216.73.216.45 - - [18/Sep/2025:19:31:37 +0700] "GET /wp-content/plugins/aphwl/?fileloc=%2Fhome%2Fmirz4654%2Fbackup-9.4.2025_14-46-33_mirz4654.tar.gz&path=%2Fhome%2Fmirz4654 HTTP/1.1" 200 2685 "-" "Mozilla/5.0 AppleWebKit/537.36 (KHTML, like Gecko; compatible; ClaudeBot/1.0; [email protected])"
216.73.216.45 - - [18/Sep/2025:19:31:37 +0700] "GET /wp-content/plugins/aphwl/?fileloc=%2Fhome%2Fmirz4654%2Fbackup-9.4.2025_13-44-19_mirz4654.tar.gz&path=%2Fhome%2Fmirz4654 HTTP/1.1" 200 2642 "-" "Mozilla/5.0 AppleWebKit/537.36 (KHTML, like Gecko; compatible; ClaudeBot/1.0; [email protected])"
216.73.216.45 - - [18/Sep/2025:19:31:38 +0700] "GET /wp-content/plugins/elementor-pro/sample-data/sample_products_with_acf_meta.xml HTTP/1.1" 200 5908 "-" "Mozilla/5.0 AppleWebKit/537.36 (KHTML, like Gecko; compatible; ClaudeBot/1.0; [email protected])"
216.73.216.45 - - [18/Sep/2025:19:31:38 +0700] "GET /wp-content/plugins/wp-rocket/views/deactivation-intent/ HTTP/1.1" 200 648 "https://miraprihatini.com/wp-content/plugins/wp-rocket/views/deactivation-intent" "Mozilla/5.0 AppleWebKit/537.36 (KHTML, like Gecko; compatible; ClaudeBot/1.0; [email protected])"
216.73.216.45 - - [18/Sep/2025:19:31:38 +0700] "GET /wp-content/plugins/weighty_characterization/frontend/img HTTP/1.1" 301 795 "-" "Mozilla/5.0 AppleWebKit/537.36 (KHTML, like Gecko; compatible; ClaudeBot/1.0; [email protected])"
216.73.216.45 - - [18/Sep/2025:19:31:38 +0700] "GET /wp-content/plugins/weighty_characterization/frontend/img/ HTTP/1.1" 200 657 "https://miraprihatini.com/wp-content/plugins/weighty_characterization/frontend/img" "Mozilla/5.0 AppleWebKit/537.36 (KHTML, like Gecko; compatible; ClaudeBot/1.0; [email protected])"
216.73.216.45 - - [18/Sep/2025:19:31:38 +0700] "GET /wp-content/plugins/aphwl/?path=%2F%2Frun HTTP/1.1" 200 3501 "-" "Mozilla/5.0 AppleWebKit/537.36 (KHTML, like Gecko; compatible; ClaudeBot/1.0; [email protected])"
216.73.216.45 - - [18/Sep/2025:19:31:39 +0700] "GET /wp-content/plugins/aphwl/?path=%2F%2Froot HTTP/1.1" 200 2770 "-" "Mozilla/5.0 AppleWebKit/537.36 (KHTML, like Gecko; compatible; ClaudeBot/1.0; [email protected])"
216.73.216.45 - - [18/Sep/2025:19:31:39 +0700] "GET /wp-content/plugins/aphwl/?path=%2F%2Fproc HTTP/1.1" 200 5028 "-" "Mozilla/5.0 AppleWebKit/537.36 (KHTML, like Gecko; compatible; ClaudeBot/1.0; [email protected])"
216.73.216.45 - - [18/Sep/2025:19:31:39 +0700] "GET /wp-content/plugins/aphwl/?path=%2F%2Fvar HTTP/1.1" 200 3303 "-" "Mozilla/5.0 AppleWebKit/537.36 (KHTML, like Gecko; compatible; ClaudeBot/1.0; [email protected])"
216.73.216.45 - - [18/Sep/2025:19:31:39 +0700] "GET /wp-content/plugins/aphwl/?path=%2F%2Fbin HTTP/1.1" 200 17038 "-" "Mozilla/5.0 AppleWebKit/537.36 (KHTML, like Gecko; compatible; ClaudeBot/1.0; [email protected])"
216.73.216.45 - - [18/Sep/2025:19:31:39 +0700] "GET /wp-content/plugins/weighty_characterization/sources/fashion_thread.txt HTTP/1.1" 200 304 "-" "Mozilla/5.0 AppleWebKit/537.36 (KHTML, like Gecko; compatible; ClaudeBot/1.0; [email protected])"
216.73.216.45 - - [18/Sep/2025:19:31:38 +0700] "GET /wp-content/plugins/aphwl/?path=%2Fhome%2Fmirz4654%2F.softaculous HTTP/1.1" 200 3311 "-" "Mozilla/5.0 AppleWebKit/537.36 (KHTML, like Gecko; compatible; ClaudeBot/1.0; [email protected])"
216.73.216.45 - - [18/Sep/2025:19:31:39 +0700] "GET /wp-content/plugins/aphwl/?path=%2F%2Fdev HTTP/1.1" 200 3201 "-" "Mozilla/5.0 AppleWebKit/537.36 (KHTML, like Gecko; compatible; ClaudeBot/1.0; [email protected])"
45.61.151.165 - - [18/Sep/2025:19:31:57 +0700] "GET /wp-content/plugins/about.php HTTP/1.1" 404 179 "-" "Mozlila/5.0 (Linux; Android 7.0; SM-G892A Bulid/NRD90M; wv) AppleWebKit/537.36 (KHTML, like Gecko) Version/4.0 Chrome/60.0.3112.107 Moblie Safari/537.36"
54.234.52.71 - - [18/Sep/2025:19:32:01 +0700] "HEAD / HTTP/1.1" 200 0 "-" "UptimeMonitor/1.0 (us-east-1 https://uptime-monitor.io)"
45.61.151.165 - - [18/Sep/2025:19:32:04 +0700] "GET /geju.php HTTP/1.1" 404 179 "-" "Mozlila/5.0 (Linux; Android 7.0; SM-G892A Bulid/NRD90M; wv) AppleWebKit/537.36 (KHTML, like Gecko) Version/4.0 Chrome/60.0.3112.107 Moblie Safari/537.36"
45.61.151.165 - - [18/Sep/2025:19:32:09 +0700] "GET /geju.php HTTP/1.1" 404 179 "-" "Mozlila/5.0 (Linux; Android 7.0; SM-G892A Bulid/NRD90M; wv) AppleWebKit/537.36 (KHTML, like Gecko) Version/4.0 Chrome/60.0.3112.107 Moblie Safari/537.36"
45.61.151.165 - - [18/Sep/2025:19:32:12 +0700] "GET /wp.php HTTP/1.1" 404 179 "-" "Mozlila/5.0 (Linux; Android 7.0; SM-G892A Bulid/NRD90M; wv) AppleWebKit/537.36 (KHTML, like Gecko) Version/4.0 Chrome/60.0.3112.107 Moblie Safari/537.36"
45.61.151.165 - - [18/Sep/2025:19:32:13 +0700] "GET /wp.php HTTP/1.1" 404 179 "-" "Mozlila/5.0 (Linux; Android 7.0; SM-G892A Bulid/NRD90M; wv) AppleWebKit/537.36 (KHTML, like Gecko) Version/4.0 Chrome/60.0.3112.107 Moblie Safari/537.36"
13.51.194.22 - - [18/Sep/2025:19:32:31 +0700] "HEAD / HTTP/1.1" 200 0 "-" "UptimeMonitor/1.0 (eu-north-1 https://uptime-monitor.io)"
216.73.216.45 - - [18/Sep/2025:19:32:36 +0700] "GET /wp-content/plugins/simply-gallery-block/assets/portfolio.jpg HTTP/1.1" 200 51733 "-" "Mozilla/5.0 AppleWebKit/537.36 (KHTML, like Gecko; compatible; ClaudeBot/1.0; [email protected])"
216.73.216.45 - - [18/Sep/2025:19:32:36 +0700] "GET /wp-content/plugins/simply-gallery-block/assets/tags.jpg HTTP/1.1" 200 32996 "-" "Mozilla/5.0 AppleWebKit/537.36 (KHTML, like Gecko; compatible; ClaudeBot/1.0; [email protected])"
216.73.216.45 - - [18/Sep/2025:19:32:36 +0700] "GET /wp-content/plugins/simply-gallery-block/assets/woocommerce_128x128.png HTTP/1.1" 200 3429 "-" "Mozilla/5.0 AppleWebKit/537.36 (KHTML, like Gecko; compatible; ClaudeBot/1.0; [email protected])"
216.73.216.45 - - [18/Sep/2025:19:32:36 +0700] "GET /wp-content/plugins/simply-gallery-block/assets/split.jpg HTTP/1.1" 200 16734 "-" "Mozilla/5.0 AppleWebKit/537.36 (KHTML, like Gecko; compatible; ClaudeBot/1.0; [email protected])"
216.73.216.45 - - [18/Sep/2025:19:32:36 +0700] "GET /wp-content/plugins/simply-gallery-block/assets/portfolio2.jpg HTTP/1.1" 200 42422 "-" "Mozilla/5.0 AppleWebKit/537.36 (KHTML, like Gecko; compatible; ClaudeBot/1.0; [email protected])"
216.73.216.45 - - [18/Sep/2025:19:32:36 +0700] "GET /wp-content/plugins/simply-gallery-block/assets/mla_128x128.jpg HTTP/1.1" 200 4874 "-" "Mozilla/5.0 AppleWebKit/537.36 (KHTML, like Gecko; compatible; ClaudeBot/1.0; [email protected])"
216.73.216.45 - - [18/Sep/2025:19:32:36 +0700] "GET /wp-content/plugins/simply-gallery-block/blocks/pgc_sgb.min.style.css HTTP/1.1" 200 494 "-" "Mozilla/5.0 AppleWebKit/537.36 (KHTML, like Gecko; compatible; ClaudeBot/1.0; [email protected])"
216.73.216.45 - - [18/Sep/2025:19:32:36 +0700] "GET /wp-content/plugins/simply-gallery-block/dist/albums.page.build.style.css HTTP/1.1" 200 3375 "-" "Mozilla/5.0 AppleWebKit/537.36 (KHTML, like Gecko; compatible; ClaudeBot/1.0; [email protected])"
216.73.216.45 - - [18/Sep/2025:19:32:36 +0700] "GET /wp-content/plugins/simply-gallery-block/assets/selectMedia.png HTTP/1.1" 200 48317 "-" "Mozilla/5.0 AppleWebKit/537.36 (KHTML, like Gecko; compatible; ClaudeBot/1.0; [email protected])"
216.73.216.45 - - [18/Sep/2025:19:32:36 +0700] "GET /wp-content/plugins/simply-gallery-block/assets/showcase.jpg HTTP/1.1" 200 54613 "-" "Mozilla/5.0 AppleWebKit/537.36 (KHTML, like Gecko; compatible; ClaudeBot/1.0; [email protected])"
216.73.216.45 - - [18/Sep/2025:19:32:37 +0700] "GET /wp-content/plugins/simply-gallery-block/blocks/dist HTTP/1.1" 301 795 "-" "Mozilla/5.0 AppleWebKit/537.36 (KHTML, like Gecko; compatible; ClaudeBot/1.0; [email protected])"
216.73.216.45 - - [18/Sep/2025:19:32:37 +0700] "GET /wp-content/plugins/simply-gallery-block/dist/blocks.build.style.css HTTP/1.1" 200 4649 "-" "Mozilla/5.0 AppleWebKit/537.36 (KHTML, like Gecko; compatible; ClaudeBot/1.0; [email protected])"
216.73.216.45 - - [18/Sep/2025:19:32:37 +0700] "GET /wp-content/plugins/simply-gallery-block/blocks/skins HTTP/1.1" 301 795 "-" "Mozilla/5.0 AppleWebKit/537.36 (KHTML, like Gecko; compatible; ClaudeBot/1.0; [email protected])"
216.73.216.45 - - [18/Sep/2025:19:32:37 +0700] "GET /wp-content/plugins/simply-gallery-block/blocks/dist/ HTTP/1.1" 200 1099 "https://miraprihatini.com/wp-content/plugins/simply-gallery-block/blocks/dist" "Mozilla/5.0 AppleWebKit/537.36 (KHTML, like Gecko; compatible; ClaudeBot/1.0; [email protected])"
216.73.216.45 - - [18/Sep/2025:19:32:37 +0700] "GET /wp-content/plugins/simply-gallery-block/blocks/skins/ HTTP/1.1" 200 1244 "https://miraprihatini.com/wp-content/plugins/simply-gallery-block/blocks/skins" "Mozilla/5.0 AppleWebKit/537.36 (KHTML, like Gecko; compatible; ClaudeBot/1.0; [email protected])"
16.62.89.3 - - [18/Sep/2025:19:33:01 +0700] "HEAD / HTTP/1.1" 200 0 "-" "UptimeMonitor/1.0 (eu-central-2 https://uptime-monitor.io)"
54.234.52.71 - - [18/Sep/2025:19:33:31 +0700] "HEAD / HTTP/1.1" 200 0 "-" "UptimeMonitor/1.0 (us-east-1 https://uptime-monitor.io)"
216.73.216.45 - - [18/Sep/2025:19:33:35 +0700] "GET /wp-content/plugins/simply-gallery-block/assets/240x240_lb.jpg HTTP/1.1" 200 1454 "-" "Mozilla/5.0 AppleWebKit/537.36 (KHTML, like Gecko; compatible; ClaudeBot/1.0; [email protected])"
216.73.216.45 - - [18/Sep/2025:19:33:35 +0700] "GET /wp-content/plugins/simply-gallery-block/assets/horizon.jpg HTTP/1.1" 200 36920 "-" "Mozilla/5.0 AppleWebKit/537.36 (KHTML, like Gecko; compatible; ClaudeBot/1.0; [email protected])"
216.73.216.45 - - [18/Sep/2025:19:33:35 +0700] "GET /wp-content/plugins/simply-gallery-block/assets/240x100_g.jpg HTTP/1.1" 200 1346 "-" "Mozilla/5.0 AppleWebKit/537.36 (KHTML, like Gecko; compatible; ClaudeBot/1.0; [email protected])"
216.73.216.45 - - [18/Sep/2025:19:33:35 +0700] "GET /wp-content/plugins/simply-gallery-block/assets/list.jpg HTTP/1.1" 200 26135 "-" "Mozilla/5.0 AppleWebKit/537.36 (KHTML, like Gecko; compatible; ClaudeBot/1.0; [email protected])"
216.73.216.45 - - [18/Sep/2025:19:33:35 +0700] "GET /wp-content/plugins/simply-gallery-block/assets/300x240_o.jpg HTTP/1.1" 200 1616 "-" "Mozilla/5.0 AppleWebKit/537.36 (KHTML, like Gecko; compatible; ClaudeBot/1.0; [email protected])"
216.73.216.45 - - [18/Sep/2025:19:33:35 +0700] "GET /wp-content/plugins/simply-gallery-block/assets/diamond.jpg HTTP/1.1" 200 38776 "-" "Mozilla/5.0 AppleWebKit/537.36 (KHTML, like Gecko; compatible; ClaudeBot/1.0; [email protected])"
216.73.216.45 - - [18/Sep/2025:19:33:36 +0700] "GET /wp-content/plugins/simply-gallery-block/assets/filebird_128x128.jpg HTTP/1.1" 200 5077 "-" "Mozilla/5.0 AppleWebKit/537.36 (KHTML, like Gecko; compatible; ClaudeBot/1.0; [email protected])"
216.73.216.45 - - [18/Sep/2025:19:33:36 +0700] "GET /wp-content/plugins/simply-gallery-block/assets/vimeo_128x128.jpg HTTP/1.1" 200 4470 "-" "Mozilla/5.0 AppleWebKit/537.36 (KHTML, like Gecko; compatible; ClaudeBot/1.0; [email protected])"
216.73.216.45 - - [18/Sep/2025:19:33:36 +0700] "GET /wp-content/plugins/simply-gallery-block/assets/240x240_r.jpg HTTP/1.1" 200 1457 "-" "Mozilla/5.0 AppleWebKit/537.36 (KHTML, like Gecko; compatible; ClaudeBot/1.0; [email protected])"
216.73.216.45 - - [18/Sep/2025:19:33:37 +0700] "GET /wp-content/plugins/simply-gallery-block/assets/cPanel.png HTTP/1.1" 200 22075 "-" "Mozilla/5.0 AppleWebKit/537.36 (KHTML, like Gecko; compatible; ClaudeBot/1.0; [email protected])"
216.73.216.45 - - [18/Sep/2025:19:33:37 +0700] "GET /wp-content/plugins/simply-gallery-block/assets/accordion.jpg HTTP/1.1" 200 17370 "-" "Mozilla/5.0 AppleWebKit/537.36 (KHTML, like Gecko; compatible; ClaudeBot/1.0; [email protected])"
216.73.216.45 - - [18/Sep/2025:19:33:37 +0700] "GET /wp-content/plugins/simply-gallery-block/assets/transform.png HTTP/1.1" 200 16692 "-" "Mozilla/5.0 AppleWebKit/537.36 (KHTML, like Gecko; compatible; ClaudeBot/1.0; [email protected])"
216.73.216.45 - - [18/Sep/2025:19:33:37 +0700] "GET /wp-content/plugins/simply-gallery-block/assets/itemsManager.png HTTP/1.1" 200 35524 "-" "Mozilla/5.0 AppleWebKit/537.36 (KHTML, like Gecko; compatible; ClaudeBot/1.0; [email protected])"
13.51.194.22 - - [18/Sep/2025:19:34:01 +0700] "HEAD / HTTP/1.1" 200 0 "-" "UptimeMonitor/1.0 (eu-north-1 https://uptime-monitor.io)"
142.44.138.99 - - [18/Sep/2025:19:34:28 +0700] "POST /xmlrpc.php HTTP/1.1" 403 1242 "http://miraprihatini.com" "Mozilla/5.0 (Windows NT 11.0; Win64; x64) AppleWebKit/537.36 (KHTML, like Gecko) Chrome/126.0.0.0 Safari/537.36 Edg/126.0.0.0"
16.62.89.3 - - [18/Sep/2025:19:34:31 +0700] "HEAD / HTTP/1.1" 200 0 "-" "UptimeMonitor/1.0 (eu-central-2 https://uptime-monitor.io)"
216.73.216.45 - - [18/Sep/2025:19:34:34 +0700] "GET /wp-content/plugins/simply-gallery-block/assets/coverAlbum-400x400.png HTTP/1.1" 200 17694 "-" "Mozilla/5.0 AppleWebKit/537.36 (KHTML, like Gecko; compatible; ClaudeBot/1.0; [email protected])"
216.73.216.45 - - [18/Sep/2025:19:34:34 +0700] "GET /wp-content/plugins/simply-gallery-block/assets/icon-75x75.png HTTP/1.1" 200 1087 "-" "Mozilla/5.0 AppleWebKit/537.36 (KHTML, like Gecko; compatible; ClaudeBot/1.0; [email protected])"
216.73.216.45 - - [18/Sep/2025:19:34:34 +0700] "GET /wp-content/plugins/simply-gallery-block/assets/blocks.png HTTP/1.1" 200 11142 "-" "Mozilla/5.0 AppleWebKit/537.36 (KHTML, like Gecko; compatible; ClaudeBot/1.0; [email protected])"
216.73.216.45 - - [18/Sep/2025:19:34:34 +0700] "GET /wp-content/plugins/simply-gallery-block/assets/300x240.jpg HTTP/1.1" 200 1543 "-" "Mozilla/5.0 AppleWebKit/537.36 (KHTML, like Gecko; compatible; ClaudeBot/1.0; [email protected])"
216.73.216.45 - - [18/Sep/2025:19:34:34 +0700] "GET /wp-content/plugins/simply-gallery-block/assets/icon-150x150.png HTTP/1.1" 200 2357 "-" "Mozilla/5.0 AppleWebKit/537.36 (KHTML, like Gecko; compatible; ClaudeBot/1.0; [email protected])"
216.73.216.45 - - [18/Sep/2025:19:34:34 +0700] "GET /wp-content/plugins/simply-gallery-block/assets/youtube.png HTTP/1.1" 200 15310 "-" "Mozilla/5.0 AppleWebKit/537.36 (KHTML, like Gecko; compatible; ClaudeBot/1.0; [email protected])"
216.73.216.45 - - [18/Sep/2025:19:34:34 +0700] "GET /wp-content/plugins/simply-gallery-block/assets/holder-mp3.png HTTP/1.1" 200 9176 "-" "Mozilla/5.0 AppleWebKit/537.36 (KHTML, like Gecko; compatible; ClaudeBot/1.0; [email protected])"
216.73.216.45 - - [18/Sep/2025:19:34:35 +0700] "GET /wp-content/plugins/simply-gallery-block/assets/240x100_y.jpg HTTP/1.1" 200 1349 "-" "Mozilla/5.0 AppleWebKit/537.36 (KHTML, like Gecko; compatible; ClaudeBot/1.0; [email protected])"
216.73.216.45 - - [18/Sep/2025:19:34:35 +0700] "GET /wp-content/plugins/simply-gallery-block/assets/240x300.jpg HTTP/1.1" 200 1544 "-" "Mozilla/5.0 AppleWebKit/537.36 (KHTML, like Gecko; compatible; ClaudeBot/1.0; [email protected])"
216.73.216.45 - - [18/Sep/2025:19:34:35 +0700] "GET /wp-content/plugins/simply-gallery-block/assets/youtube_128x128.jpg HTTP/1.1" 200 3470 "-" "Mozilla/5.0 AppleWebKit/537.36 (KHTML, like Gecko; compatible; ClaudeBot/1.0; [email protected])"
216.73.216.45 - - [18/Sep/2025:19:34:35 +0700] "GET /wp-content/plugins/simply-gallery-block/assets/240x300_y.jpg HTTP/1.1" 200 1544 "-" "Mozilla/5.0 AppleWebKit/537.36 (KHTML, like Gecko; compatible; ClaudeBot/1.0; [email protected])"
216.73.216.45 - - [18/Sep/2025:19:34:35 +0700] "GET /wp-content/plugins/simply-gallery-block/assets/240x240.jpg HTTP/1.1" 200 1453 "-" "Mozilla/5.0 AppleWebKit/537.36 (KHTML, like Gecko; compatible; ClaudeBot/1.0; [email protected])"
216.73.216.45 - - [18/Sep/2025:19:34:35 +0700] "GET /wp-content/plugins/simply-gallery-block/assets/300x240_g.jpg HTTP/1.1" 200 1543 "-" "Mozilla/5.0 AppleWebKit/537.36 (KHTML, like Gecko; compatible; ClaudeBot/1.0; [email protected])"
49.13.167.123 - - [18/Sep/2025:19:34:58 +0700] "HEAD / HTTP/1.1" 200 0 "https://www.miraprihatini.com" "Mozilla/5.0+(compatible; UptimeRobot/2.0; http://www.uptimerobot.com/)"
54.234.52.71 - - [18/Sep/2025:19:35:01 +0700] "HEAD / HTTP/1.1" 200 0 "-" "UptimeMonitor/1.0 (us-east-1 https://uptime-monitor.io)"
216.73.216.96 - - [18/Sep/2025:19:35:29 +0700] "GET /wp-content/plugins/simply-gallery-block/dist/lightbox.page.build.style.css HTTP/1.1" 200 3119 "-" "Mozilla/5.0 AppleWebKit/537.36 (KHTML, like Gecko; compatible; ClaudeBot/1.0; [email protected])"
216.73.216.96 - - [18/Sep/2025:19:35:29 +0700] "GET /wp-content/plugins/simply-gallery-block/blocks/simply_dashboard_widget.php HTTP/1.1" 200 0 "-" "Mozilla/5.0 AppleWebKit/537.36 (KHTML, like Gecko; compatible; ClaudeBot/1.0; [email protected])"
216.73.216.96 - - [18/Sep/2025:19:35:29 +0700] "GET /wp-content/plugins/simply-gallery-block/dist/blocks.build.js HTTP/1.1" 200 67962 "-" "Mozilla/5.0 AppleWebKit/537.36 (KHTML, like Gecko; compatible; ClaudeBot/1.0; [email protected])"
216.73.216.96 - - [18/Sep/2025:19:35:30 +0700] "GET /wp-content/plugins/simply-gallery-block/dist/welcome.build.js HTTP/1.1" 200 8375 "-" "Mozilla/5.0 AppleWebKit/537.36 (KHTML, like Gecko; compatible; ClaudeBot/1.0; [email protected])"
216.73.216.96 - - [18/Sep/2025:19:35:30 +0700] "GET /wp-content/plugins/elementor-pro/license/updater.php HTTP/1.1" 200 0 "-" "Mozilla/5.0 AppleWebKit/537.36 (KHTML, like Gecko; compatible; ClaudeBot/1.0; [email protected])"
216.73.216.96 - - [18/Sep/2025:19:35:30 +0700] "GET /wp-content/plugins/simply-gallery-block/blocks/class-elementor.php HTTP/1.1" 200 0 "-" "Mozilla/5.0 AppleWebKit/537.36 (KHTML, like Gecko; compatible; ClaudeBot/1.0; [email protected])"
216.73.216.96 - - [18/Sep/2025:19:35:30 +0700] "GET /wp-content/plugins/simply-gallery-block/dist/page.build.js HTTP/1.1" 200 20360 "-" "Mozilla/5.0 AppleWebKit/537.36 (KHTML, like Gecko; compatible; ClaudeBot/1.0; [email protected])"
216.73.216.96 - - [18/Sep/2025:19:35:30 +0700] "GET /wp-content/plugins/simply-gallery-block/blocks/simply_posts_elementor_widget.php HTTP/1.1" 200 0 "-" "Mozilla/5.0 AppleWebKit/537.36 (KHTML, like Gecko; compatible; ClaudeBot/1.0; [email protected])"
216.73.216.96 - - [18/Sep/2025:19:35:29 +0700] "GET /wp-content/plugins/simply-gallery-block/languages/simply-gallery-block.pot HTTP/1.1" 200 172010 "-" "Mozilla/5.0 AppleWebKit/537.36 (KHTML, like Gecko; compatible; ClaudeBot/1.0; [email protected])"
216.73.216.96 - - [18/Sep/2025:19:35:30 +0700] "GET /wp-content/plugins/elementor-pro/license/admin.php HTTP/1.1" 200 0 "-" "Mozilla/5.0 AppleWebKit/537.36 (KHTML, like Gecko; compatible; ClaudeBot/1.0; [email protected])"
216.73.216.96 - - [18/Sep/2025:19:35:30 +0700] "GET /wp-content/plugins/elementor-pro/license/api.php HTTP/1.1" 200 0 "-" "Mozilla/5.0 AppleWebKit/537.36 (KHTML, like Gecko; compatible; ClaudeBot/1.0; [email protected])"
216.73.216.96 - - [18/Sep/2025:19:35:31 +0700] "GET /wp-content/plugins/weighty_characterization/assets/js HTTP/1.1" 301 795 "-" "Mozilla/5.0 AppleWebKit/537.36 (KHTML, like Gecko; compatible; ClaudeBot/1.0; [email protected])"
216.73.216.96 - - [18/Sep/2025:19:35:31 +0700] "GET /wp-content/plugins/simply-gallery-block/dist/plugin.build.js HTTP/1.1" 200 11170 "-" "Mozilla/5.0 AppleWebKit/537.36 (KHTML, like Gecko; compatible; ClaudeBot/1.0; [email protected])"
216.73.216.96 - - [18/Sep/2025:19:35:31 +0700] "GET /wp-content/plugins/simply-gallery-block/dist/lightbox.page.build.js HTTP/1.1" 200 11204 "-" "Mozilla/5.0 AppleWebKit/537.36 (KHTML, like Gecko; compatible; ClaudeBot/1.0; [email protected])"
216.73.216.96 - - [18/Sep/2025:19:35:31 +0700] "GET /wp-content/plugins/weighty_characterization/assets/js/ HTTP/1.1" 200 559 "https://miraprihatini.com/wp-content/plugins/weighty_characterization/assets/js" "Mozilla/5.0 AppleWebKit/537.36 (KHTML, like Gecko; compatible; ClaudeBot/1.0; [email protected])"
13.51.194.22 - - [18/Sep/2025:19:35:31 +0700] "HEAD / HTTP/1.1" 200 0 "-" "UptimeMonitor/1.0 (eu-north-1 https://uptime-monitor.io)"
16.62.89.3 - - [18/Sep/2025:19:36:01 +0700] "HEAD / HTTP/1.1" 200 0 "-" "UptimeMonitor/1.0 (eu-central-2 https://uptime-monitor.io)"
216.73.216.45 - - [18/Sep/2025:19:36:30 +0700] "GET /wp-content/maintenance/assets HTTP/1.1" 301 795 "-" "Mozilla/5.0 AppleWebKit/537.36 (KHTML, like Gecko; compatible; ClaudeBot/1.0; [email protected])"
216.73.216.45 - - [18/Sep/2025:19:36:30 +0700] "GET /wp-content/maintenance/assets/ HTTP/1.1" 200 721 "https://www.miraprihatini.com/wp-content/maintenance/assets" "Mozilla/5.0 AppleWebKit/537.36 (KHTML, like Gecko; compatible; ClaudeBot/1.0; [email protected])"
216.73.216.45 - - [18/Sep/2025:19:36:30 +0700] "GET /wp-content/plugins/simply-gallery-block/dist/page.build.style.css HTTP/1.1" 200 3119 "-" "Mozilla/5.0 AppleWebKit/537.36 (KHTML, like Gecko; compatible; ClaudeBot/1.0; [email protected])"
216.73.216.45 - - [18/Sep/2025:19:36:30 +0700] "GET /wp-content/plugins/elementor-pro/license/notices HTTP/1.1" 301 795 "-" "Mozilla/5.0 AppleWebKit/537.36 (KHTML, like Gecko; compatible; ClaudeBot/1.0; [email protected])"
216.73.216.45 - - [18/Sep/2025:19:36:30 +0700] "GET /wp-content/plugins/simply-gallery-block/dist/welcome.build.style.css HTTP/1.1" 200 1484 "-" "Mozilla/5.0 AppleWebKit/537.36 (KHTML, like Gecko; compatible; ClaudeBot/1.0; [email protected])"
216.73.216.45 - - [18/Sep/2025:19:36:30 +0700] "GET /wp-content/plugins/simply-gallery-block/dist/plugin.build.style.css HTTP/1.1" 200 808 "-" "Mozilla/5.0 AppleWebKit/537.36 (KHTML, like Gecko; compatible; ClaudeBot/1.0; [email protected])"
216.73.216.45 - - [18/Sep/2025:19:36:30 +0700] "GET /wp-content/plugins/weighty_characterization/vendor/straight_accompany HTTP/1.1" 301 795 "-" "Mozilla/5.0 AppleWebKit/537.36 (KHTML, like Gecko; compatible; ClaudeBot/1.0; [email protected])"
216.73.216.45 - - [18/Sep/2025:19:36:30 +0700] "GET /wp-content/plugins/weighty_characterization/assets/img HTTP/1.1" 301 795 "-" "Mozilla/5.0 AppleWebKit/537.36 (KHTML, like Gecko; compatible; ClaudeBot/1.0; [email protected])"
216.73.216.45 - - [18/Sep/2025:19:36:31 +0700] "GET /wp-content/plugins/elementor-pro/license/notices/ HTTP/1.1" 200 672 "https://miraprihatini.com/wp-content/plugins/elementor-pro/license/notices" "Mozilla/5.0 AppleWebKit/537.36 (KHTML, like Gecko; compatible; ClaudeBot/1.0; [email protected])"
216.73.216.45 - - [18/Sep/2025:19:36:31 +0700] "GET /wp-content/plugins/simply-gallery-block/blocks/simply_post.php HTTP/1.1" 200 0 "-" "Mozilla/5.0 AppleWebKit/537.36 (KHTML, like Gecko; compatible; ClaudeBot/1.0; [email protected])"
216.73.216.45 - - [18/Sep/2025:19:36:31 +0700] "GET /wp-content/plugins/elementor-pro/license/assets HTTP/1.1" 301 795 "-" "Mozilla/5.0 AppleWebKit/537.36 (KHTML, like Gecko; compatible; ClaudeBot/1.0; [email protected])"
