File: /home/mirz4654/access-logs/miraprihatini.com
16.62.89.3 - - [18/Sep/2025:19:10:31 +0700] "HEAD / HTTP/1.1" 200 0 "-" "UptimeMonitor/1.0 (eu-central-2 https://uptime-monitor.io)"
54.234.52.71 - - [18/Sep/2025:19:11:01 +0700] "HEAD / HTTP/1.1" 200 0 "-" "UptimeMonitor/1.0 (us-east-1 https://uptime-monitor.io)"
13.51.194.22 - - [18/Sep/2025:19:11:31 +0700] "HEAD / HTTP/1.1" 200 0 "-" "UptimeMonitor/1.0 (eu-north-1 https://uptime-monitor.io)"
16.62.89.3 - - [18/Sep/2025:19:12:01 +0700] "HEAD / HTTP/1.1" 200 0 "-" "UptimeMonitor/1.0 (eu-central-2 https://uptime-monitor.io)"
54.234.52.71 - - [18/Sep/2025:19:12:31 +0700] "HEAD / HTTP/1.1" 200 0 "-" "UptimeMonitor/1.0 (us-east-1 https://uptime-monitor.io)"
13.51.194.22 - - [18/Sep/2025:19:13:01 +0700] "HEAD / HTTP/1.1" 200 0 "-" "UptimeMonitor/1.0 (eu-north-1 https://uptime-monitor.io)"
16.62.89.3 - - [18/Sep/2025:19:13:31 +0700] "HEAD / HTTP/1.1" 200 0 "-" "UptimeMonitor/1.0 (eu-central-2 https://uptime-monitor.io)"
54.234.52.71 - - [18/Sep/2025:19:14:01 +0700] "HEAD / HTTP/1.1" 200 0 "-" "UptimeMonitor/1.0 (us-east-1 https://uptime-monitor.io)"
13.51.194.22 - - [18/Sep/2025:19:14:31 +0700] "HEAD / HTTP/1.1" 200 0 "-" "UptimeMonitor/1.0 (eu-north-1 https://uptime-monitor.io)"
142.132.180.39 - - [18/Sep/2025:19:14:39 +0700] "HEAD / HTTP/1.1" 200 0 "https://www.miraprihatini.com" "Mozilla/5.0+(compatible; UptimeRobot/2.0; http://www.uptimerobot.com/)"
16.62.89.3 - - [18/Sep/2025:19:15:01 +0700] "HEAD / HTTP/1.1" 200 0 "-" "UptimeMonitor/1.0 (eu-central-2 https://uptime-monitor.io)"
52.178.185.211 - - [18/Sep/2025:19:15:07 +0700] "GET /wp-includes/js/ HTTP/1.1" 200 3890 "-" "-"
52.178.185.211 - - [18/Sep/2025:19:15:07 +0700] "GET /wp-includes/pomo/ HTTP/1.1" 200 1219 "-" "-"
52.178.185.211 - - [18/Sep/2025:19:15:07 +0700] "GET /wp-includes/rest-api/ HTTP/1.1" 200 1264 "-" "-"
52.178.185.211 - - [18/Sep/2025:19:15:07 +0700] "GET /wp-includes/widgets/ HTTP/1.1" 200 1668 "-" "-"
52.178.185.211 - - [18/Sep/2025:19:15:08 +0700] "GET /wp-admin/css/ HTTP/1.1" 200 3418 "-" "-"
52.178.185.211 - - [18/Sep/2025:19:15:08 +0700] "GET /wp-admin/images/ HTTP/1.1" 200 2903 "-" "-"
52.178.185.211 - - [18/Sep/2025:19:15:08 +0700] "GET /wp-admin/maint/ HTTP/1.1" 200 773 "-" "-"
52.178.185.211 - - [18/Sep/2025:19:15:09 +0700] "GET /wp-admin/meta/ HTTP/1.1" 404 179 "-" "-"
52.178.185.211 - - [18/Sep/2025:19:15:09 +0700] "GET /wp-admin/network/ HTTP/1.1" 302 0 "-" "-"
52.178.185.211 - - [18/Sep/2025:19:15:10 +0700] "GET /wp-admin/network/ HTTP/1.1" 302 0 "-" "-"
52.178.185.211 - - [18/Sep/2025:19:15:11 +0700] "GET /wp-login.php?redirect_to=https%3A%2F%2Fwww.miraprihatini.com%2Fwp-admin%2Fnetwork%2F&reauth=1 HTTP/1.1" 200 1727 "-" "-"
52.178.185.211 - - [18/Sep/2025:19:15:11 +0700] "GET /wp-admin/user/ HTTP/1.1" 302 0 "-" "-"
52.178.185.211 - - [18/Sep/2025:19:15:11 +0700] "GET /wp-admin/user/ HTTP/1.1" 302 0 "-" "-"
52.178.185.211 - - [18/Sep/2025:19:15:11 +0700] "GET /wp-login.php?redirect_to=https%3A%2F%2Fwww.miraprihatini.com%2Fwp-admin%2Fuser%2F&reauth=1 HTTP/1.1" 200 1727 "-" "-"
52.178.185.211 - - [18/Sep/2025:19:15:12 +0700] "GET /wp-content/ HTTP/1.1" 200 1410 "-" "-"
52.178.185.211 - - [18/Sep/2025:19:15:12 +0700] "GET /wp-content/plugins/ HTTP/1.1" 200 2141 "-" "-"
52.178.185.211 - - [18/Sep/2025:19:15:12 +0700] "GET /wp-content/themes/ HTTP/1.1" 200 0 "-" "-"
52.178.185.211 - - [18/Sep/2025:19:15:12 +0700] "GET /wp-admin/includes/ HTTP/1.1" 200 4079 "-" "-"
52.178.185.211 - - [18/Sep/2025:19:15:13 +0700] "GET /wp-admin/ HTTP/1.1" 302 0 "-" "-"
52.178.185.211 - - [18/Sep/2025:19:15:13 +0700] "GET /wp-login.php?redirect_to=https%3A%2F%2Fwww.miraprihatini.com%2Fwp-admin%2F&reauth=1 HTTP/1.1" 200 1727 "-" "-"
52.178.185.211 - - [18/Sep/2025:19:15:13 +0700] "GET /wp-admin/ HTTP/1.1" 302 0 "-" "-"
52.178.185.211 - - [18/Sep/2025:19:15:13 +0700] "GET /wp-content/upgrade/ HTTP/1.1" 200 683 "-" "-"
52.178.185.211 - - [18/Sep/2025:19:15:13 +0700] "GET /wp-content/uploads/ HTTP/1.1" 200 0 "-" "-"
52.178.185.211 - - [18/Sep/2025:19:15:14 +0700] "GET /wp-includes/ HTTP/1.1" 200 8356 "-" "-"
52.178.185.211 - - [18/Sep/2025:19:15:14 +0700] "GET /wp-includes/css/ HTTP/1.1" 200 2134 "-" "-"
52.178.185.211 - - [18/Sep/2025:19:15:14 +0700] "GET /wp-includes/ID3/ HTTP/1.1" 200 1583 "-" "-"
52.178.185.211 - - [18/Sep/2025:19:15:15 +0700] "GET /wp-includes/IXR/ HTTP/1.1" 200 1326 "-" "-"
52.178.185.211 - - [18/Sep/2025:19:15:15 +0700] "GET /wp-includes/Requests/ HTTP/1.1" 200 842 "-" "-"
52.178.185.211 - - [18/Sep/2025:19:15:15 +0700] "GET /wp-includes/SimplePie/ HTTP/1.1" 200 1906 "-" "-"
52.178.185.211 - - [18/Sep/2025:19:15:15 +0700] "GET /wp-includes/Text/ HTTP/1.1" 200 826 "-" "-"
52.178.185.211 - - [18/Sep/2025:19:15:15 +0700] "GET /wp-content/mu-plugins-old/ HTTP/1.1" 404 179 "-" "-"
52.178.185.211 - - [18/Sep/2025:19:15:16 +0700] "GET /wp-content/themes/classic/inc/ HTTP/1.1" 404 179 "-" "-"
52.178.185.211 - - [18/Sep/2025:19:15:16 +0700] "GET /wp-content/plugins/ninja-forms/ HTTP/1.1" 404 179 "-" "-"
52.178.185.211 - - [18/Sep/2025:19:15:16 +0700] "GET /wp-content/mu-plugins/ HTTP/1.1" 404 179 "-" "-"
52.178.185.211 - - [18/Sep/2025:19:15:16 +0700] "GET /wp-includes/Text/Diff/Renderer/ HTTP/1.1" 200 787 "-" "-"
52.178.185.211 - - [18/Sep/2025:19:15:16 +0700] "GET /wp-includes/blocks/ HTTP/1.1" 500 0 "-" "-"
52.178.185.211 - - [18/Sep/2025:19:15:17 +0700] "GET /wp-includes/certificates/ HTTP/1.1" 200 781 "-" "-"
52.178.185.211 - - [18/Sep/2025:19:15:17 +0700] "GET /wp-includes/customize/ HTTP/1.1" 200 2138 "-" "-"
52.178.185.211 - - [18/Sep/2025:19:15:17 +0700] "GET /wp-includes/fonts/ HTTP/1.1" 200 1367 "-" "-"
52.178.185.211 - - [18/Sep/2025:19:15:17 +0700] "GET /wp-includes/images/ HTTP/1.1" 200 1790 "-" "-"
52.178.185.211 - - [18/Sep/2025:19:15:17 +0700] "GET /.well-known/ HTTP/1.1" 200 762 "-" "-"
52.178.185.211 - - [18/Sep/2025:19:15:18 +0700] "GET /wp-includes/assets/ HTTP/1.1" 200 1215 "-" "-"
52.178.185.211 - - [18/Sep/2025:19:15:18 +0700] "GET /wp-includes/Text/Diff/Engine/ HTTP/1.1" 200 864 "-" "-"
52.178.185.211 - - [18/Sep/2025:19:15:18 +0700] "GET /wp-includes/block-patterns/ HTTP/1.1" 200 1326 "-" "-"
52.178.185.211 - - [18/Sep/2025:19:15:19 +0700] "GET /wp-includes/Text/Diff/ HTTP/1.1" 200 859 "-" "-"
52.178.185.211 - - [18/Sep/2025:19:15:19 +0700] "GET /wp-includes/block-supports/ HTTP/1.1" 200 1576 "-" "-"
52.178.185.211 - - [18/Sep/2025:19:15:19 +0700] "GET /wp-includes/SimplePie/Cache/ HTTP/1.1" 200 1313 "-" "-"
52.178.185.211 - - [18/Sep/2025:19:15:19 +0700] "GET /wp-includes/SimplePie/Content/Type/ HTTP/1.1" 200 790 "-" "-"
52.178.185.211 - - [18/Sep/2025:19:15:20 +0700] "GET /wp-includes/SimplePie/Content/ HTTP/1.1" 200 772 "-" "-"
52.178.185.211 - - [18/Sep/2025:19:15:20 +0700] "GET /wp-includes/rest-api/endpoints/ HTTP/1.1" 200 2347 "-" "-"
52.178.185.211 - - [18/Sep/2025:19:15:20 +0700] "GET /wp-includes/rest-api/fields/ HTTP/1.1" 200 895 "-" "-"
52.178.185.211 - - [18/Sep/2025:19:15:20 +0700] "GET /wp-includes/Requests/Cookie/ HTTP/1.1" 404 179 "-" "-"
52.178.185.211 - - [18/Sep/2025:19:15:20 +0700] "GET /wp-includes/Requests/Proxy/ HTTP/1.1" 404 179 "-" "-"
52.178.185.211 - - [18/Sep/2025:19:15:21 +0700] "GET /wp-includes/Requests/Response/ HTTP/1.1" 404 179 "-" "-"
52.178.185.211 - - [18/Sep/2025:19:15:21 +0700] "GET /wp-includes/Requests/Transport/ HTTP/1.1" 404 179 "-" "-"
52.178.185.211 - - [18/Sep/2025:19:15:21 +0700] "GET /wp-includes/Requests/Utility/ HTTP/1.1" 404 179 "-" "-"
52.178.185.211 - - [18/Sep/2025:19:15:21 +0700] "GET /wp-includes/js/codemirror/ HTTP/1.1" 200 1305 "-" "-"
52.178.185.211 - - [18/Sep/2025:19:15:21 +0700] "GET /wp-includes/Requests/Exception/HTTP/ HTTP/1.1" 404 179 "-" "-"
52.178.185.211 - - [18/Sep/2025:19:15:22 +0700] "GET /wp-includes/js/crop/ HTTP/1.1" 200 883 "-" "-"
52.178.185.211 - - [18/Sep/2025:19:15:22 +0700] "GET /wp-includes/images/crystal/ HTTP/1.1" 200 1334 "-" "-"
52.178.185.211 - - [18/Sep/2025:19:15:22 +0700] "GET /wp-includes/images/media/ HTTP/1.1" 200 1421 "-" "-"
52.178.185.211 - - [18/Sep/2025:19:15:22 +0700] "GET /wp-includes/images/smilies/ HTTP/1.1" 200 1639 "-" "-"
52.178.185.211 - - [18/Sep/2025:19:15:22 +0700] "GET /wp-includes/images/wlw/ HTTP/1.1" 404 179 "-" "-"
52.178.185.211 - - [18/Sep/2025:19:15:23 +0700] "GET /wp-includes/rest-api/search/ HTTP/1.1" 200 880 "-" "-"
52.178.185.211 - - [18/Sep/2025:19:15:23 +0700] "GET /wp-includes/Requests/Exception/ HTTP/1.1" 200 694 "-" "-"
52.178.185.211 - - [18/Sep/2025:19:15:23 +0700] "GET /wp-includes/Requests/Auth/ HTTP/1.1" 404 179 "-" "-"
52.178.185.211 - - [18/Sep/2025:19:15:23 +0700] "GET /wp-includes/sodium_compat/src/ HTTP/1.1" 200 1304 "-" "-"
52.178.185.211 - - [18/Sep/2025:19:15:23 +0700] "GET /wp-includes/sitemaps/providers/ HTTP/1.1" 200 851 "-" "-"
52.178.185.211 - - [18/Sep/2025:19:15:24 +0700] "GET /wp-includes/Text/Diff/Engine/Engine/ HTTP/1.1" 404 179 "-" "-"
52.178.185.211 - - [18/Sep/2025:19:15:24 +0700] "GET /wp-includes/html-api/ HTTP/1.1" 200 1534 "-" "-"
52.178.185.211 - - [18/Sep/2025:19:15:24 +0700] "GET /wp-includes/php-compat/ HTTP/1.1" 200 783 "-" "-"
52.178.185.211 - - [18/Sep/2025:19:15:24 +0700] "GET /wp-includes/PHPMailer/ HTTP/1.1" 200 848 "-" "-"
52.178.185.211 - - [18/Sep/2025:19:15:24 +0700] "GET /wp-includes/random_compat/ HTTP/1.1" 404 179 "-" "-"
52.178.185.211 - - [18/Sep/2025:19:15:25 +0700] "GET /wp-includes/sitemaps/ HTTP/1.1" 200 1278 "-" "-"
52.178.185.211 - - [18/Sep/2025:19:15:25 +0700] "GET /wp-includes/sodium_compat/ HTTP/1.1" 200 1346 "-" "-"
52.178.185.211 - - [18/Sep/2025:19:15:25 +0700] "GET /wp-includes/style-engine/ HTTP/1.1" 200 898 "-" "-"
52.178.185.211 - - [18/Sep/2025:19:15:25 +0700] "GET /wp-includes/theme-compat/ HTTP/1.1" 200 1359 "-" "-"
52.178.185.211 - - [18/Sep/2025:19:15:26 +0700] "GET /wp-admin/css/colors/ectoplasm/ HTTP/1.1" 403 1720 "-" "-"
52.178.185.211 - - [18/Sep/2025:19:15:26 +0700] "GET /wp-admin/css/colors/ HTTP/1.1" 403 1720 "-" "-"
52.178.185.211 - - [18/Sep/2025:19:15:26 +0700] "GET /ALFA_DATA/ HTTP/1.1" 404 179 "-" "-"
52.178.185.211 - - [18/Sep/2025:19:15:26 +0700] "GET /.well-knownold/ HTTP/1.1" 404 179 "-" "-"
52.178.185.211 - - [18/Sep/2025:19:15:26 +0700] "GET /.well-known/acme-challenge/ HTTP/1.1" 200 691 "-" "-"
52.178.185.211 - - [18/Sep/2025:19:15:27 +0700] "GET /cgi-bin/ HTTP/1.1" 404 179 "-" "-"
52.178.185.211 - - [18/Sep/2025:19:15:27 +0700] "GET /uploads/ HTTP/1.1" 404 179 "-" "-"
52.178.185.211 - - [18/Sep/2025:19:15:27 +0700] "GET /upload/ HTTP/1.1" 404 179 "-" "-"
52.178.185.211 - - [18/Sep/2025:19:15:27 +0700] "GET /admin/uploads/ HTTP/1.1" 404 179 "-" "-"
52.178.185.211 - - [18/Sep/2025:19:15:27 +0700] "GET /Admin/uploads/ HTTP/1.1" 404 179 "-" "-"
52.178.185.211 - - [18/Sep/2025:19:15:28 +0700] "GET /admin/ HTTP/1.1" 404 179 "-" "-"
52.178.185.211 - - [18/Sep/2025:19:15:28 +0700] "GET /images/ HTTP/1.1" 404 179 "-" "-"
52.178.185.211 - - [18/Sep/2025:19:15:28 +0700] "GET /assets/ HTTP/1.1" 404 179 "-" "-"
52.178.185.211 - - [18/Sep/2025:19:15:29 +0700] "GET /vendor/phpunit/phpunit/src/Util/PHP/ HTTP/1.1" 404 179 "-" "-"
52.178.185.211 - - [18/Sep/2025:19:15:29 +0700] "GET /upload/image/ HTTP/1.1" 404 179 "-" "-"
52.178.185.211 - - [18/Sep/2025:19:15:29 +0700] "GET /assets/images/ HTTP/1.1" 404 179 "-" "-"
52.178.185.211 - - [18/Sep/2025:19:15:29 +0700] "GET /Public/ HTTP/1.1" 404 179 "-" "-"
52.178.185.211 - - [18/Sep/2025:19:15:29 +0700] "GET /vendor/ HTTP/1.1" 404 179 "-" "-"
52.178.185.211 - - [18/Sep/2025:19:15:30 +0700] "GET /local/ HTTP/1.1" 404 179 "-" "-"
52.178.185.211 - - [18/Sep/2025:19:15:30 +0700] "GET /modules/ HTTP/1.1" 404 179 "-" "-"
52.178.185.211 - - [18/Sep/2025:19:15:30 +0700] "GET /Site/ HTTP/1.1" 404 179 "-" "-"
52.178.185.211 - - [18/Sep/2025:19:15:30 +0700] "GET /system/ HTTP/1.1" 404 179 "-" "-"
52.178.185.211 - - [18/Sep/2025:19:15:30 +0700] "GET /template/ HTTP/1.1" 404 179 "-" "-"
52.178.185.211 - - [18/Sep/2025:19:15:31 +0700] "GET /shop/ HTTP/1.1" 404 179 "-" "-"
52.178.185.211 - - [18/Sep/2025:19:15:31 +0700] "GET /files/ HTTP/1.1" 404 179 "-" "-"
52.178.185.211 - - [18/Sep/2025:19:15:31 +0700] "GET /admin/editor/ HTTP/1.1" 404 179 "-" "-"
52.178.185.211 - - [18/Sep/2025:19:15:31 +0700] "GET /include/ HTTP/1.1" 404 179 "-" "-"
52.178.185.211 - - [18/Sep/2025:19:15:31 +0700] "GET /Assets/ HTTP/1.1" 404 179 "-" "-"
54.234.52.71 - - [18/Sep/2025:19:15:31 +0700] "HEAD / HTTP/1.1" 200 0 "-" "UptimeMonitor/1.0 (us-east-1 https://uptime-monitor.io)"
52.178.185.211 - - [18/Sep/2025:19:15:32 +0700] "GET /images/stories/ HTTP/1.1" 404 179 "-" "-"
52.178.185.211 - - [18/Sep/2025:19:15:32 +0700] "GET /plugins/ HTTP/1.1" 404 179 "-" "-"
52.178.185.211 - - [18/Sep/2025:19:15:32 +0700] "GET /php/ HTTP/1.1" 404 179 "-" "-"
52.178.185.211 - - [18/Sep/2025:19:15:32 +0700] "GET /admin/images/slider/ HTTP/1.1" 404 179 "-" "-"
52.178.185.211 - - [18/Sep/2025:19:15:32 +0700] "GET /admin/fckeditor/editor/filemanager/ HTTP/1.1" 404 179 "-" "-"
52.178.185.211 - - [18/Sep/2025:19:15:32 +0700] "GET /sites/default/files/ HTTP/1.1" 404 179 "-" "-"
52.178.185.211 - - [18/Sep/2025:19:15:33 +0700] "GET /admin/controller/extension/extension/ HTTP/1.1" 404 179 "-" "-"
52.178.185.211 - - [18/Sep/2025:19:15:33 +0700] "GET /modules/mod_simplefileuploadv1.3/elements/ HTTP/1.1" 404 179 "-" "-"
52.178.185.211 - - [18/Sep/2025:19:15:33 +0700] "GET /components/ HTTP/1.1" 404 179 "-" "-"
52.178.185.211 - - [18/Sep/2025:19:15:33 +0700] "GET /admin/uploads/images/ HTTP/1.1" 404 179 "-" "-"
52.178.185.211 - - [18/Sep/2025:19:15:33 +0700] "GET /info.php HTTP/1.1" 404 179 "-" "-"
52.178.185.211 - - [18/Sep/2025:19:15:34 +0700] "GET /file2.php HTTP/1.1" 404 179 "-" "-"
52.178.185.211 - - [18/Sep/2025:19:15:34 +0700] "GET /admin.php HTTP/1.1" 404 179 "-" "-"
52.178.185.211 - - [18/Sep/2025:19:15:34 +0700] "GET /makeasmtp.php HTTP/1.1" 404 179 "-" "-"
52.178.185.211 - - [18/Sep/2025:19:15:34 +0700] "GET /buy.php HTTP/1.1" 404 179 "-" "-"
52.178.185.211 - - [18/Sep/2025:19:15:34 +0700] "GET /fix.php HTTP/1.1" 404 179 "-" "-"
52.178.185.211 - - [18/Sep/2025:19:15:35 +0700] "GET /xmrlpc.php HTTP/1.1" 404 179 "-" "-"
52.178.185.211 - - [18/Sep/2025:19:15:35 +0700] "GET /adminfuns.php HTTP/1.1" 404 179 "-" "-"
52.178.185.211 - - [18/Sep/2025:19:15:35 +0700] "GET /autoload_classmap.php HTTP/1.1" 404 179 "-" "-"
52.178.185.211 - - [18/Sep/2025:19:15:35 +0700] "GET /classwithtostring.php HTTP/1.1" 404 179 "-" "-"
52.178.185.211 - - [18/Sep/2025:19:15:35 +0700] "GET /css.php HTTP/1.1" 404 179 "-" "-"
52.178.185.211 - - [18/Sep/2025:19:15:36 +0700] "GET /file.php HTTP/1.1" 404 179 "-" "-"
52.178.185.211 - - [18/Sep/2025:19:15:36 +0700] "GET /admin/function.php HTTP/1.1" 404 179 "-" "-"
52.178.185.211 - - [18/Sep/2025:19:15:36 +0700] "GET /class.php HTTP/1.1" 404 179 "-" "-"
52.178.185.211 - - [18/Sep/2025:19:15:36 +0700] "GET /aa.php HTTP/1.1" 404 179 "-" "-"
52.178.185.211 - - [18/Sep/2025:19:15:36 +0700] "GET /nc4.php HTTP/1.1" 404 179 "-" "-"
52.178.185.211 - - [18/Sep/2025:19:15:37 +0700] "GET /gelay.php HTTP/1.1" 404 179 "-" "-"
52.178.185.211 - - [18/Sep/2025:19:15:37 +0700] "GET /moon.php HTTP/1.1" 404 179 "-" "-"
52.178.185.211 - - [18/Sep/2025:19:15:37 +0700] "GET /bak.php HTTP/1.1" 404 179 "-" "-"
52.178.185.211 - - [18/Sep/2025:19:15:37 +0700] "GET /dropdown.php HTTP/1.1" 404 179 "-" "-"
52.178.185.211 - - [18/Sep/2025:19:15:38 +0700] "GET /wp-cron.php HTTP/1.1" 200 0 "-" "-"
52.178.185.211 - - [18/Sep/2025:19:15:38 +0700] "GET /themes/zMousse/otuz1.php HTTP/1.1" 404 179 "-" "-"
52.178.185.211 - - [18/Sep/2025:19:15:38 +0700] "GET /wp-admin/js/ HTTP/1.1" 200 3562 "-" "-"
52.178.185.211 - - [18/Sep/2025:19:15:39 +0700] "GET /wp-admin/css/colors/blue/ HTTP/1.1" 403 1720 "-" "-"
52.178.185.211 - - [18/Sep/2025:19:15:39 +0700] "GET /wp-admin/css/colors/light/ HTTP/1.1" 403 1720 "-" "-"
52.178.185.211 - - [18/Sep/2025:19:15:39 +0700] "GET /wp-content/index.php HTTP/1.1" 404 179 "-" "-"
52.178.185.211 - - [18/Sep/2025:19:15:39 +0700] "GET /wp-includes/fonts/index.php HTTP/1.1" 404 179 "-" "-"
52.178.185.211 - - [18/Sep/2025:19:15:39 +0700] "GET /wp-trackback.php HTTP/1.1" 404 130 "-" "-"
52.178.185.211 - - [18/Sep/2025:19:15:40 +0700] "GET /index/function.php HTTP/1.1" 404 179 "-" "-"
52.178.185.211 - - [18/Sep/2025:19:15:40 +0700] "GET /about.php HTTP/1.1" 404 179 "-" "-"
52.178.185.211 - - [18/Sep/2025:19:15:40 +0700] "GET /akc.php HTTP/1.1" 404 179 "-" "-"
52.178.185.211 - - [18/Sep/2025:19:15:40 +0700] "GET /alfa.php HTTP/1.1" 404 179 "-" "-"
52.178.185.211 - - [18/Sep/2025:19:15:40 +0700] "GET /asasx.php HTTP/1.1" 404 179 "-" "-"
52.178.185.211 - - [18/Sep/2025:19:15:41 +0700] "GET /atomlib.php HTTP/1.1" 404 179 "-" "-"
52.178.185.211 - - [18/Sep/2025:19:15:41 +0700] "GET /autoload_classmap/function.php HTTP/1.1" 404 179 "-" "-"
52.178.185.211 - - [18/Sep/2025:19:15:41 +0700] "GET /chosen.php HTTP/1.1" 404 179 "-" "-"
52.178.185.211 - - [18/Sep/2025:19:15:41 +0700] "GET /cong.php HTTP/1.1" 404 179 "-" "-"
52.178.185.211 - - [18/Sep/2025:19:15:41 +0700] "GET /edit.php HTTP/1.1" 404 179 "-" "-"
52.178.185.211 - - [18/Sep/2025:19:15:42 +0700] "GET /flower.php HTTP/1.1" 404 179 "-" "-"
52.178.185.211 - - [18/Sep/2025:19:15:42 +0700] "GET /gecko.php HTTP/1.1" 404 179 "-" "-"
52.178.185.211 - - [18/Sep/2025:19:15:42 +0700] "GET /goat.php HTTP/1.1" 404 179 "-" "-"
52.178.185.211 - - [18/Sep/2025:19:15:42 +0700] "GET /goods.php HTTP/1.1" 404 179 "-" "-"
52.178.185.211 - - [18/Sep/2025:19:15:42 +0700] "GET /ioxi-o.php HTTP/1.1" 404 179 "-" "-"
52.178.185.211 - - [18/Sep/2025:19:15:43 +0700] "GET /lock360.php HTTP/1.1" 404 179 "-" "-"
52.178.185.211 - - [18/Sep/2025:19:15:43 +0700] "GET /mm.php HTTP/1.1" 404 179 "-" "-"
52.178.185.211 - - [18/Sep/2025:19:15:43 +0700] "GET /tinyfilemanager.php HTTP/1.1" 404 179 "-" "-"
52.178.185.211 - - [18/Sep/2025:19:15:43 +0700] "GET /users.php HTTP/1.1" 404 179 "-" "-"
52.178.185.211 - - [18/Sep/2025:19:15:43 +0700] "GET /w.php HTTP/1.1" 404 179 "-" "-"
52.178.185.211 - - [18/Sep/2025:19:15:44 +0700] "GET /wp-admin/css/colors/blue/index.php HTTP/1.1" 404 179 "-" "-"
52.178.185.211 - - [18/Sep/2025:19:15:44 +0700] "GET /wp-admin/images/moon.php HTTP/1.1" 404 179 "-" "-"
52.178.185.211 - - [18/Sep/2025:19:15:44 +0700] "GET /wp-admin/js/index.php HTTP/1.1" 404 179 "-" "-"
52.178.185.211 - - [18/Sep/2025:19:15:44 +0700] "GET /wp-admin/setup-config.php HTTP/1.1" 409 1200 "-" "-"
52.178.185.211 - - [18/Sep/2025:19:15:44 +0700] "GET /wp-api.php HTTP/1.1" 404 179 "-" "-"
52.178.185.211 - - [18/Sep/2025:19:15:45 +0700] "GET /wp-content/wp-conflg.php HTTP/1.1" 404 179 "-" "-"
52.178.185.211 - - [18/Sep/2025:19:15:45 +0700] "GET /wp-includes/IXR/autoload_classmap.php HTTP/1.1" 404 179 "-" "-"
52.178.185.211 - - [18/Sep/2025:19:15:45 +0700] "GET /wp-includes/fonts/admin.php HTTP/1.1" 404 179 "-" "-"
52.178.185.211 - - [18/Sep/2025:19:15:45 +0700] "GET /wp-setup.php HTTP/1.1" 404 179 "-" "-"
52.178.185.211 - - [18/Sep/2025:19:15:45 +0700] "GET /wp.php HTTP/1.1" 404 179 "-" "-"
52.178.185.211 - - [18/Sep/2025:19:15:46 +0700] "GET /wsa.php HTTP/1.1" 404 179 "-" "-"
107.172.243.11 - - [18/Sep/2025:19:15:55 +0700] "POST /wp-login.php HTTP/1.1" 302 0 "http://miraprihatini.com" "Mozilla/5.0 (Macintosh; Intel Mac OS X 13_3) AppleWebKit/537.36 (KHTML, like Gecko) Chrome/126.0.0.0 Safari/537.36 Edg/126.0.0.0"
107.172.243.11 - - [18/Sep/2025:19:15:55 +0700] "GET /wp-admin/ HTTP/1.1" 302 0 "http://miraprihatini.com" "Mozilla/5.0 (Macintosh; Intel Mac OS X 13_3) AppleWebKit/537.36 (KHTML, like Gecko) Chrome/126.0.0.0 Safari/537.36 Edg/126.0.0.0"
107.172.243.11 - - [18/Sep/2025:19:15:56 +0700] "GET /wp-login.php?redirect_to=https%3A%2F%2Fwww.miraprihatini.com%2Fwp-admin%2F&reauth=1 HTTP/1.1" 200 1727 "http://miraprihatini.com" "Mozilla/5.0 (Macintosh; Intel Mac OS X 13_3) AppleWebKit/537.36 (KHTML, like Gecko) Chrome/126.0.0.0 Safari/537.36 Edg/126.0.0.0"
13.51.194.22 - - [18/Sep/2025:19:16:01 +0700] "HEAD / HTTP/1.1" 200 0 "-" "UptimeMonitor/1.0 (eu-north-1 https://uptime-monitor.io)"
16.62.89.3 - - [18/Sep/2025:19:16:31 +0700] "HEAD / HTTP/1.1" 200 0 "-" "UptimeMonitor/1.0 (eu-central-2 https://uptime-monitor.io)"
54.234.52.71 - - [18/Sep/2025:19:17:01 +0700] "HEAD / HTTP/1.1" 200 0 "-" "UptimeMonitor/1.0 (us-east-1 https://uptime-monitor.io)"
36.41.75.167 - - [18/Sep/2025:19:17:02 +0700] "GET / HTTP/1.1" 200 2072 "-" "Mozilla/5.0 (iPhone; CPU iPhone OS 13_2_3 like Mac OS X) AppleWebKit/605.1.15 (KHTML, like Gecko) Version/13.0.3 Mobile/15E148 Safari/604.1"
13.51.194.22 - - [18/Sep/2025:19:17:31 +0700] "HEAD / HTTP/1.1" 200 0 "-" "UptimeMonitor/1.0 (eu-north-1 https://uptime-monitor.io)"
16.62.89.3 - - [18/Sep/2025:19:18:01 +0700] "HEAD / HTTP/1.1" 200 0 "-" "UptimeMonitor/1.0 (eu-central-2 https://uptime-monitor.io)"
54.234.52.71 - - [18/Sep/2025:19:18:31 +0700] "HEAD / HTTP/1.1" 200 0 "-" "UptimeMonitor/1.0 (us-east-1 https://uptime-monitor.io)"
13.51.194.22 - - [18/Sep/2025:19:19:01 +0700] "HEAD / HTTP/1.1" 200 0 "-" "UptimeMonitor/1.0 (eu-north-1 https://uptime-monitor.io)"
16.62.89.3 - - [18/Sep/2025:19:19:31 +0700] "HEAD / HTTP/1.1" 200 0 "-" "UptimeMonitor/1.0 (eu-central-2 https://uptime-monitor.io)"
114.119.128.39 - - [18/Sep/2025:19:19:37 +0700] "GET /wp-content/uploads/image-5.png HTTP/1.1" 200 68706 "https://www.miraprihatini.com/news/manfaatkan-ruang-terbuang/" "Mozilla/5.0 (Linux; Android 7.0;) AppleWebKit/537.36 (KHTML, like Gecko) Mobile Safari/537.36 (compatible; PetalBot;+https://webmaster.petalsearch.com/site/petalbot)"
18.193.252.127 - - [18/Sep/2025:19:19:44 +0700] "HEAD / HTTP/1.1" 200 0 "https://www.miraprihatini.com" "Mozilla/5.0+(compatible; UptimeRobot/2.0; http://www.uptimerobot.com/)"
54.234.52.71 - - [18/Sep/2025:19:20:01 +0700] "HEAD / HTTP/1.1" 200 0 "-" "UptimeMonitor/1.0 (us-east-1 https://uptime-monitor.io)"
13.51.194.22 - - [18/Sep/2025:19:20:31 +0700] "HEAD / HTTP/1.1" 200 0 "-" "UptimeMonitor/1.0 (eu-north-1 https://uptime-monitor.io)"
114.119.129.205 - - [18/Sep/2025:19:20:57 +0700] "GET /portfolios/toys-city-kids-store HTTP/1.1" 404 179 "https://miraprihatini.com/interior/commercial-design/" "Mozilla/5.0 (Linux; Android 7.0;) AppleWebKit/537.36 (KHTML, like Gecko) Mobile Safari/537.36 (compatible; PetalBot;+https://webmaster.petalsearch.com/site/petalbot)"
16.62.89.3 - - [18/Sep/2025:19:21:01 +0700] "HEAD / HTTP/1.1" 200 0 "-" "UptimeMonitor/1.0 (eu-central-2 https://uptime-monitor.io)"
54.234.52.71 - - [18/Sep/2025:19:21:31 +0700] "HEAD / HTTP/1.1" 200 0 "-" "UptimeMonitor/1.0 (us-east-1 https://uptime-monitor.io)"
13.51.194.22 - - [18/Sep/2025:19:22:01 +0700] "HEAD / HTTP/1.1" 200 0 "-" "UptimeMonitor/1.0 (eu-north-1 https://uptime-monitor.io)"
16.62.89.3 - - [18/Sep/2025:19:22:31 +0700] "HEAD / HTTP/1.1" 200 0 "-" "UptimeMonitor/1.0 (eu-central-2 https://uptime-monitor.io)"
54.234.52.71 - - [18/Sep/2025:19:23:01 +0700] "HEAD / HTTP/1.1" 200 0 "-" "UptimeMonitor/1.0 (us-east-1 https://uptime-monitor.io)"
13.51.194.22 - - [18/Sep/2025:19:23:31 +0700] "HEAD / HTTP/1.1" 200 0 "-" "UptimeMonitor/1.0 (eu-north-1 https://uptime-monitor.io)"
16.62.89.3 - - [18/Sep/2025:19:24:01 +0700] "HEAD / HTTP/1.1" 200 0 "-" "UptimeMonitor/1.0 (eu-central-2 https://uptime-monitor.io)"
216.73.216.45 - - [18/Sep/2025:19:24:02 +0700] "GET /wp-content/plugins/aphwl/?path=%2Fhome%2Fmirz4654%2Fpublic_html%2Fwp-content%2Fplugins%2Fbackuply-meteor-find HTTP/1.1" 200 3129 "-" "Mozilla/5.0 AppleWebKit/537.36 (KHTML, like Gecko; compatible; ClaudeBot/1.0; [email protected])"
216.73.216.45 - - [18/Sep/2025:19:24:02 +0700] "GET /wp-content/plugins/aphwl/?fileloc=%2Fhome%2Fmirz4654%2Fpublic_html%2Fwp-content%2Fadvanced-cache_old.php&path=%2Fhome%2Fmirz4654%2Fpublic_html%2Fwp-content HTTP/1.1" 200 2755 "-" "Mozilla/5.0 AppleWebKit/537.36 (KHTML, like Gecko; compatible; ClaudeBot/1.0; [email protected])"
216.73.216.45 - - [18/Sep/2025:19:24:03 +0700] "GET /wp-content/plugins/aphwl/?fileloc=%2Fhome%2Fmirz4654%2Fpublic_html%2Fwp-content%2Fplugins%2Faphwl%2Fincludes%2Fclass-protect-uploads-activator.php&path=%2Fhome%2Fmirz4654%2Fpublic_html%2Fwp-content%2Fplugins%2Faphwl%2Fincludes HTTP/1.1" 200 2874 "-" "Mozilla/5.0 AppleWebKit/537.36 (KHTML, like Gecko; compatible; ClaudeBot/1.0; [email protected])"
216.73.216.45 - - [18/Sep/2025:19:24:03 +0700] "GET /wp-content/plugins/aphwl/?fileloc=%2Fhome%2Fmirz4654%2Fpublic_html%2Fwp-content%2Fplugins%2Faphwl%2Fincludes%2Fclass-protect-uploads-i18n.php&path=%2Fhome%2Fmirz4654%2Fpublic_html%2Fwp-content%2Fplugins%2Faphwl%2Fincludes HTTP/1.1" 200 3104 "-" "Mozilla/5.0 AppleWebKit/537.36 (KHTML, like Gecko; compatible; ClaudeBot/1.0; [email protected])"
216.73.216.45 - - [18/Sep/2025:19:24:04 +0700] "GET /wp-content/plugins/aphwl/?fileloc=%2Fhome%2Fmirz4654%2Fpublic_html%2Fwp-content%2Fplugins%2Faphwl%2Fincludes%2Fclass-protect-uploads-deactivator.php&path=%2Fhome%2Fmirz4654%2Fpublic_html%2Fwp-content%2Fplugins%2Faphwl%2Fincludes HTTP/1.1" 200 2963 "-" "Mozilla/5.0 AppleWebKit/537.36 (KHTML, like Gecko; compatible; ClaudeBot/1.0; [email protected])"
216.73.216.45 - - [18/Sep/2025:19:24:04 +0700] "GET /wp-content/plugins/aphwl/?fileloc=%2Fhome%2Fmirz4654%2Fpublic_html%2Fwp-content%2Fplugins%2Faphwl%2Fadmin%2Findex.php&path=%2Fhome%2Fmirz4654%2Fpublic_html%2Fwp-content%2Fplugins%2Faphwl%2Fadmin HTTP/1.1" 200 2806 "-" "Mozilla/5.0 AppleWebKit/537.36 (KHTML, like Gecko; compatible; ClaudeBot/1.0; [email protected])"
216.73.216.45 - - [18/Sep/2025:19:24:05 +0700] "GET /wp-content/plugins/aphwl/?fileloc=%2Fhome%2Fmirz4654%2Fpublic_html%2Fwp-content%2Fplugins%2Faphwl%2Flanguages%2Findex.php&path=%2Fhome%2Fmirz4654%2Fpublic_html%2Fwp-content%2Fplugins%2Faphwl%2Flanguages HTTP/1.1" 200 2804 "-" "Mozilla/5.0 AppleWebKit/537.36 (KHTML, like Gecko; compatible; ClaudeBot/1.0; [email protected])"
216.73.216.45 - - [18/Sep/2025:19:24:05 +0700] "GET /wp-content/plugins/aphwl/?fileloc=%2Fhome%2Fmirz4654%2Fpublic_html%2Fwp-content%2Fplugins%2Faphwl%2Fincludes%2Fclass-protect-uploads.php&path=%2Fhome%2Fmirz4654%2Fpublic_html%2Fwp-content%2Fplugins%2Faphwl%2Fincludes HTTP/1.1" 200 3348 "-" "Mozilla/5.0 AppleWebKit/537.36 (KHTML, like Gecko; compatible; ClaudeBot/1.0; [email protected])"
216.73.216.45 - - [18/Sep/2025:19:24:05 +0700] "GET /wp-content/plugins/aphwl/?fileloc=%2Fhome%2Fmirz4654%2Fpublic_html%2Fwp-content%2Fplugins%2Faphwl%2Fincludes%2Findex.php&path=%2Fhome%2Fmirz4654%2Fpublic_html%2Fwp-content%2Fplugins%2Faphwl%2Fincludes HTTP/1.1" 200 2806 "-" "Mozilla/5.0 AppleWebKit/537.36 (KHTML, like Gecko; compatible; ClaudeBot/1.0; [email protected])"
216.73.216.45 - - [18/Sep/2025:19:24:05 +0700] "GET /wp-content/plugins/aphwl/?fileloc=%2Fhome%2Fmirz4654%2Fpublic_html%2Fwp-content%2Fplugins%2Faphwl%2Fadmin%2Fclass-protect-uploads-admin.php&path=%2Fhome%2Fmirz4654%2Fpublic_html%2Fwp-content%2Fplugins%2Faphwl%2Fadmin HTTP/1.1" 200 5478 "-" "Mozilla/5.0 AppleWebKit/537.36 (KHTML, like Gecko; compatible; ClaudeBot/1.0; [email protected])"
216.73.216.45 - - [18/Sep/2025:19:24:06 +0700] "GET /wp-content/plugins/aphwl/?fileloc=%2Fhome%2Fmirz4654%2Fpublic_html%2Fwp-content%2Fplugins%2Faphwl%2Fincludes%2Fclass-protect-uploads-loader.php&path=%2Fhome%2Fmirz4654%2Fpublic_html%2Fwp-content%2Fplugins%2Faphwl%2Fincludes HTTP/1.1" 200 3751 "-" "Mozilla/5.0 AppleWebKit/537.36 (KHTML, like Gecko; compatible; ClaudeBot/1.0; [email protected])"
45.61.151.165 - - [18/Sep/2025:19:24:14 +0700] "GET /wp-admin/network/index.php HTTP/1.1" 302 0 "-" "Mozlila/5.0 (Linux; Android 7.0; SM-G892A Bulid/NRD90M; wv) AppleWebKit/537.36 (KHTML, like Gecko) Version/4.0 Chrome/60.0.3112.107 Moblie Safari/537.36"
54.234.52.71 - - [18/Sep/2025:19:24:31 +0700] "HEAD / HTTP/1.1" 200 0 "-" "UptimeMonitor/1.0 (us-east-1 https://uptime-monitor.io)"
202.10.43.35 - - [18/Sep/2025:19:24:40 +0700] "GET /.well-known/acme-challenge/V_KFLW4GZC9NNFT7TEX1J_4_PO_SGFA5 HTTP/1.1" 200 64 "-" "Cpanel-HTTP-Client/1.0"
45.61.151.165 - - [18/Sep/2025:19:24:40 +0700] "GET /wp-admin/network/index.php HTTP/1.1" 302 0 "-" "Mozlila/5.0 (Linux; Android 7.0; SM-G892A Bulid/NRD90M; wv) AppleWebKit/537.36 (KHTML, like Gecko) Version/4.0 Chrome/60.0.3112.107 Moblie Safari/537.36"
2001:df0:27b:3::e - - [18/Sep/2025:19:24:40 +0700] "GET /.well-known/acme-challenge/OKI6I2ZWN4RWQ9DOV67276Y38PZ1Y6T9 HTTP/1.1" 200 64 "-" "Cpanel-HTTP-Client/1.0"
2001:df0:27b:3::e - - [18/Sep/2025:19:24:40 +0700] "GET /.well-known/acme-challenge/BEQ62H7--CDAIKLE23KNB6G_OIZD9HZX HTTP/1.1" 200 64 "-" "Cpanel-HTTP-Client/1.0"
2001:df0:27b:3::e - - [18/Sep/2025:19:24:40 +0700] "GET /.well-known/acme-challenge/48RLGHEDK7XG3UOKLOC-F8PBXIDHQZKO HTTP/1.1" 200 64 "-" "Cpanel-HTTP-Client/1.0"
202.10.43.35 - - [18/Sep/2025:19:24:41 +0700] "GET /.well-known/acme-challenge/RC4LXZ577941MEDR1126CWYY2EFIMQAV HTTP/1.1" 200 64 "-" "Cpanel-HTTP-Client/1.0"
202.10.43.35 - - [18/Sep/2025:19:24:41 +0700] "GET /.well-known/acme-challenge/5I9XOJL2YQE9E-K7UFPQI9ORUGY2SWI0 HTTP/1.1" 200 64 "-" "Cpanel-HTTP-Client/1.0"
202.10.43.35 - - [18/Sep/2025:19:24:41 +0700] "GET /.well-known/acme-challenge/9YJ7AREEH3CCIUB8ZI-S89WQP9ENBT0A HTTP/1.1" 200 64 "-" "Cpanel-HTTP-Client/1.0"
202.10.43.35 - - [18/Sep/2025:19:24:41 +0700] "GET /.well-known/acme-challenge/AGZDEHGHX91U8GVLYXMQNLXNBQ7GCPXL HTTP/1.1" 200 64 "-" "Cpanel-HTTP-Client/1.0"
88.99.80.227 - - [18/Sep/2025:19:24:50 +0700] "HEAD / HTTP/1.1" 200 0 "https://www.miraprihatini.com" "Mozilla/5.0+(compatible; UptimeRobot/2.0; http://www.uptimerobot.com/)"
45.61.151.165 - - [18/Sep/2025:19:24:54 +0700] "GET /wp-login.php?redirect_to=https%3A%2F%2Fmiraprihatini.com%2Fwp-admin%2Fnetwork%2Findex.php&reauth=1 HTTP/1.1" 200 1730 "-" "Mozlila/5.0 (Linux; Android 7.0; SM-G892A Bulid/NRD90M; wv) AppleWebKit/537.36 (KHTML, like Gecko) Version/4.0 Chrome/60.0.3112.107 Moblie Safari/537.36"
13.51.194.22 - - [18/Sep/2025:19:25:01 +0700] "HEAD / HTTP/1.1" 200 0 "-" "UptimeMonitor/1.0 (eu-north-1 https://uptime-monitor.io)"
216.73.216.45 - - [18/Sep/2025:19:25:03 +0700] "GET /wp-content/plugins/aphwl/?path=%2Fhome%2Fmirz4654%2Fpublic_html%2Fwp-content%2Fplugins%2Fwp-compatibility-layer HTTP/1.1" 200 2838 "-" "Mozilla/5.0 AppleWebKit/537.36 (KHTML, like Gecko; compatible; ClaudeBot/1.0; [email protected])"
216.73.216.45 - - [18/Sep/2025:19:25:03 +0700] "GET /wp-content/plugins/aphwl/?path=%2Fhome%2Fmirz4654%2Fpublic_html%2Fwp-content%2Fplugins%2Fsimply-gallery-block HTTP/1.1" 200 3459 "-" "Mozilla/5.0 AppleWebKit/537.36 (KHTML, like Gecko; compatible; ClaudeBot/1.0; [email protected])"
216.73.216.45 - - [18/Sep/2025:19:25:03 +0700] "GET /wp-content/plugins/aphwl/?path=%2Fhome%2Fmirz4654%2Fpublic_html%2Fwp-content%2Fplugins%2FCacheFusion HTTP/1.1" 200 2823 "-" "Mozilla/5.0 AppleWebKit/537.36 (KHTML, like Gecko; compatible; ClaudeBot/1.0; [email protected])"
216.73.216.45 - - [18/Sep/2025:19:25:03 +0700] "GET /wp-content/plugins/aphwl/?path=%2Fhome%2Fmirz4654%2Fpublic_html%2Fwp-content%2Fplugins%2Fimagify HTTP/1.1" 200 3573 "-" "Mozilla/5.0 AppleWebKit/537.36 (KHTML, like Gecko; compatible; ClaudeBot/1.0; [email protected])"
216.73.216.45 - - [18/Sep/2025:19:25:04 +0700] "GET /wp-content/plugins/aphwl/?path=%2Fhome%2Fmirz4654%2Fpublic_html%2Fwp-content%2Fplugins%2Fwp-file-manager HTTP/1.1" 200 3471 "-" "Mozilla/5.0 AppleWebKit/537.36 (KHTML, like Gecko; compatible; ClaudeBot/1.0; [email protected])"
216.73.216.45 - - [18/Sep/2025:19:25:04 +0700] "GET /wp-content/plugins/aphwl/?path=%2Fhome%2Fmirz4654%2Fpublic_html%2Fwp-content%2Fplugins%2Fgoogle-analytics-dashboard-for-wp HTTP/1.1" 200 3402 "-" "Mozilla/5.0 AppleWebKit/537.36 (KHTML, like Gecko; compatible; ClaudeBot/1.0; [email protected])"
216.73.216.45 - - [18/Sep/2025:19:25:04 +0700] "GET /wp-content/plugins/aphwl/?fileloc=%2Fhome%2Fmirz4654%2Fpublic_html%2Fwp-content%2Fplugins%2Faphwl%2Flanguages%2Fprotect-uploads-fr_FR.mo&path=%2Fhome%2Fmirz4654%2Fpublic_html%2Fwp-content%2Fplugins%2Faphwl%2Flanguages HTTP/1.1" 200 2790 "-" "Mozilla/5.0 AppleWebKit/537.36 (KHTML, like Gecko; compatible; ClaudeBot/1.0; [email protected])"
216.73.216.45 - - [18/Sep/2025:19:25:05 +0700] "GET /wp-content/plugins/aphwl/?fileloc=%2Fhome%2Fmirz4654%2Fpublic_html%2Fwp-content%2Fplugins%2Faphwl%2Flanguages%2Fprotect-uploads-it_IT.mo&path=%2Fhome%2Fmirz4654%2Fpublic_html%2Fwp-content%2Fplugins%2Faphwl%2Flanguages HTTP/1.1" 200 2791 "-" "Mozilla/5.0 AppleWebKit/537.36 (KHTML, like Gecko; compatible; ClaudeBot/1.0; [email protected])"
216.73.216.45 - - [18/Sep/2025:19:25:05 +0700] "GET /wp-content/plugins/aphwl/?fileloc=%2Fhome%2Fmirz4654%2Fpublic_html%2Fwp-content%2Fplugins%2Faphwl%2Flanguages%2Fprotect-uploads-es_ES.mo&path=%2Fhome%2Fmirz4654%2Fpublic_html%2Fwp-content%2Fplugins%2Faphwl%2Flanguages HTTP/1.1" 200 2791 "-" "Mozilla/5.0 AppleWebKit/537.36 (KHTML, like Gecko; compatible; ClaudeBot/1.0; [email protected])"
216.73.216.45 - - [18/Sep/2025:19:25:05 +0700] "GET /wp-content/plugins/aphwl/?path=%2Fhome%2Fmirz4654%2Fpublic_html%2Fwp-content%2Fplugins%2FQueryMaster HTTP/1.1" 200 3139 "-" "Mozilla/5.0 AppleWebKit/537.36 (KHTML, like Gecko; compatible; ClaudeBot/1.0; [email protected])"
216.73.216.45 - - [18/Sep/2025:19:25:06 +0700] "GET /wp-content/plugins/aphwl/?fileloc=%2Fhome%2Fmirz4654%2Fpublic_html%2Fwp-content%2Fdb_old.php&path=%2Fhome%2Fmirz4654%2Fpublic_html%2Fwp-content HTTP/1.1" 200 11469 "-" "Mozilla/5.0 AppleWebKit/537.36 (KHTML, like Gecko; compatible; ClaudeBot/1.0; [email protected])"
45.61.151.165 - - [18/Sep/2025:19:25:26 +0700] "GET /wp-admin/js/index.php HTTP/1.1" 404 179 "-" "Mozlila/5.0 (Linux; Android 7.0; SM-G892A Bulid/NRD90M; wv) AppleWebKit/537.36 (KHTML, like Gecko) Version/4.0 Chrome/60.0.3112.107 Moblie Safari/537.36"
16.62.89.3 - - [18/Sep/2025:19:25:31 +0700] "HEAD / HTTP/1.1" 200 0 "-" "UptimeMonitor/1.0 (eu-central-2 https://uptime-monitor.io)"
216.73.216.45 - - [18/Sep/2025:19:25:51 +0700] "GET /wp-content/plugins/aphwl/?path=%2Fhome%2Fmirz4654%2Fpublic_html%2Fwp-content%2Fplugins%2Fakismet HTTP/1.1" 200 3691 "-" "Mozilla/5.0 AppleWebKit/537.36 (KHTML, like Gecko; compatible; ClaudeBot/1.0; [email protected])"
216.73.216.45 - - [18/Sep/2025:19:25:51 +0700] "GET /wp-content/plugins/aphwl/?fileloc=%2Fhome%2Fmirz4654%2Fpublic_html%2Fwp-content%2Fplugins%2Faphwl%2Flanguages%2Fprotect-uploads-fr_FR.po&path=%2Fhome%2Fmirz4654%2Fpublic_html%2Fwp-content%2Fplugins%2Faphwl%2Flanguages HTTP/1.1" 200 2790 "-" "Mozilla/5.0 AppleWebKit/537.36 (KHTML, like Gecko; compatible; ClaudeBot/1.0; [email protected])"
216.73.216.45 - - [18/Sep/2025:19:25:51 +0700] "GET /wp-content/plugins/aphwl/?path=%2Fhome%2Fmirz4654%2Fpublic_html%2Fwp-content%2Fplugins%2Feasy-theme-and-plugin-upgrades HTTP/1.1" 200 3414 "-" "Mozilla/5.0 AppleWebKit/537.36 (KHTML, like Gecko; compatible; ClaudeBot/1.0; [email protected])"
216.73.216.45 - - [18/Sep/2025:19:25:51 +0700] "GET /wp-content/plugins/aphwl/?path=%2Fhome%2Fmirz4654%2Fpublic_html%2Fwp-content%2Fplugins%2Felementor HTTP/1.1" 200 3535 "-" "Mozilla/5.0 AppleWebKit/537.36 (KHTML, like Gecko; compatible; ClaudeBot/1.0; [email protected])"
216.73.216.45 - - [18/Sep/2025:19:25:51 +0700] "GET /wp-content/plugins/aphwl/?fileloc=%2Fhome%2Fmirz4654%2Fpublic_html%2Fwp-content%2Fplugins%2Faphwl%2Flanguages%2Fprotect-uploads-es_ES.po&path=%2Fhome%2Fmirz4654%2Fpublic_html%2Fwp-content%2Fplugins%2Faphwl%2Flanguages HTTP/1.1" 200 2791 "-" "Mozilla/5.0 AppleWebKit/537.36 (KHTML, like Gecko; compatible; ClaudeBot/1.0; [email protected])"
216.73.216.45 - - [18/Sep/2025:19:25:51 +0700] "GET /wp-content/plugins/aphwl/?fileloc=%2Fhome%2Fmirz4654%2Fpublic_html%2Fwp-content%2Fplugins%2Faphwl%2Flanguages%2Fprotect-uploads-it_IT.po&path=%2Fhome%2Fmirz4654%2Fpublic_html%2Fwp-content%2Fplugins%2Faphwl%2Flanguages HTTP/1.1" 200 2791 "-" "Mozilla/5.0 AppleWebKit/537.36 (KHTML, like Gecko; compatible; ClaudeBot/1.0; [email protected])"
216.73.216.45 - - [18/Sep/2025:19:25:52 +0700] "GET /wp-content/plugins/aphwl/?path=%2Fhome%2Fmirz4654%2Fpublic_html%2Fwp-content%2Fplugins%2Fwp-security-audit-log HTTP/1.1" 200 3627 "-" "Mozilla/5.0 AppleWebKit/537.36 (KHTML, like Gecko; compatible; ClaudeBot/1.0; [email protected])"
216.73.216.45 - - [18/Sep/2025:19:25:52 +0700] "GET /wp-content/plugins/aphwl/?path=%2Fhome%2Fmirz4654%2Fpublic_html%2Fwp-content%2Fplugins%2Fwp-backup-helper HTTP/1.1" 200 3152 "-" "Mozilla/5.0 AppleWebKit/537.36 (KHTML, like Gecko; compatible; ClaudeBot/1.0; [email protected])"
45.61.151.165 - - [18/Sep/2025:19:25:52 +0700] "GET /wp-admin/images/index.php HTTP/1.1" 404 179 "-" "Mozlila/5.0 (Linux; Android 7.0; SM-G892A Bulid/NRD90M; wv) AppleWebKit/537.36 (KHTML, like Gecko) Version/4.0 Chrome/60.0.3112.107 Moblie Safari/537.36"
216.73.216.45 - - [18/Sep/2025:19:25:52 +0700] "GET /wp-content/plugins/aphwl/?path=%2Fhome%2Fmirz4654%2Fpublic_html%2Fwp-content%2Fplugins%2Fwp-crontrol HTTP/1.1" 200 3514 "-" "Mozilla/5.0 AppleWebKit/537.36 (KHTML, like Gecko; compatible; ClaudeBot/1.0; [email protected])"
216.73.216.45 - - [18/Sep/2025:19:25:52 +0700] "GET /wp-content/plugins/aphwl/?path=%2Fhome%2Fmirz4654%2Fpublic_html%2Fwp-content%2Fplugins%2Fvibes HTTP/1.1" 200 3789 "-" "Mozilla/5.0 AppleWebKit/537.36 (KHTML, like Gecko; compatible; ClaudeBot/1.0; [email protected])"
216.73.216.45 - - [18/Sep/2025:19:25:53 +0700] "GET /wp-content/plugins/aphwl/?path=%2Fhome%2Fmirz4654%2Fpublic_html%2Fwp-content%2Fplugins%2Faphwl%2Fadmin%2Fviews HTTP/1.1" 200 3223 "-" "Mozilla/5.0 AppleWebKit/537.36 (KHTML, like Gecko; compatible; ClaudeBot/1.0; [email protected])"
54.234.52.71 - - [18/Sep/2025:19:26:01 +0700] "HEAD / HTTP/1.1" 200 0 "-" "UptimeMonitor/1.0 (us-east-1 https://uptime-monitor.io)"
45.61.151.165 - - [18/Sep/2025:19:26:06 +0700] "GET /wp-admin/css/index.php HTTP/1.1" 404 179 "-" "Mozlila/5.0 (Linux; Android 7.0; SM-G892A Bulid/NRD90M; wv) AppleWebKit/537.36 (KHTML, like Gecko) Version/4.0 Chrome/60.0.3112.107 Moblie Safari/537.36"
45.61.151.165 - - [18/Sep/2025:19:26:18 +0700] "GET /wp-includes/SimplePie/Content/Type/index.php HTTP/1.1" 404 179 "-" "Mozlila/5.0 (Linux; Android 7.0; SM-G892A Bulid/NRD90M; wv) AppleWebKit/537.36 (KHTML, like Gecko) Version/4.0 Chrome/60.0.3112.107 Moblie Safari/537.36"
13.51.194.22 - - [18/Sep/2025:19:26:31 +0700] "HEAD / HTTP/1.1" 200 0 "-" "UptimeMonitor/1.0 (eu-north-1 https://uptime-monitor.io)"
5.35.38.15 - - [18/Sep/2025:19:26:33 +0700] "GET /wp-login.php HTTP/1.1" 200 1727 "https://www.miraprihatini.com/" "Mozilla/5.0 (Macintosh; Intel Mac OS X 12_5) AppleWebKit/605.1.15 (KHTML, like Gecko) Version/15.4 Safari/605.1.15"
5.35.38.15 - - [18/Sep/2025:19:26:34 +0700] "GET /wp-login.php HTTP/1.1" 200 1727 "https://www.miraprihatini.com/wp-login.php" "Mozilla/5.0 (Windows NT 6.3; Win64; x64) AppleWebKit/537.36 (KHTML, like Gecko) Chrome/103.0.0.0 Safari/537.36"
5.35.38.15 - - [18/Sep/2025:19:26:34 +0700] "POST /wp-login.php HTTP/1.1" 302 0 "https://www.miraprihatini.com/wp-login.php" "Mozilla/5.0 (Windows NT 6.3; Win64; x64) AppleWebKit/537.36 (KHTML, like Gecko) Chrome/103.0.0.0 Safari/537.36"
5.35.38.15 - - [18/Sep/2025:19:26:35 +0700] "GET /wp-admin/ HTTP/1.1" 200 21862 "https://www.miraprihatini.com/wp-login.php" "Mozilla/5.0 (Windows NT 6.3; Win64; x64) AppleWebKit/537.36 (KHTML, like Gecko) Chrome/103.0.0.0 Safari/537.36"
5.35.38.15 - - [18/Sep/2025:19:26:35 +0700] "GET /xmlrpc.php HTTP/1.1" 403 1242 "https://www.miraprihatini.com/wp-admin/" "Mozilla/5.0 (Windows NT 6.3; Win64; x64) AppleWebKit/537.36 (KHTML, like Gecko) Chrome/103.0.0.0 Safari/537.36"
5.35.38.15 - - [18/Sep/2025:19:26:36 +0700] "GET /wp-login.php HTTP/1.1" 200 1742 "https://www.miraprihatini.com/xmlrpc.php" "Mozilla/5.0 (Windows NT 6.3; Win64; x64) AppleWebKit/537.36 (KHTML, like Gecko) Chrome/103.0.0.0 Safari/537.36"
5.35.38.15 - - [18/Sep/2025:19:26:36 +0700] "GET /wp-admin/ HTTP/1.1" 200 21862 "https://www.miraprihatini.com/wp-login.php" "Mozilla/5.0 (Windows NT 6.3; Win64; x64) AppleWebKit/537.36 (KHTML, like Gecko) Chrome/103.0.0.0 Safari/537.36"
5.35.38.15 - - [18/Sep/2025:19:26:37 +0700] "GET /wp-admin/edit-tags.php?taxonomy=category HTTP/1.1" 200 15133 "https://www.miraprihatini.com/wp-admin/" "Mozilla/5.0 (Windows NT 6.3; Win64; x64) AppleWebKit/537.36 (KHTML, like Gecko) Chrome/103.0.0.0 Safari/537.36"
5.35.38.15 - - [18/Sep/2025:19:26:37 +0700] "POST /wp-admin/edit-tags.php HTTP/1.1" 302 0 "https://www.miraprihatini.com/wp-admin/edit-tags.php?taxonomy=category" "Mozilla/5.0 (Windows NT 6.3; Win64; x64) AppleWebKit/537.36 (KHTML, like Gecko) Chrome/103.0.0.0 Safari/537.36"
5.35.38.15 - - [18/Sep/2025:19:26:38 +0700] "GET /wp-admin/edit-tags.php?taxonomy=category&error=1&message=4 HTTP/1.1" 200 15124 "https://www.miraprihatini.com/wp-admin/edit-tags.php" "Mozilla/5.0 (Windows NT 6.3; Win64; x64) AppleWebKit/537.36 (KHTML, like Gecko) Chrome/103.0.0.0 Safari/537.36"
5.35.38.15 - - [18/Sep/2025:19:26:39 +0700] "GET /wp-admin/post-new.php HTTP/1.1" 200 66553 "https://www.miraprihatini.com/wp-admin/edit-tags.php?taxonomy=category&error=1&message=4" "Mozilla/5.0 (Windows NT 6.3; Win64; x64) AppleWebKit/537.36 (KHTML, like Gecko) Chrome/103.0.0.0 Safari/537.36"
45.61.151.165 - - [18/Sep/2025:19:26:40 +0700] "GET /wp-includes/Requests/Auth/index.php HTTP/1.1" 404 179 "-" "Mozlila/5.0 (Linux; Android 7.0; SM-G892A Bulid/NRD90M; wv) AppleWebKit/537.36 (KHTML, like Gecko) Version/4.0 Chrome/60.0.3112.107 Moblie Safari/537.36"
5.35.38.15 - - [18/Sep/2025:19:26:40 +0700] "GET /?p= HTTP/1.1" 200 1753 "https://www.miraprihatini.com/" "Mozilla/5.0 (Windows NT 6.3; Win64; x64) AppleWebKit/537.36 (KHTML, like Gecko) Chrome/103.0.0.0 Safari/537.36"
5.35.38.15 - - [18/Sep/2025:19:26:40 +0700] "POST /wp-json/wp/v2/posts?_wpnonce=fa55c70b0c HTTP/1.1" 404 179 "https://www.miraprihatini.com/wp-admin/post-new.php" "Mozilla/5.0 (Windows NT 6.3; Win64; x64) AppleWebKit/537.36 (KHTML, like Gecko) Chrome/103.0.0.0 Safari/537.36"
216.73.216.45 - - [18/Sep/2025:19:26:47 +0700] "GET /wp-content/plugins/aphwl/?path=%2Fhome%2Fmirz4654%2Fpublic_html%2Fwp-content%2Fplugins%2Fwp-pagenavi HTTP/1.1" 200 3495 "-" "Mozilla/5.0 AppleWebKit/537.36 (KHTML, like Gecko; compatible; ClaudeBot/1.0; [email protected])"
216.73.216.45 - - [18/Sep/2025:19:26:47 +0700] "GET /wp-content/plugins/aphwl/?path=%2Fhome%2Fmirz4654%2Fpublic_html%2Fwp-content%2Fplugins%2Fwordpress-seo HTTP/1.1" 200 3697 "-" "Mozilla/5.0 AppleWebKit/537.36 (KHTML, like Gecko; compatible; ClaudeBot/1.0; [email protected])"
216.73.216.45 - - [18/Sep/2025:19:26:47 +0700] "GET /wp-content/plugins/aphwl/?path=%2Fhome%2Fmirz4654%2Fpublic_html%2Fwp-content%2Fplugins%2Fwp-compat HTTP/1.1" 200 2818 "-" "Mozilla/5.0 AppleWebKit/537.36 (KHTML, like Gecko; compatible; ClaudeBot/1.0; [email protected])"
216.73.216.45 - - [18/Sep/2025:19:26:47 +0700] "GET /wp-content/plugins/aphwl/?path=%2Fhome%2Fmirz4654%2Fpublic_html%2Fwp-content%2Fplugins%2Fweighty_characterization HTTP/1.1" 200 3424 "-" "Mozilla/5.0 AppleWebKit/537.36 (KHTML, like Gecko; compatible; ClaudeBot/1.0; [email protected])"
216.73.216.45 - - [18/Sep/2025:19:26:47 +0700] "GET /wp-content/plugins/aphwl/?path=%2Fhome%2Fmirz4654%2Fpublic_html%2Fwp-content%2Fplugins%2Faphwl%2Fadmin%2Fassets HTTP/1.1" 200 3101 "-" "Mozilla/5.0 AppleWebKit/537.36 (KHTML, like Gecko; compatible; ClaudeBot/1.0; [email protected])"
216.73.216.45 - - [18/Sep/2025:19:26:47 +0700] "GET /wp-content/plugins/aphwl/?path=%2Fhome%2Fmirz4654%2Fpublic_html%2Fwp-content%2Fupgrade-temp-backup HTTP/1.1" 200 3073 "-" "Mozilla/5.0 AppleWebKit/537.36 (KHTML, like Gecko; compatible; ClaudeBot/1.0; [email protected])"
216.73.216.45 - - [18/Sep/2025:19:26:47 +0700] "GET /wp-content/plugins/aphwl/?path=%2Fhome%2Fmirz4654%2Fpublic_html%2Fwp-content%2Fplugins%2Ffileorganizer HTTP/1.1" 200 3419 "-" "Mozilla/5.0 AppleWebKit/537.36 (KHTML, like Gecko; compatible; ClaudeBot/1.0; [email protected])"
216.73.216.45 - - [18/Sep/2025:19:26:48 +0700] "GET /wp-content/plugins/aphwl/?path=%2Fhome%2Fmirz4654%2Fpublic_html%2Fwp-content%2Fplugins%2Fwp-maintenance-mode HTTP/1.1" 200 3561 "-" "Mozilla/5.0 AppleWebKit/537.36 (KHTML, like Gecko; compatible; ClaudeBot/1.0; [email protected])"
216.73.216.45 - - [18/Sep/2025:19:26:48 +0700] "GET /wp-content/plugins/aphwl/?path=%2Fhome%2Fmirz4654%2Fpublic_html%2Fwp-content%2Fplugins%2Fthe-plus-addons-for-elementor-page-builder HTTP/1.1" 200 3523 "-" "Mozilla/5.0 AppleWebKit/537.36 (KHTML, like Gecko; compatible; ClaudeBot/1.0; [email protected])"
216.73.216.45 - - [18/Sep/2025:19:26:49 +0700] "GET /wp-content/plugins/aphwl/?path=%2Fhome%2Fmirz4654%2Fpublic_html%2Fwp-content%2Fplugins%2Fwp-rocket HTTP/1.1" 200 3583 "-" "Mozilla/5.0 AppleWebKit/537.36 (KHTML, like Gecko; compatible; ClaudeBot/1.0; [email protected])"
16.62.89.3 - - [18/Sep/2025:19:27:01 +0700] "HEAD / HTTP/1.1" 200 0 "-" "UptimeMonitor/1.0 (eu-central-2 https://uptime-monitor.io)"
47.128.25.233 - - [18/Sep/2025:19:27:10 +0700] "GET /how-we-work/attachment/how-we-work1/ HTTP/1.1" 404 179 "-" "Mozilla/5.0 (Linux; Android 5.0) AppleWebKit/537.36 (KHTML, like Gecko) Mobile Safari/537.36 (compatible; Bytespider; [email protected])"
2a05:f480:2000:16b5:5400:3ff:fe9e:32a9 - - [18/Sep/2025:19:27:18 +0700] "HEAD / HTTP/1.1" 200 0 "-" "Mozilla/5.0 (compatible; monitoring360bot/1.1; +https://app.360monitoring.com/bot.html)"
54.234.52.71 - - [18/Sep/2025:19:27:31 +0700] "HEAD / HTTP/1.1" 200 0 "-" "UptimeMonitor/1.0 (us-east-1 https://uptime-monitor.io)"
216.73.216.45 - - [18/Sep/2025:19:27:44 +0700] "GET /wp-content/upgrade-temp-backup/plugins HTTP/1.1" 301 795 "-" "Mozilla/5.0 AppleWebKit/537.36 (KHTML, like Gecko; compatible; ClaudeBot/1.0; [email protected])"
216.73.216.45 - - [18/Sep/2025:19:27:44 +0700] "GET /wp-content/upgrade-temp-backup/plugins/ HTTP/1.1" 200 562 "https://www.miraprihatini.com/wp-content/upgrade-temp-backup/plugins" "Mozilla/5.0 AppleWebKit/537.36 (KHTML, like Gecko; compatible; ClaudeBot/1.0; [email protected])"
216.73.216.45 - - [18/Sep/2025:19:27:45 +0700] "GET /wp-content/plugins/aphwl/?path=%2Fhome%2Fmirz4654%2Fpublic_html%2Fwp-content%2Fthemes HTTP/1.1" 200 4051 "-" "Mozilla/5.0 AppleWebKit/537.36 (KHTML, like Gecko; compatible; ClaudeBot/1.0; [email protected])"
216.73.216.45 - - [18/Sep/2025:19:27:45 +0700] "GET /wp-content/plugins/aphwl/?path=%2Fhome%2Fmirz4654%2Fpublic_html%2Fwp-content%2Fwflogs HTTP/1.1" 200 3161 "-" "Mozilla/5.0 AppleWebKit/537.36 (KHTML, like Gecko; compatible; ClaudeBot/1.0; [email protected])"
216.73.216.45 - - [18/Sep/2025:19:27:45 +0700] "GET /wp-content/plugins/aphwl/?path=%2Fhome%2Fmirz4654%2Fpublic_html%2Fwp-content%2Fcache_old HTTP/1.1" 200 3334 "-" "Mozilla/5.0 AppleWebKit/537.36 (KHTML, like Gecko; compatible; ClaudeBot/1.0; [email protected])"
216.73.216.45 - - [18/Sep/2025:19:27:45 +0700] "GET /wp-content/plugins/aphwl/?path=%2Fhome%2Fmirz4654%2Fpublic_html%2Fwp-content%2Fmaintenance HTTP/1.1" 200 3069 "-" "Mozilla/5.0 AppleWebKit/537.36 (KHTML, like Gecko; compatible; ClaudeBot/1.0; [email protected])"
216.73.216.45 - - [18/Sep/2025:19:27:46 +0700] "GET /wp-content/plugins/aphwl/?path=%2Fhome%2Fmirz4654%2Fpublic_html%2Fwp-content%2Fupgrade HTTP/1.1" 200 2815 "-" "Mozilla/5.0 AppleWebKit/537.36 (KHTML, like Gecko; compatible; ClaudeBot/1.0; [email protected])"
216.73.216.45 - - [18/Sep/2025:19:27:45 +0700] "GET /wp-content/plugins/aphwl/?path=%2Fhome%2Fmirz4654%2Fpublic_html%2Fwp-content%2Fuploads HTTP/1.1" 200 146381 "-" "Mozilla/5.0 AppleWebKit/537.36 (KHTML, like Gecko; compatible; ClaudeBot/1.0; [email protected])"
216.73.216.45 - - [18/Sep/2025:19:27:46 +0700] "GET /wp-content/plugins/aphwl/?path=%2Fhome%2Fmirz4654%2Fpublic_html%2Fwp-content%2Fplugins%2Fall-in-one-seo-pack HTTP/1.1" 200 3478 "-" "Mozilla/5.0 AppleWebKit/537.36 (KHTML, like Gecko; compatible; ClaudeBot/1.0; [email protected])"
216.73.216.45 - - [18/Sep/2025:19:27:46 +0700] "GET /wp-content/plugins/aphwl/?path=%2Fhome%2Fmirz4654%2Fpublic_html%2Fwp-content%2Fplugins%2Felementor-pro HTTP/1.1" 200 3573 "-" "Mozilla/5.0 AppleWebKit/537.36 (KHTML, like Gecko; compatible; ClaudeBot/1.0; [email protected])"
216.73.216.45 - - [18/Sep/2025:19:27:46 +0700] "GET /wp-content/plugins/aphwl/?path=%2Fhome%2Fmirz4654%2Fpublic_html%2Fwp-content%2Fplugins%2Felementor-pro+3.7.6 HTTP/1.1" 200 3512 "-" "Mozilla/5.0 AppleWebKit/537.36 (KHTML, like Gecko; compatible; ClaudeBot/1.0; [email protected])"
13.51.194.22 - - [18/Sep/2025:19:28:01 +0700] "HEAD / HTTP/1.1" 200 0 "-" "UptimeMonitor/1.0 (eu-north-1 https://uptime-monitor.io)"
216.73.216.45 - - [18/Sep/2025:19:28:22 +0700] "GET /wp-content/plugins/aphwl/?fileloc=%2Fhome%2Fmirz4654%2Fpublic_html%2F.htaccess.&path=%2Fhome%2Fmirz4654%2Fpublic_html HTTP/1.1" 200 3045 "-" "Mozilla/5.0 AppleWebKit/537.36 (KHTML, like Gecko; compatible; ClaudeBot/1.0; [email protected])"
216.73.216.45 - - [18/Sep/2025:19:28:22 +0700] "GET /wp-content/plugins/aphwl/?fileloc=%2Fhome%2Fmirz4654%2Fpublic_html%2F.htaccess&path=%2Fhome%2Fmirz4654%2Fpublic_html HTTP/1.1" 200 5150 "-" "Mozilla/5.0 AppleWebKit/537.36 (KHTML, like Gecko; compatible; ClaudeBot/1.0; [email protected])"
216.73.216.45 - - [18/Sep/2025:19:28:22 +0700] "GET /wp-content/plugins/aphwl/?fileloc=%2Fhome%2Fmirz4654%2Fpublic_html%2Fgoogle9ae75fe7f07cfd34.html&path=%2Fhome%2Fmirz4654%2Fpublic_html HTTP/1.1" 200 2765 "-" "Mozilla/5.0 AppleWebKit/537.36 (KHTML, like Gecko; compatible; ClaudeBot/1.0; [email protected])"
216.73.216.45 - - [18/Sep/2025:19:28:22 +0700] "GET /wp-content/plugins/aphwl/?fileloc=%2Fhome%2Fmirz4654%2Fpublic_html%2F404.shtml&path=%2Fhome%2Fmirz4654%2Fpublic_html HTTP/1.1" 200 2888 "-" "Mozilla/5.0 AppleWebKit/537.36 (KHTML, like Gecko; compatible; ClaudeBot/1.0; [email protected])"
216.73.216.45 - - [18/Sep/2025:19:28:22 +0700] "GET /wp-content/plugins/aphwl/?fileloc=%2Fhome%2Fmirz4654%2Fpublic_html%2F.htaccess_old&path=%2Fhome%2Fmirz4654%2Fpublic_html HTTP/1.1" 200 3365 "-" "Mozilla/5.0 AppleWebKit/537.36 (KHTML, like Gecko; compatible; ClaudeBot/1.0; [email protected])"
