216.73.216.45 - - [18/Sep/2025:19:52:00 +0700] "GET /wp-content/plugins/elementor-pro%203.7.6/modules/dynamic-tags/ HTTP/1.1" 200 758 "https://miraprihatini.com/wp-content/plugins/elementor-pro%203.7.6/modules/dynamic-tags" "Mozilla/5.0 AppleWebKit/537.36 (KHTML, like Gecko; compatible; ClaudeBot/1.0; [email protected])"
216.73.216.45 - - [18/Sep/2025:19:52:00 +0700] "GET /wp-includes/Requests/src/Auth/Basic.php HTTP/1.1" 404 179 "-" "Mozilla/5.0 AppleWebKit/537.36 (KHTML, like Gecko; compatible; ClaudeBot/1.0; [email protected])"
216.73.216.45 - - [18/Sep/2025:19:52:00 +0700] "GET /wp-content/plugins/wp-pagenavi/scb/load-composer.php HTTP/1.1" 200 0 "-" "Mozilla/5.0 AppleWebKit/537.36 (KHTML, like Gecko; compatible; ClaudeBot/1.0; [email protected])"
216.73.216.45 - - [18/Sep/2025:19:52:00 +0700] "GET /wp-content/plugins/elementor/core/responsive HTTP/1.1" 301 795 "-" "Mozilla/5.0 AppleWebKit/537.36 (KHTML, like Gecko; compatible; ClaudeBot/1.0; [email protected])"
216.73.216.45 - - [18/Sep/2025:19:52:00 +0700] "GET /wp-includes/js/mediaelement/renderers/vimeo.js HTTP/1.1" 200 2893 "-" "Mozilla/5.0 AppleWebKit/537.36 (KHTML, like Gecko; compatible; ClaudeBot/1.0; [email protected])"
216.73.216.45 - - [18/Sep/2025:19:52:00 +0700] "GET /wp-content/plugins/imagify/inc/deprecated HTTP/1.1" 301 795 "-" "Mozilla/5.0 AppleWebKit/537.36 (KHTML, like Gecko; compatible; ClaudeBot/1.0; [email protected])"
216.73.216.45 - - [18/Sep/2025:19:52:00 +0700] "GET /wp-content/plugins/elementor/core/responsive/ HTTP/1.1" 200 687 "https://miraprihatini.com/wp-content/plugins/elementor/core/responsive" "Mozilla/5.0 AppleWebKit/537.36 (KHTML, like Gecko; compatible; ClaudeBot/1.0; [email protected])"
216.73.216.45 - - [18/Sep/2025:19:52:00 +0700] "GET /wp-content/plugins/elementor-pro%203.7.6/core/database HTTP/1.1" 301 795 "-" "Mozilla/5.0 AppleWebKit/537.36 (KHTML, like Gecko; compatible; ClaudeBot/1.0; [email protected])"
216.73.216.45 - - [18/Sep/2025:19:52:00 +0700] "GET /wp-includes/Requests/src/Utility/FilteredIterator.php HTTP/1.1" 404 179 "-" "Mozilla/5.0 AppleWebKit/537.36 (KHTML, like Gecko; compatible; ClaudeBot/1.0; [email protected])"
216.73.216.45 - - [18/Sep/2025:19:52:00 +0700] "GET /wp-content/plugins/imagify/inc/deprecated/ HTTP/1.1" 200 738 "https://miraprihatini.com/wp-content/plugins/imagify/inc/deprecated" "Mozilla/5.0 AppleWebKit/537.36 (KHTML, like Gecko; compatible; ClaudeBot/1.0; [email protected])"
216.73.216.45 - - [18/Sep/2025:19:52:00 +0700] "GET /wp-content/plugins/elementor-pro%203.7.6/modules/dynamic-tags HTTP/1.1" 301 795 "-" "Mozilla/5.0 AppleWebKit/537.36 (KHTML, like Gecko; compatible; ClaudeBot/1.0; [email protected])"
216.73.216.45 - - [18/Sep/2025:19:52:00 +0700] "GET /wp-includes/js/dist/vendor/wp-polyfill-formdata.js HTTP/1.1" 200 3364 "-" "Mozilla/5.0 AppleWebKit/537.36 (KHTML, like Gecko; compatible; ClaudeBot/1.0; [email protected])"
216.73.216.45 - - [18/Sep/2025:19:52:00 +0700] "GET /wp-content/plugins/elementor/core/breakpoints/ HTTP/1.1" 200 668 "https://miraprihatini.com/wp-content/plugins/elementor/core/breakpoints" "Mozilla/5.0 AppleWebKit/537.36 (KHTML, like Gecko; compatible; ClaudeBot/1.0; [email protected])"
216.73.216.45 - - [18/Sep/2025:19:52:01 +0700] "GET /wp-content/plugins/elementor/modules/styleguide/ HTTP/1.1" 200 685 "https://miraprihatini.com/wp-content/plugins/elementor/modules/styleguide" "Mozilla/5.0 AppleWebKit/537.36 (KHTML, like Gecko; compatible; ClaudeBot/1.0; [email protected])"
13.51.194.22 - - [18/Sep/2025:19:52:01 +0700] "HEAD / HTTP/1.1" 200 0 "-" "UptimeMonitor/1.0 (eu-north-1 https://uptime-monitor.io)"
216.73.216.45 - - [18/Sep/2025:19:52:01 +0700] "GET /wp-includes/js/dist/vendor/wp-polyfill-url.js HTTP/1.1" 200 23236 "-" "Mozilla/5.0 AppleWebKit/537.36 (KHTML, like Gecko; compatible; ClaudeBot/1.0; [email protected])"
216.73.216.45 - - [18/Sep/2025:19:52:01 +0700] "GET /wp-content/plugins/elementor-pro%203.7.6/core/database/ HTTP/1.1" 200 1068 "https://miraprihatini.com/wp-content/plugins/elementor-pro%203.7.6/core/database" "Mozilla/5.0 AppleWebKit/537.36 (KHTML, like Gecko; compatible; ClaudeBot/1.0; [email protected])"
216.73.216.45 - - [18/Sep/2025:19:52:01 +0700] "GET /wp-content/plugins/elementor/modules/styleguide HTTP/1.1" 301 795 "-" "Mozilla/5.0 AppleWebKit/537.36 (KHTML, like Gecko; compatible; ClaudeBot/1.0; [email protected])"
216.73.216.45 - - [18/Sep/2025:19:52:01 +0700] "GET /wp-includes/js/tinymce/plugins/wptextpattern HTTP/1.1" 301 795 "-" "Mozilla/5.0 AppleWebKit/537.36 (KHTML, like Gecko; compatible; ClaudeBot/1.0; [email protected])"
216.73.216.45 - - [18/Sep/2025:19:52:01 +0700] "GET /wp-content/plugins/elementor/modules/lazyload HTTP/1.1" 301 795 "-" "Mozilla/5.0 AppleWebKit/537.36 (KHTML, like Gecko; compatible; ClaudeBot/1.0; [email protected])"
216.73.216.45 - - [18/Sep/2025:19:52:01 +0700] "GET /wp-includes/js/dist/vendor/wp-polyfill-fetch.js HTTP/1.1" 200 5070 "-" "Mozilla/5.0 AppleWebKit/537.36 (KHTML, like Gecko; compatible; ClaudeBot/1.0; [email protected])"
216.73.216.45 - - [18/Sep/2025:19:52:01 +0700] "GET /wp-includes/js/tinymce/plugins/wptextpattern/ HTTP/1.1" 200 657 "https://miraprihatini.com/wp-includes/js/tinymce/plugins/wptextpattern" "Mozilla/5.0 AppleWebKit/537.36 (KHTML, like Gecko; compatible; ClaudeBot/1.0; [email protected])"
216.73.216.45 - - [18/Sep/2025:19:52:01 +0700] "GET /wp-content/plugins/elementor-pro%203.7.6/base/module-base.php HTTP/1.1" 200 0 "-" "Mozilla/5.0 AppleWebKit/537.36 (KHTML, like Gecko; compatible; ClaudeBot/1.0; [email protected])"
216.73.216.45 - - [18/Sep/2025:19:52:01 +0700] "GET /wp-content/plugins/elementor/modules/lazyload/ HTTP/1.1" 200 635 "https://miraprihatini.com/wp-content/plugins/elementor/modules/lazyload" "Mozilla/5.0 AppleWebKit/537.36 (KHTML, like Gecko; compatible; ClaudeBot/1.0; [email protected])"
216.73.216.45 - - [18/Sep/2025:19:52:01 +0700] "GET /wp-content/plugins/imagify/views/part-bulk-optimization-header.php HTTP/1.1" 200 18 "-" "Mozilla/5.0 AppleWebKit/537.36 (KHTML, like Gecko; compatible; ClaudeBot/1.0; [email protected])"
216.73.216.45 - - [18/Sep/2025:19:52:01 +0700] "GET /wp-content/plugins/elementor/modules/notes HTTP/1.1" 301 795 "-" "Mozilla/5.0 AppleWebKit/537.36 (KHTML, like Gecko; compatible; ClaudeBot/1.0; [email protected])"
216.73.216.45 - - [18/Sep/2025:19:52:01 +0700] "GET /wp-content/plugins/imagify/inc/main.php HTTP/1.1" 200 0 "-" "Mozilla/5.0 AppleWebKit/537.36 (KHTML, like Gecko; compatible; ClaudeBot/1.0; [email protected])"
216.73.216.45 - - [18/Sep/2025:19:52:01 +0700] "GET /wp-includes/js/dist/vendor/wp-polyfill-node-contains.js HTTP/1.1" 200 271 "-" "Mozilla/5.0 AppleWebKit/537.36 (KHTML, like Gecko; compatible; ClaudeBot/1.0; [email protected])"
216.73.216.45 - - [18/Sep/2025:19:52:01 +0700] "GET /wp-content/plugins/elementor/modules/notes/ HTTP/1.1" 200 635 "https://miraprihatini.com/wp-content/plugins/elementor/modules/notes" "Mozilla/5.0 AppleWebKit/537.36 (KHTML, like Gecko; compatible; ClaudeBot/1.0; [email protected])"
216.73.216.45 - - [18/Sep/2025:19:52:02 +0700] "GET /wp-includes/js/dist/vendor/wp-polyfill-object-fit.js HTTP/1.1" 200 2619 "-" "Mozilla/5.0 AppleWebKit/537.36 (KHTML, like Gecko; compatible; ClaudeBot/1.0; [email protected])"
216.73.216.45 - - [18/Sep/2025:19:52:02 +0700] "GET /wp-content/plugins/elementor/core/modules-manager.php HTTP/1.1" 200 0 "-" "Mozilla/5.0 AppleWebKit/537.36 (KHTML, like Gecko; compatible; ClaudeBot/1.0; [email protected])"
216.73.216.45 - - [18/Sep/2025:19:52:02 +0700] "GET /wp-includes/js/dist/vendor/lodash.js HTTP/1.1" 200 93692 "-" "Mozilla/5.0 AppleWebKit/537.36 (KHTML, like Gecko; compatible; ClaudeBot/1.0; [email protected])"
216.73.216.45 - - [18/Sep/2025:19:52:02 +0700] "GET /wp-content/plugins/elementor/core/frontend HTTP/1.1" 301 795 "-" "Mozilla/5.0 AppleWebKit/537.36 (KHTML, like Gecko; compatible; ClaudeBot/1.0; [email protected])"
216.73.216.45 - - [18/Sep/2025:19:52:02 +0700] "GET /wp-content/plugins/elementor/core/experiments HTTP/1.1" 301 795 "-" "Mozilla/5.0 AppleWebKit/537.36 (KHTML, like Gecko; compatible; ClaudeBot/1.0; [email protected])"
216.73.216.45 - - [18/Sep/2025:19:52:02 +0700] "GET /wp-content/plugins/elementor/core/frontend/ HTTP/1.1" 200 697 "https://miraprihatini.com/wp-content/plugins/elementor/core/frontend" "Mozilla/5.0 AppleWebKit/537.36 (KHTML, like Gecko; compatible; ClaudeBot/1.0; [email protected])"
216.73.216.45 - - [18/Sep/2025:19:52:02 +0700] "GET /wp-content/plugins/elementor/core/experiments/ HTTP/1.1" 200 1079 "https://miraprihatini.com/wp-content/plugins/elementor/core/experiments" "Mozilla/5.0 AppleWebKit/537.36 (KHTML, like Gecko; compatible; ClaudeBot/1.0; [email protected])"
216.73.216.45 - - [18/Sep/2025:19:52:02 +0700] "GET /wp-content/plugins/elementor/modules/dynamic-tags HTTP/1.1" 301 795 "-" "Mozilla/5.0 AppleWebKit/537.36 (KHTML, like Gecko; compatible; ClaudeBot/1.0; [email protected])"
216.73.216.45 - - [18/Sep/2025:19:52:02 +0700] "GET /wp-content/plugins/elementor-pro%203.7.6/core/utils.php HTTP/1.1" 200 0 "-" "Mozilla/5.0 AppleWebKit/537.36 (KHTML, like Gecko; compatible; ClaudeBot/1.0; [email protected])"
216.73.216.45 - - [18/Sep/2025:19:52:02 +0700] "GET /wp-content/plugins/elementor/modules/performance-lab HTTP/1.1" 301 795 "-" "Mozilla/5.0 AppleWebKit/537.36 (KHTML, like Gecko; compatible; ClaudeBot/1.0; [email protected])"
216.73.216.45 - - [18/Sep/2025:19:52:02 +0700] "GET /wp-content/plugins/elementor/modules/dynamic-tags/ HTTP/1.1" 200 645 "https://miraprihatini.com/wp-content/plugins/elementor/modules/dynamic-tags" "Mozilla/5.0 AppleWebKit/537.36 (KHTML, like Gecko; compatible; ClaudeBot/1.0; [email protected])"
216.73.216.45 - - [18/Sep/2025:19:52:02 +0700] "GET /wp-content/plugins/imagify/views/part-files-list-header.php HTTP/1.1" 200 18 "-" "Mozilla/5.0 AppleWebKit/537.36 (KHTML, like Gecko; compatible; ClaudeBot/1.0; [email protected])"
216.73.216.45 - - [18/Sep/2025:19:52:02 +0700] "GET /wp-content/plugins/elementor-pro%203.7.6/modules/custom-css HTTP/1.1" 301 795 "-" "Mozilla/5.0 AppleWebKit/537.36 (KHTML, like Gecko; compatible; ClaudeBot/1.0; [email protected])"
216.73.216.45 - - [18/Sep/2025:19:52:02 +0700] "GET /wp-content/plugins/elementor/modules/performance-lab/ HTTP/1.1" 200 640 "https://miraprihatini.com/wp-content/plugins/elementor/modules/performance-lab" "Mozilla/5.0 AppleWebKit/537.36 (KHTML, like Gecko; compatible; ClaudeBot/1.0; [email protected])"
216.73.216.45 - - [18/Sep/2025:19:52:03 +0700] "GET /wp-content/plugins/elementor/modules/elements-color-picker HTTP/1.1" 301 795 "-" "Mozilla/5.0 AppleWebKit/537.36 (KHTML, like Gecko; compatible; ClaudeBot/1.0; [email protected])"
216.73.216.45 - - [18/Sep/2025:19:52:03 +0700] "GET /wp-content/plugins/elementor-pro%203.7.6/modules/custom-css/ HTTP/1.1" 200 702 "https://miraprihatini.com/wp-content/plugins/elementor-pro%203.7.6/modules/custom-css" "Mozilla/5.0 AppleWebKit/537.36 (KHTML, like Gecko; compatible; ClaudeBot/1.0; [email protected])"
216.73.216.45 - - [18/Sep/2025:19:52:03 +0700] "GET /wp-includes/Requests/src/Utility/InputValidator.php HTTP/1.1" 404 179 "-" "Mozilla/5.0 AppleWebKit/537.36 (KHTML, like Gecko; compatible; ClaudeBot/1.0; [email protected])"
216.73.216.45 - - [18/Sep/2025:19:52:03 +0700] "GET /wp-includes/Requests/src/Exception/Http.php HTTP/1.1" 404 179 "-" "Mozilla/5.0 AppleWebKit/537.36 (KHTML, like Gecko; compatible; ClaudeBot/1.0; [email protected])"
216.73.216.45 - - [18/Sep/2025:19:52:03 +0700] "GET /wp-content/plugins/elementor/modules/elements-color-picker/ HTTP/1.1" 200 644 "https://miraprihatini.com/wp-content/plugins/elementor/modules/elements-color-picker" "Mozilla/5.0 AppleWebKit/537.36 (KHTML, like Gecko; compatible; ClaudeBot/1.0; [email protected])"
216.73.216.45 - - [18/Sep/2025:19:52:03 +0700] "GET /wp-content/plugins/elementor/core/wp-api.php HTTP/1.1" 200 0 "-" "Mozilla/5.0 AppleWebKit/537.36 (KHTML, like Gecko; compatible; ClaudeBot/1.0; [email protected])"
216.73.216.45 - - [18/Sep/2025:19:52:03 +0700] "GET /wp-content/plugins/imagify/inc/classes HTTP/1.1" 301 795 "-" "Mozilla/5.0 AppleWebKit/537.36 (KHTML, like Gecko; compatible; ClaudeBot/1.0; [email protected])"
216.73.216.45 - - [18/Sep/2025:19:52:03 +0700] "GET /wp-includes/Requests/src/Proxy/Http.php HTTP/1.1" 404 179 "-" "Mozilla/5.0 AppleWebKit/537.36 (KHTML, like Gecko; compatible; ClaudeBot/1.0; [email protected])"
216.73.216.45 - - [18/Sep/2025:19:52:03 +0700] "GET /wp-includes/js/dist/vendor/react.js HTTP/1.1" 200 23691 "-" "Mozilla/5.0 AppleWebKit/537.36 (KHTML, like Gecko; compatible; ClaudeBot/1.0; [email protected])"
216.73.216.45 - - [18/Sep/2025:19:52:03 +0700] "GET /wp-includes/js/dist/vendor/react-dom.js HTTP/1.1" 200 247787 "-" "Mozilla/5.0 AppleWebKit/537.36 (KHTML, like Gecko; compatible; ClaudeBot/1.0; [email protected])"
216.73.216.45 - - [18/Sep/2025:19:52:03 +0700] "GET /wp-content/plugins/imagify/inc/classes/ HTTP/1.1" 200 1670 "https://miraprihatini.com/wp-content/plugins/imagify/inc/classes" "Mozilla/5.0 AppleWebKit/537.36 (KHTML, like Gecko; compatible; ClaudeBot/1.0; [email protected])"
16.62.89.3 - - [18/Sep/2025:19:52:31 +0700] "HEAD / HTTP/1.1" 200 0 "-" "UptimeMonitor/1.0 (eu-central-2 https://uptime-monitor.io)"
54.234.52.71 - - [18/Sep/2025:19:53:01 +0700] "HEAD / HTTP/1.1" 200 0 "-" "UptimeMonitor/1.0 (us-east-1 https://uptime-monitor.io)"
13.51.194.22 - - [18/Sep/2025:19:53:31 +0700] "HEAD / HTTP/1.1" 200 0 "-" "UptimeMonitor/1.0 (eu-north-1 https://uptime-monitor.io)"
16.62.89.3 - - [18/Sep/2025:19:54:01 +0700] "HEAD / HTTP/1.1" 200 0 "-" "UptimeMonitor/1.0 (eu-central-2 https://uptime-monitor.io)"
54.234.52.71 - - [18/Sep/2025:19:54:31 +0700] "HEAD / HTTP/1.1" 200 0 "-" "UptimeMonitor/1.0 (us-east-1 https://uptime-monitor.io)"
13.51.194.22 - - [18/Sep/2025:19:55:01 +0700] "HEAD / HTTP/1.1" 200 0 "-" "UptimeMonitor/1.0 (eu-north-1 https://uptime-monitor.io)"
78.47.98.55 - - [18/Sep/2025:19:55:15 +0700] "HEAD / HTTP/1.1" 200 0 "https://www.miraprihatini.com" "Mozilla/5.0+(compatible; UptimeRobot/2.0; http://www.uptimerobot.com/)"
16.62.89.3 - - [18/Sep/2025:19:55:31 +0700] "HEAD / HTTP/1.1" 200 0 "-" "UptimeMonitor/1.0 (eu-central-2 https://uptime-monitor.io)"
54.234.52.71 - - [18/Sep/2025:19:56:01 +0700] "HEAD / HTTP/1.1" 200 0 "-" "UptimeMonitor/1.0 (us-east-1 https://uptime-monitor.io)"
13.51.194.22 - - [18/Sep/2025:19:56:31 +0700] "HEAD / HTTP/1.1" 200 0 "-" "UptimeMonitor/1.0 (eu-north-1 https://uptime-monitor.io)"
16.62.89.3 - - [18/Sep/2025:19:57:01 +0700] "HEAD / HTTP/1.1" 200 0 "-" "UptimeMonitor/1.0 (eu-central-2 https://uptime-monitor.io)"
2a05:f480:2000:16b5:5400:3ff:fe9e:32a9 - - [18/Sep/2025:19:57:20 +0700] "HEAD / HTTP/1.1" 200 0 "-" "Mozilla/5.0 (compatible; monitoring360bot/1.1; +https://app.360monitoring.com/bot.html)"
54.234.52.71 - - [18/Sep/2025:19:57:31 +0700] "HEAD / HTTP/1.1" 200 0 "-" "UptimeMonitor/1.0 (us-east-1 https://uptime-monitor.io)"
13.51.194.22 - - [18/Sep/2025:19:58:01 +0700] "HEAD / HTTP/1.1" 200 0 "-" "UptimeMonitor/1.0 (eu-north-1 https://uptime-monitor.io)"
16.62.89.3 - - [18/Sep/2025:19:58:31 +0700] "HEAD / HTTP/1.1" 200 0 "-" "UptimeMonitor/1.0 (eu-central-2 https://uptime-monitor.io)"
54.234.52.71 - - [18/Sep/2025:19:59:01 +0700] "HEAD / HTTP/1.1" 200 0 "-" "UptimeMonitor/1.0 (us-east-1 https://uptime-monitor.io)"
13.51.194.22 - - [18/Sep/2025:19:59:31 +0700] "HEAD / HTTP/1.1" 200 0 "-" "UptimeMonitor/1.0 (eu-north-1 https://uptime-monitor.io)"
205.169.39.181 - - [18/Sep/2025:19:59:40 +0700] "GET / HTTP/1.1" 200 2068 "-" "Mozilla/5.0 (Windows NT 6.1; Win64; x64) AppleWebKit/537.36 (KHTML, like Gecko) Chrome/83.0.4103.61 Safari/537.36"
205.169.39.181 - - [18/Sep/2025:19:59:40 +0700] "GET /_autoindex/assets/js/tablesort.js HTTP/1.1" 304 0 "http://miraprihatini.com/" "Mozilla/5.0 (Windows NT 6.1; Win64; x64) AppleWebKit/537.36 (KHTML, like Gecko) Chrome/83.0.4103.61 Safari/537.36"
205.169.39.181 - - [18/Sep/2025:19:59:41 +0700] "GET /_autoindex/assets/js/tablesort.number.js HTTP/1.1" 304 0 "http://miraprihatini.com/" "Mozilla/5.0 (Windows NT 6.1; Win64; x64) AppleWebKit/537.36 (KHTML, like Gecko) Chrome/83.0.4103.61 Safari/537.36"
205.169.39.181 - - [18/Sep/2025:19:59:44 +0700] "GET / HTTP/1.1" 200 2068 "-" "Mozilla/5.0 (Windows NT 10.0; Win64; x64) AppleWebKit/537.36 (KHTML, like Gecko) Chrome/79.0.3945.79 Safari/537.36"
16.62.89.3 - - [18/Sep/2025:20:00:01 +0700] "HEAD / HTTP/1.1" 200 0 "-" "UptimeMonitor/1.0 (eu-central-2 https://uptime-monitor.io)"
3.77.67.4 - - [18/Sep/2025:20:00:19 +0700] "HEAD / HTTP/1.1" 200 0 "https://www.miraprihatini.com" "Mozilla/5.0+(compatible; UptimeRobot/2.0; http://www.uptimerobot.com/)"
54.234.52.71 - - [18/Sep/2025:20:00:31 +0700] "HEAD / HTTP/1.1" 200 0 "-" "UptimeMonitor/1.0 (us-east-1 https://uptime-monitor.io)"
43.135.115.233 - - [18/Sep/2025:20:00:53 +0700] "GET / HTTP/1.1" 200 2072 "-" "Mozilla/5.0 (iPhone; CPU iPhone OS 13_2_3 like Mac OS X) AppleWebKit/605.1.15 (KHTML, like Gecko) Version/13.0.3 Mobile/15E148 Safari/604.1"
13.51.194.22 - - [18/Sep/2025:20:01:01 +0700] "HEAD / HTTP/1.1" 200 0 "-" "UptimeMonitor/1.0 (eu-north-1 https://uptime-monitor.io)"
16.62.89.3 - - [18/Sep/2025:20:01:31 +0700] "HEAD / HTTP/1.1" 200 0 "-" "UptimeMonitor/1.0 (eu-central-2 https://uptime-monitor.io)"
54.234.52.71 - - [18/Sep/2025:20:02:01 +0700] "HEAD / HTTP/1.1" 200 0 "-" "UptimeMonitor/1.0 (us-east-1 https://uptime-monitor.io)"
13.51.194.22 - - [18/Sep/2025:20:02:31 +0700] "HEAD / HTTP/1.1" 200 0 "-" "UptimeMonitor/1.0 (eu-north-1 https://uptime-monitor.io)"
16.62.89.3 - - [18/Sep/2025:20:03:01 +0700] "HEAD / HTTP/1.1" 200 0 "-" "UptimeMonitor/1.0 (eu-central-2 https://uptime-monitor.io)"
54.234.52.71 - - [18/Sep/2025:20:03:31 +0700] "HEAD / HTTP/1.1" 200 0 "-" "UptimeMonitor/1.0 (us-east-1 https://uptime-monitor.io)"
13.51.194.22 - - [18/Sep/2025:20:04:01 +0700] "HEAD / HTTP/1.1" 200 0 "-" "UptimeMonitor/1.0 (eu-north-1 https://uptime-monitor.io)"
16.62.89.3 - - [18/Sep/2025:20:04:31 +0700] "HEAD / HTTP/1.1" 200 0 "-" "UptimeMonitor/1.0 (eu-central-2 https://uptime-monitor.io)"
54.234.52.71 - - [18/Sep/2025:20:05:01 +0700] "HEAD / HTTP/1.1" 200 0 "-" "UptimeMonitor/1.0 (us-east-1 https://uptime-monitor.io)"
159.69.158.189 - - [18/Sep/2025:20:05:23 +0700] "HEAD / HTTP/1.1" 200 0 "https://www.miraprihatini.com" "Mozilla/5.0+(compatible; UptimeRobot/2.0; http://www.uptimerobot.com/)"
13.51.194.22 - - [18/Sep/2025:20:05:31 +0700] "HEAD / HTTP/1.1" 200 0 "-" "UptimeMonitor/1.0 (eu-north-1 https://uptime-monitor.io)"
16.62.89.3 - - [18/Sep/2025:20:06:01 +0700] "HEAD / HTTP/1.1" 200 0 "-" "UptimeMonitor/1.0 (eu-central-2 https://uptime-monitor.io)"
113.192.8.160 - - [18/Sep/2025:20:06:08 +0700] "POST /xmlrpc.php HTTP/1.1" 403 1242 "http://miraprihatini.com" "Mozilla/5.0 (Macintosh; Intel Mac OS X 10_15_7) AppleWebKit/537.36 (KHTML, like Gecko) Chrome/113.0.5672.93 Safari/537.36"
54.234.52.71 - - [18/Sep/2025:20:06:31 +0700] "HEAD / HTTP/1.1" 200 0 "-" "UptimeMonitor/1.0 (us-east-1 https://uptime-monitor.io)"
13.51.194.22 - - [18/Sep/2025:20:07:01 +0700] "HEAD / HTTP/1.1" 200 0 "-" "UptimeMonitor/1.0 (eu-north-1 https://uptime-monitor.io)"
16.62.89.3 - - [18/Sep/2025:20:07:31 +0700] "HEAD / HTTP/1.1" 200 0 "-" "UptimeMonitor/1.0 (eu-central-2 https://uptime-monitor.io)"
54.234.52.71 - - [18/Sep/2025:20:08:01 +0700] "HEAD / HTTP/1.1" 200 0 "-" "UptimeMonitor/1.0 (us-east-1 https://uptime-monitor.io)"
5.104.85.58 - - [18/Sep/2025:20:08:21 +0700] "GET / HTTP/1.1" 200 1751 "-" "Mozilla/5.0 (Macintosh; Intel Mac OS X 10_15_7) AppleWebKit/537.36 (KHTML, like Gecko) Chrome/93.0.4577.0 Safari/537.36"
13.51.194.22 - - [18/Sep/2025:20:08:31 +0700] "HEAD / HTTP/1.1" 200 0 "-" "UptimeMonitor/1.0 (eu-north-1 https://uptime-monitor.io)"
16.62.89.3 - - [18/Sep/2025:20:09:01 +0700] "HEAD / HTTP/1.1" 200 0 "-" "UptimeMonitor/1.0 (eu-central-2 https://uptime-monitor.io)"
54.234.52.71 - - [18/Sep/2025:20:09:31 +0700] "HEAD / HTTP/1.1" 200 0 "-" "UptimeMonitor/1.0 (us-east-1 https://uptime-monitor.io)"
13.51.194.22 - - [18/Sep/2025:20:10:01 +0700] "HEAD / HTTP/1.1" 200 0 "-" "UptimeMonitor/1.0 (eu-north-1 https://uptime-monitor.io)"
2a05:d014:1815:3400:d784:e5dd:8e0:67cb - - [18/Sep/2025:20:10:26 +0700] "HEAD / HTTP/1.1" 200 0 "https://www.miraprihatini.com" "Mozilla/5.0+(compatible; UptimeRobot/2.0; http://www.uptimerobot.com/)"
16.62.89.3 - - [18/Sep/2025:20:10:31 +0700] "HEAD / HTTP/1.1" 200 0 "-" "UptimeMonitor/1.0 (eu-central-2 https://uptime-monitor.io)"
54.234.52.71 - - [18/Sep/2025:20:11:01 +0700] "HEAD / HTTP/1.1" 200 0 "-" "UptimeMonitor/1.0 (us-east-1 https://uptime-monitor.io)"
13.51.194.22 - - [18/Sep/2025:20:11:31 +0700] "HEAD / HTTP/1.1" 200 0 "-" "UptimeMonitor/1.0 (eu-north-1 https://uptime-monitor.io)"
16.62.89.3 - - [18/Sep/2025:20:12:01 +0700] "HEAD / HTTP/1.1" 200 0 "-" "UptimeMonitor/1.0 (eu-central-2 https://uptime-monitor.io)"
47.82.11.28 - - [18/Sep/2025:20:12:15 +0700] "GET /wp-includes/fonts/ HTTP/1.1" 200 1160 "https://miraprihatini.com/" "Mozilla/5.0 (Windows NT 10.0; Win64; x64) AppleWebKit/537.36 (KHTML, like Gecko) Chrome/135.0.0.0 Safari/537.36 Edg/135.0.0.0"
47.82.11.28 - - [18/Sep/2025:20:12:15 +0700] "GET /wp-includes/fonts HTTP/1.1" 301 795 "https://miraprihatini.com/" "Mozilla/5.0 (Windows NT 10.0; Win64; x64) AppleWebKit/537.36 (KHTML, like Gecko) Chrome/135.0.0.0 Safari/537.36 Edg/135.0.0.0"
54.234.52.71 - - [18/Sep/2025:20:12:31 +0700] "HEAD / HTTP/1.1" 200 0 "-" "UptimeMonitor/1.0 (us-east-1 https://uptime-monitor.io)"
13.51.194.22 - - [18/Sep/2025:20:13:01 +0700] "HEAD / HTTP/1.1" 200 0 "-" "UptimeMonitor/1.0 (eu-north-1 https://uptime-monitor.io)"
16.62.89.3 - - [18/Sep/2025:20:13:31 +0700] "HEAD / HTTP/1.1" 200 0 "-" "UptimeMonitor/1.0 (eu-central-2 https://uptime-monitor.io)"
54.234.52.71 - - [18/Sep/2025:20:14:01 +0700] "HEAD / HTTP/1.1" 200 0 "-" "UptimeMonitor/1.0 (us-east-1 https://uptime-monitor.io)"
13.51.194.22 - - [18/Sep/2025:20:14:31 +0700] "HEAD / HTTP/1.1" 200 0 "-" "UptimeMonitor/1.0 (eu-north-1 https://uptime-monitor.io)"
16.62.89.3 - - [18/Sep/2025:20:15:01 +0700] "HEAD / HTTP/1.1" 200 0 "-" "UptimeMonitor/1.0 (eu-central-2 https://uptime-monitor.io)"
2a01:4f8:c013:34c0::1 - - [18/Sep/2025:20:15:30 +0700] "HEAD / HTTP/1.1" 200 0 "https://www.miraprihatini.com" "Mozilla/5.0+(compatible; UptimeRobot/2.0; http://www.uptimerobot.com/)"
54.234.52.71 - - [18/Sep/2025:20:15:31 +0700] "HEAD / HTTP/1.1" 200 0 "-" "UptimeMonitor/1.0 (us-east-1 https://uptime-monitor.io)"
13.51.194.22 - - [18/Sep/2025:20:16:01 +0700] "HEAD / HTTP/1.1" 200 0 "-" "UptimeMonitor/1.0 (eu-north-1 https://uptime-monitor.io)"
16.62.89.3 - - [18/Sep/2025:20:16:31 +0700] "HEAD / HTTP/1.1" 200 0 "-" "UptimeMonitor/1.0 (eu-central-2 https://uptime-monitor.io)"
54.234.52.71 - - [18/Sep/2025:20:17:01 +0700] "HEAD / HTTP/1.1" 200 0 "-" "UptimeMonitor/1.0 (us-east-1 https://uptime-monitor.io)"
13.51.194.22 - - [18/Sep/2025:20:17:31 +0700] "HEAD / HTTP/1.1" 200 0 "-" "UptimeMonitor/1.0 (eu-north-1 https://uptime-monitor.io)"
16.62.89.3 - - [18/Sep/2025:20:18:01 +0700] "HEAD / HTTP/1.1" 200 0 "-" "UptimeMonitor/1.0 (eu-central-2 https://uptime-monitor.io)"
54.234.52.71 - - [18/Sep/2025:20:18:31 +0700] "HEAD / HTTP/1.1" 200 0 "-" "UptimeMonitor/1.0 (us-east-1 https://uptime-monitor.io)"
13.51.194.22 - - [18/Sep/2025:20:19:01 +0700] "HEAD / HTTP/1.1" 200 0 "-" "UptimeMonitor/1.0 (eu-north-1 https://uptime-monitor.io)"
216.73.216.45 - - [18/Sep/2025:20:19:21 +0700] "GET /sitemap.xml HTTP/1.1" 404 179 "-" "Mozilla/5.0 AppleWebKit/537.36 (KHTML, like Gecko; compatible; ClaudeBot/1.0; [email protected])"
16.62.89.3 - - [18/Sep/2025:20:19:31 +0700] "HEAD / HTTP/1.1" 200 0 "-" "UptimeMonitor/1.0 (eu-central-2 https://uptime-monitor.io)"
54.234.52.71 - - [18/Sep/2025:20:20:01 +0700] "HEAD / HTTP/1.1" 200 0 "-" "UptimeMonitor/1.0 (us-east-1 https://uptime-monitor.io)"
13.51.194.22 - - [18/Sep/2025:20:20:32 +0700] "HEAD / HTTP/1.1" 200 0 "-" "UptimeMonitor/1.0 (eu-north-1 https://uptime-monitor.io)"
18.193.252.127 - - [18/Sep/2025:20:20:33 +0700] "HEAD / HTTP/1.1" 200 0 "https://www.miraprihatini.com" "Mozilla/5.0+(compatible; UptimeRobot/2.0; http://www.uptimerobot.com/)"
16.62.89.3 - - [18/Sep/2025:20:21:01 +0700] "HEAD / HTTP/1.1" 200 0 "-" "UptimeMonitor/1.0 (eu-central-2 https://uptime-monitor.io)"
85.203.47.7 - - [18/Sep/2025:20:21:09 +0700] "GET /wp-admin HTTP/1.1" 301 795 "https://www.miraprihatini.com/" "Mozilla/5.0 (Macintosh; Intel Mac OS X 12_5) AppleWebKit/605.1.15 (KHTML, like Gecko) Version/15.4 Safari/605.1.15"
85.203.47.19 - - [18/Sep/2025:20:21:09 +0700] "GET /wp-admin/ HTTP/1.1" 302 0 "https://www.miraprihatini.com/wp-admin" "Mozilla/5.0 (Macintosh; Intel Mac OS X 12_5) AppleWebKit/605.1.15 (KHTML, like Gecko) Version/15.4 Safari/605.1.15"
85.203.47.44 - - [18/Sep/2025:20:21:10 +0700] "GET /wp-login.php?redirect_to=https%3A%2F%2Fwww.miraprihatini.com%2Fwp-admin%2F&reauth=1 HTTP/1.1" 200 1727 "https://www.miraprihatini.com/wp-admin/" "Mozilla/5.0 (Macintosh; Intel Mac OS X 12_5) AppleWebKit/605.1.15 (KHTML, like Gecko) Version/15.4 Safari/605.1.15"
85.203.47.28 - - [18/Sep/2025:20:21:11 +0700] "GET /wp-login.php HTTP/1.1" 200 1727 "https://www.miraprihatini.com/wp-login.php?redirect_to=https%3A%2F%2Fwww.miraprihatini.com%2Fwp-admin%2F&reauth=1" "Mozilla/5.0 (Windows NT 6.3; Win64; x64) AppleWebKit/537.36 (KHTML, like Gecko) Chrome/103.0.0.0 Safari/537.36"
85.203.47.41 - - [18/Sep/2025:20:21:11 +0700] "POST /wp-login.php HTTP/1.1" 302 0 "https://www.miraprihatini.com/wp-login.php" "Mozilla/5.0 (Windows NT 6.3; Win64; x64) AppleWebKit/537.36 (KHTML, like Gecko) Chrome/103.0.0.0 Safari/537.36"
85.203.47.12 - - [18/Sep/2025:20:21:12 +0700] "GET /wp-admin/ HTTP/1.1" 200 21861 "https://www.miraprihatini.com/wp-login.php" "Mozilla/5.0 (Windows NT 6.3; Win64; x64) AppleWebKit/537.36 (KHTML, like Gecko) Chrome/103.0.0.0 Safari/537.36"
85.203.47.7 - - [18/Sep/2025:20:21:12 +0700] "GET /xmlrpc.php HTTP/1.1" 403 1242 "https://www.miraprihatini.com/wp-admin/" "Mozilla/5.0 (Windows NT 6.3; Win64; x64) AppleWebKit/537.36 (KHTML, like Gecko) Chrome/103.0.0.0 Safari/537.36"
85.203.47.19 - - [18/Sep/2025:20:21:13 +0700] "GET /wp-admin HTTP/1.1" 301 795 "https://www.miraprihatini.com/xmlrpc.php" "Mozilla/5.0 (Windows NT 6.3; Win64; x64) AppleWebKit/537.36 (KHTML, like Gecko) Chrome/103.0.0.0 Safari/537.36"
85.203.47.50 - - [18/Sep/2025:20:21:13 +0700] "GET /wp-admin/ HTTP/1.1" 200 21861 "https://www.miraprihatini.com/wp-admin" "Mozilla/5.0 (Windows NT 6.3; Win64; x64) AppleWebKit/537.36 (KHTML, like Gecko) Chrome/103.0.0.0 Safari/537.36"
85.203.47.28 - - [18/Sep/2025:20:21:14 +0700] "GET /wp-admin HTTP/1.1" 301 795 "https://www.miraprihatini.com/wp-admin/" "Mozilla/5.0 (Windows NT 6.3; Win64; x64) AppleWebKit/537.36 (KHTML, like Gecko) Chrome/103.0.0.0 Safari/537.36"
85.203.47.26 - - [18/Sep/2025:20:21:14 +0700] "GET /wp-admin/ HTTP/1.1" 200 21862 "https://www.miraprihatini.com/wp-admin" "Mozilla/5.0 (Windows NT 6.3; Win64; x64) AppleWebKit/537.36 (KHTML, like Gecko) Chrome/103.0.0.0 Safari/537.36"
85.203.47.9 - - [18/Sep/2025:20:21:15 +0700] "GET /wp-admin/post-new.php HTTP/1.1" 200 66413 "https://www.miraprihatini.com/wp-admin/" "Mozilla/5.0 (Windows NT 6.3; Win64; x64) AppleWebKit/537.36 (KHTML, like Gecko) Chrome/103.0.0.0 Safari/537.36"
85.203.47.56 - - [18/Sep/2025:20:21:16 +0700] "POST /wp-json/wp/v2/posts?_wpnonce=80bf38e0ff HTTP/1.1" 404 179 "https://www.miraprihatini.com/wp-admin/post-new.php" "Mozilla/5.0 (Windows NT 6.3; Win64; x64) AppleWebKit/537.36 (KHTML, like Gecko) Chrome/103.0.0.0 Safari/537.36"
85.203.47.49 - - [18/Sep/2025:20:21:17 +0700] "GET /?p= HTTP/1.1" 200 1753 "https://www.miraprihatini.com/" "Mozilla/5.0 (Windows NT 6.3; Win64; x64) AppleWebKit/537.36 (KHTML, like Gecko) Chrome/103.0.0.0 Safari/537.36"
54.234.52.71 - - [18/Sep/2025:20:21:31 +0700] "HEAD / HTTP/1.1" 200 0 "-" "UptimeMonitor/1.0 (us-east-1 https://uptime-monitor.io)"
13.51.194.22 - - [18/Sep/2025:20:22:01 +0700] "HEAD / HTTP/1.1" 200 0 "-" "UptimeMonitor/1.0 (eu-north-1 https://uptime-monitor.io)"
16.62.89.3 - - [18/Sep/2025:20:22:31 +0700] "HEAD / HTTP/1.1" 200 0 "-" "UptimeMonitor/1.0 (eu-central-2 https://uptime-monitor.io)"
54.234.52.71 - - [18/Sep/2025:20:23:01 +0700] "HEAD / HTTP/1.1" 200 0 "-" "UptimeMonitor/1.0 (us-east-1 https://uptime-monitor.io)"
2a05:f480:2000:16b5:5400:3ff:fe9e:32a9 - - [18/Sep/2025:20:23:20 +0700] "HEAD / HTTP/1.1" 200 0 "-" "Mozilla/5.0 (compatible; monitoring360bot/1.1; +https://app.360monitoring.com/bot.html)"
13.51.194.22 - - [18/Sep/2025:20:23:31 +0700] "HEAD / HTTP/1.1" 200 0 "-" "UptimeMonitor/1.0 (eu-north-1 https://uptime-monitor.io)"
16.62.89.3 - - [18/Sep/2025:20:24:01 +0700] "HEAD / HTTP/1.1" 200 0 "-" "UptimeMonitor/1.0 (eu-central-2 https://uptime-monitor.io)"
54.234.52.71 - - [18/Sep/2025:20:24:31 +0700] "HEAD / HTTP/1.1" 200 0 "-" "UptimeMonitor/1.0 (us-east-1 https://uptime-monitor.io)"
13.51.194.22 - - [18/Sep/2025:20:25:01 +0700] "HEAD / HTTP/1.1" 200 0 "-" "UptimeMonitor/1.0 (eu-north-1 https://uptime-monitor.io)"
16.62.89.3 - - [18/Sep/2025:20:25:31 +0700] "HEAD / HTTP/1.1" 200 0 "-" "UptimeMonitor/1.0 (eu-central-2 https://uptime-monitor.io)"
5.182.209.204 - - [18/Sep/2025:20:25:34 +0700] "POST /xmlrpc.php HTTP/1.1" 403 1242 "http://miraprihatini.com" "Mozilla/5.0 (Windows NT 10.0; Win64; x64; rv:126.0) Gecko/20100101 Firefox/126.0"
78.46.215.1 - - [18/Sep/2025:20:25:37 +0700] "HEAD / HTTP/1.1" 200 0 "https://www.miraprihatini.com" "Mozilla/5.0+(compatible; UptimeRobot/2.0; http://www.uptimerobot.com/)"
54.234.52.71 - - [18/Sep/2025:20:26:01 +0700] "HEAD / HTTP/1.1" 200 0 "-" "UptimeMonitor/1.0 (us-east-1 https://uptime-monitor.io)"
13.51.194.22 - - [18/Sep/2025:20:26:31 +0700] "HEAD / HTTP/1.1" 200 0 "-" "UptimeMonitor/1.0 (eu-north-1 https://uptime-monitor.io)"
16.62.89.3 - - [18/Sep/2025:20:27:01 +0700] "HEAD / HTTP/1.1" 200 0 "-" "UptimeMonitor/1.0 (eu-central-2 https://uptime-monitor.io)"
54.234.52.71 - - [18/Sep/2025:20:27:31 +0700] "HEAD / HTTP/1.1" 200 0 "-" "UptimeMonitor/1.0 (us-east-1 https://uptime-monitor.io)"
13.51.194.22 - - [18/Sep/2025:20:28:01 +0700] "HEAD / HTTP/1.1" 200 0 "-" "UptimeMonitor/1.0 (eu-north-1 https://uptime-monitor.io)"
16.62.89.3 - - [18/Sep/2025:20:28:31 +0700] "HEAD / HTTP/1.1" 200 0 "-" "UptimeMonitor/1.0 (eu-central-2 https://uptime-monitor.io)"
54.234.52.71 - - [18/Sep/2025:20:29:01 +0700] "HEAD / HTTP/1.1" 200 0 "-" "UptimeMonitor/1.0 (us-east-1 https://uptime-monitor.io)"
13.51.194.22 - - [18/Sep/2025:20:29:31 +0700] "HEAD / HTTP/1.1" 200 0 "-" "UptimeMonitor/1.0 (eu-north-1 https://uptime-monitor.io)"
54.234.52.71 - - [18/Sep/2025:20:30:31 +0700] "HEAD / HTTP/1.1" 200 0 "-" "UptimeMonitor/1.0 (us-east-1 https://uptime-monitor.io)"
3.77.67.4 - - [18/Sep/2025:20:30:41 +0700] "HEAD / HTTP/1.1" 200 0 "https://www.miraprihatini.com" "Mozilla/5.0+(compatible; UptimeRobot/2.0; http://www.uptimerobot.com/)"
13.51.194.22 - - [18/Sep/2025:20:31:01 +0700] "HEAD / HTTP/1.1" 200 0 "-" "UptimeMonitor/1.0 (eu-north-1 https://uptime-monitor.io)"
47.82.11.29 - - [18/Sep/2025:20:31:07 +0700] "GET /wp-includes/l10n HTTP/1.1" 301 795 "https://miraprihatini.com/" "Mozilla/5.0 (Windows NT 10.0; Win64; x64) AppleWebKit/537.36 (KHTML, like Gecko) Chrome/135.0.0.0 Safari/537.36"
47.82.11.29 - - [18/Sep/2025:20:31:07 +0700] "GET /wp-includes/l10n/ HTTP/1.1" 200 1062 "https://miraprihatini.com/" "Mozilla/5.0 (Windows NT 10.0; Win64; x64) AppleWebKit/537.36 (KHTML, like Gecko) Chrome/135.0.0.0 Safari/537.36"
16.62.89.3 - - [18/Sep/2025:20:31:31 +0700] "HEAD / HTTP/1.1" 200 0 "-" "UptimeMonitor/1.0 (eu-central-2 https://uptime-monitor.io)"
54.234.52.71 - - [18/Sep/2025:20:32:01 +0700] "HEAD / HTTP/1.1" 200 0 "-" "UptimeMonitor/1.0 (us-east-1 https://uptime-monitor.io)"
13.51.194.22 - - [18/Sep/2025:20:32:31 +0700] "HEAD / HTTP/1.1" 200 0 "-" "UptimeMonitor/1.0 (eu-north-1 https://uptime-monitor.io)"
16.62.89.3 - - [18/Sep/2025:20:33:01 +0700] "HEAD / HTTP/1.1" 200 0 "-" "UptimeMonitor/1.0 (eu-central-2 https://uptime-monitor.io)"
54.234.52.71 - - [18/Sep/2025:20:33:31 +0700] "HEAD / HTTP/1.1" 200 0 "-" "UptimeMonitor/1.0 (us-east-1 https://uptime-monitor.io)"
13.51.194.22 - - [18/Sep/2025:20:34:01 +0700] "HEAD / HTTP/1.1" 200 0 "-" "UptimeMonitor/1.0 (eu-north-1 https://uptime-monitor.io)"
16.62.89.3 - - [18/Sep/2025:20:34:31 +0700] "HEAD / HTTP/1.1" 200 0 "-" "UptimeMonitor/1.0 (eu-central-2 https://uptime-monitor.io)"
54.234.52.71 - - [18/Sep/2025:20:35:01 +0700] "HEAD / HTTP/1.1" 200 0 "-" "UptimeMonitor/1.0 (us-east-1 https://uptime-monitor.io)"
13.51.194.22 - - [18/Sep/2025:20:35:31 +0700] "HEAD / HTTP/1.1" 200 0 "-" "UptimeMonitor/1.0 (eu-north-1 https://uptime-monitor.io)"
18.192.166.72 - - [18/Sep/2025:20:35:44 +0700] "HEAD / HTTP/1.1" 200 0 "https://www.miraprihatini.com" "Mozilla/5.0+(compatible; UptimeRobot/2.0; http://www.uptimerobot.com/)"
16.62.89.3 - - [18/Sep/2025:20:36:01 +0700] "HEAD / HTTP/1.1" 200 0 "-" "UptimeMonitor/1.0 (eu-central-2 https://uptime-monitor.io)"
54.234.52.71 - - [18/Sep/2025:20:36:31 +0700] "HEAD / HTTP/1.1" 200 0 "-" "UptimeMonitor/1.0 (us-east-1 https://uptime-monitor.io)"
13.51.194.22 - - [18/Sep/2025:20:37:01 +0700] "HEAD / HTTP/1.1" 200 0 "-" "UptimeMonitor/1.0 (eu-north-1 https://uptime-monitor.io)"
16.62.89.3 - - [18/Sep/2025:20:37:31 +0700] "HEAD / HTTP/1.1" 200 0 "-" "UptimeMonitor/1.0 (eu-central-2 https://uptime-monitor.io)"
54.234.52.71 - - [18/Sep/2025:20:38:01 +0700] "HEAD / HTTP/1.1" 200 0 "-" "UptimeMonitor/1.0 (us-east-1 https://uptime-monitor.io)"
2a0a:c801:1:a::141 - - [18/Sep/2025:20:38:24 +0700] "POST /xmlrpc.php HTTP/1.1" 403 1242 "http://miraprihatini.com" "Mozilla/5.0 (Macintosh; Intel Mac OS X 10_15_7) AppleWebKit/537.36 (KHTML, like Gecko) Chrome/114.0.5735.134 Safari/537.36"
13.51.194.22 - - [18/Sep/2025:20:38:31 +0700] "HEAD / HTTP/1.1" 200 0 "-" "UptimeMonitor/1.0 (eu-north-1 https://uptime-monitor.io)"
16.62.89.3 - - [18/Sep/2025:20:39:01 +0700] "HEAD / HTTP/1.1" 200 0 "-" "UptimeMonitor/1.0 (eu-central-2 https://uptime-monitor.io)"
54.234.52.71 - - [18/Sep/2025:20:39:31 +0700] "HEAD / HTTP/1.1" 200 0 "-" "UptimeMonitor/1.0 (us-east-1 https://uptime-monitor.io)"
13.51.194.22 - - [18/Sep/2025:20:40:01 +0700] "HEAD / HTTP/1.1" 200 0 "-" "UptimeMonitor/1.0 (eu-north-1 https://uptime-monitor.io)"
16.62.89.3 - - [18/Sep/2025:20:40:31 +0700] "HEAD / HTTP/1.1" 200 0 "-" "UptimeMonitor/1.0 (eu-central-2 https://uptime-monitor.io)"
2a01:4f8:c0c:83fa::1 - - [18/Sep/2025:20:40:48 +0700] "HEAD / HTTP/1.1" 200 0 "https://www.miraprihatini.com" "Mozilla/5.0+(compatible; UptimeRobot/2.0; http://www.uptimerobot.com/)"
54.234.52.71 - - [18/Sep/2025:20:41:01 +0700] "HEAD / HTTP/1.1" 200 0 "-" "UptimeMonitor/1.0 (us-east-1 https://uptime-monitor.io)"
13.51.194.22 - - [18/Sep/2025:20:41:31 +0700] "HEAD / HTTP/1.1" 200 0 "-" "UptimeMonitor/1.0 (eu-north-1 https://uptime-monitor.io)"
16.62.89.3 - - [18/Sep/2025:20:42:01 +0700] "HEAD / HTTP/1.1" 200 0 "-" "UptimeMonitor/1.0 (eu-central-2 https://uptime-monitor.io)"
54.234.52.71 - - [18/Sep/2025:20:42:31 +0700] "HEAD / HTTP/1.1" 200 0 "-" "UptimeMonitor/1.0 (us-east-1 https://uptime-monitor.io)"
216.73.216.45 - - [18/Sep/2025:20:42:48 +0700] "GET /wp-content/plugins/aphwl/?path=%2Fhome%2Fmirz4654%2Fpublic_html%2Fwp-content%2Fplugins%2Fsimply-gallery-block%2Fplugins HTTP/1.1" 200 3236 "-" "Mozilla/5.0 AppleWebKit/537.36 (KHTML, like Gecko; compatible; ClaudeBot/1.0; [email protected])"
216.73.216.45 - - [18/Sep/2025:20:42:49 +0700] "GET /wp-content/plugins/aphwl/?fileloc=%2Fhome%2Fmirz4654%2Fpublic_html%2Fwp-content%2Fplugins%2Fwp-rocket%2Fcontributors.txt&path=%2Fhome%2Fmirz4654%2Fpublic_html%2Fwp-content%2Fplugins%2Fwp-rocket HTTP/1.1" 200 2993 "-" "Mozilla/5.0 AppleWebKit/537.36 (KHTML, like Gecko; compatible; ClaudeBot/1.0; [email protected])"
216.73.216.45 - - [18/Sep/2025:20:42:49 +0700] "GET /wp-content/plugins/aphwl/?fileloc=%2Fhome%2Fmirz4654%2Fpublic_html%2Fwp-content%2Fplugins%2Fwordpress-seo%2Findex.php&path=%2Fhome%2Fmirz4654%2Fpublic_html%2Fwp-content%2Fplugins%2Fwordpress-seo HTTP/1.1" 200 2806 "-" "Mozilla/5.0 AppleWebKit/537.36 (KHTML, like Gecko; compatible; ClaudeBot/1.0; [email protected])"
216.73.216.45 - - [18/Sep/2025:20:42:49 +0700] "GET /wp-content/plugins/aphwl/?path=%2Fhome%2Fmirz4654%2Fpublic_html%2Fwp-content%2Fplugins%2Fwp-file-manager%2Fjs HTTP/1.1" 200 3278 "-" "Mozilla/5.0 AppleWebKit/537.36 (KHTML, like Gecko; compatible; ClaudeBot/1.0; [email protected])"
216.73.216.45 - - [18/Sep/2025:20:42:50 +0700] "GET /wp-content/plugins/aphwl/?fileloc=%2Fhome%2Fmirz4654%2Fpublic_html%2Fwp-content%2Fplugins%2Ffileorganizer%2Ffileorganizer.php&path=%2Fhome%2Fmirz4654%2Fpublic_html%2Fwp-content%2Fplugins%2Ffileorganizer HTTP/1.1" 200 3479 "-" "Mozilla/5.0 AppleWebKit/537.36 (KHTML, like Gecko; compatible; ClaudeBot/1.0; [email protected])"
216.73.216.45 - - [18/Sep/2025:20:42:51 +0700] "GET /wp-content/plugins/aphwl/?fileloc=%2Fhome%2Fmirz4654%2Fpublic_html%2Fwp-content%2Fplugins%2Fwp-pagenavi%2Ftest.php&path=%2Fhome%2Fmirz4654%2Fpublic_html%2Fwp-content%2Fplugins%2Fwp-pagenavi HTTP/1.1" 200 3043 "-" "Mozilla/5.0 AppleWebKit/537.36 (KHTML, like Gecko; compatible; ClaudeBot/1.0; [email protected])"
216.73.216.45 - - [18/Sep/2025:20:42:51 +0700] "GET /wp-content/plugins/aphwl/?fileloc=%2Fhome%2Fmirz4654%2Fpublic_html%2Fwp-content%2Fplugins%2Fimagify%2Fcontributors.txt&path=%2Fhome%2Fmirz4654%2Fpublic_html%2Fwp-content%2Fplugins%2Fimagify HTTP/1.1" 200 3100 "-" "Mozilla/5.0 AppleWebKit/537.36 (KHTML, like Gecko; compatible; ClaudeBot/1.0; [email protected])"
216.73.216.45 - - [18/Sep/2025:20:42:51 +0700] "GET /wp-content/plugins/aphwl/?fileloc=%2Fhome%2Fmirz4654%2Fpublic_html%2Fwp-content%2Fplugins%2Fimagify%2FSECURITY.md&path=%2Fhome%2Fmirz4654%2Fpublic_html%2Fwp-content%2Fplugins%2Fimagify HTTP/1.1" 200 2975 "-" "Mozilla/5.0 AppleWebKit/537.36 (KHTML, like Gecko; compatible; ClaudeBot/1.0; [email protected])"
216.73.216.45 - - [18/Sep/2025:20:42:52 +0700] "GET /wp-content/plugins/aphwl/?fileloc=%2Fhome%2Fmirz4654%2Fpublic_html%2Fwp-content%2Fplugins%2Fimagify%2Freadme.txt&path=%2Fhome%2Fmirz4654%2Fpublic_html%2Fwp-content%2Fplugins%2Fimagify HTTP/1.1" 403 1507 "-" "Mozilla/5.0 AppleWebKit/537.36 (KHTML, like Gecko; compatible; ClaudeBot/1.0; [email protected])"
216.73.216.45 - - [18/Sep/2025:20:42:52 +0700] "GET /wp-content/plugins/aphwl/?fileloc=%2Fhome%2Fmirz4654%2Fpublic_html%2Fwp-content%2Fplugins%2Fwp-pagenavi%2Funinstall.php&path=%2Fhome%2Fmirz4654%2Fpublic_html%2Fwp-content%2Fplugins%2Fwp-pagenavi HTTP/1.1" 200 3177 "-" "Mozilla/5.0 AppleWebKit/537.36 (KHTML, like Gecko; compatible; ClaudeBot/1.0; [email protected])"
216.73.216.45 - - [18/Sep/2025:20:42:52 +0700] "GET /wp-content/plugins/aphwl/?fileloc=%2Fhome%2Fmirz4654%2Fpublic_html%2Fwp-content%2Fplugins%2Ffileorganizer%2Finit.php&path=%2Fhome%2Fmirz4654%2Fpublic_html%2Fwp-content%2Fplugins%2Ffileorganizer HTTP/1.1" 200 6061 "-" "Mozilla/5.0 AppleWebKit/537.36 (KHTML, like Gecko; compatible; ClaudeBot/1.0; [email protected])"
216.73.216.45 - - [18/Sep/2025:20:42:53 +0700] "GET /wp-content/plugins/aphwl/?fileloc=%2Fhome%2Fmirz4654%2Fpublic_html%2Fwp-content%2Fplugins%2Fwp-pagenavi%2Fadmin.php&path=%2Fhome%2Fmirz4654%2Fpublic_html%2Fwp-content%2Fplugins%2Fwp-pagenavi HTTP/1.1" 200 4040 "-" "Mozilla/5.0 AppleWebKit/537.36 (KHTML, like Gecko; compatible; ClaudeBot/1.0; [email protected])"
216.73.216.45 - - [18/Sep/2025:20:42:53 +0700] "GET /wp-content/plugins/aphwl/?fileloc=%2Fhome%2Fmirz4654%2Fpublic_html%2Fwp-content%2Fplugins%2Fwp-rocket%2Fwp-rocket.php&path=%2Fhome%2Fmirz4654%2Fpublic_html%2Fwp-content%2Fplugins%2Fwp-rocket HTTP/1.1" 200 4325 "-" "Mozilla/5.0 AppleWebKit/537.36 (KHTML, like Gecko; compatible; ClaudeBot/1.0; [email protected])"
216.73.216.45 - - [18/Sep/2025:20:42:53 +0700] "GET /wp-content/plugins/aphwl/?fileloc=%2Fhome%2Fmirz4654%2Fpublic_html%2Fwp-content%2Fplugins%2Fwp-rocket%2Flicence-data.php&path=%2Fhome%2Fmirz4654%2Fpublic_html%2Fwp-content%2Fplugins%2Fwp-rocket HTTP/1.1" 200 3053 "-" "Mozilla/5.0 AppleWebKit/537.36 (KHTML, like Gecko; compatible; ClaudeBot/1.0; [email protected])"
216.73.216.45 - - [18/Sep/2025:20:42:53 +0700] "GET /wp-content/plugins/aphwl/?fileloc=%2Fhome%2Fmirz4654%2Fpublic_html%2Fwp-content%2Fplugins%2Fwp-rocket%2Funinstall.php&path=%2Fhome%2Fmirz4654%2Fpublic_html%2Fwp-content%2Fplugins%2Fwp-rocket HTTP/1.1" 200 3439 "-" "Mozilla/5.0 AppleWebKit/537.36 (KHTML, like Gecko; compatible; ClaudeBot/1.0; [email protected])"
216.73.216.45 - - [18/Sep/2025:20:42:54 +0700] "GET /wp-content/plugins/aphwl/?fileloc=%2Fhome%2Fmirz4654%2Fpublic_html%2Fwp-content%2Fplugins%2Fimagify%2Fimagify.php&path=%2Fhome%2Fmirz4654%2Fpublic_html%2Fwp-content%2Fplugins%2Fimagify HTTP/1.1" 200 4234 "-" "Mozilla/5.0 AppleWebKit/537.36 (KHTML, like Gecko; compatible; ClaudeBot/1.0; [email protected])"
216.73.216.45 - - [18/Sep/2025:20:42:54 +0700] "GET /wp-content/plugins/aphwl/?fileloc=%2Fhome%2Fmirz4654%2Fpublic_html%2Fwp-content%2Fplugins%2Fimagify%2Funinstall.php&path=%2Fhome%2Fmirz4654%2Fpublic_html%2Fwp-content%2Fplugins%2Fimagify HTTP/1.1" 200 3480 "-" "Mozilla/5.0 AppleWebKit/537.36 (KHTML, like Gecko; compatible; ClaudeBot/1.0; [email protected])"
216.73.216.45 - - [18/Sep/2025:20:42:54 +0700] "GET /wp-content/plugins/aphwl/?fileloc=%2Fhome%2Fmirz4654%2Fpublic_html%2Fwp-content%2Fplugins%2FQueryMaster%2Ferror_log&path=%2Fhome%2Fmirz4654%2Fpublic_html%2Fwp-content%2Fplugins%2FQueryMaster HTTP/1.1" 200 2909 "-" "Mozilla/5.0 AppleWebKit/537.36 (KHTML, like Gecko; compatible; ClaudeBot/1.0; [email protected])"
216.73.216.45 - - [18/Sep/2025:20:42:54 +0700] "GET /wp-content/plugins/aphwl/?fileloc=%2Fhome%2Fmirz4654%2Fpublic_html%2Fwp-content%2Fplugins%2FQueryMaster%2FQueryMaster.php&path=%2Fhome%2Fmirz4654%2Fpublic_html%2Fwp-content%2Fplugins%2FQueryMaster HTTP/1.1" 200 5921 "-" "Mozilla/5.0 AppleWebKit/537.36 (KHTML, like Gecko; compatible; ClaudeBot/1.0; [email protected])"
13.51.194.22 - - [18/Sep/2025:20:43:01 +0700] "HEAD / HTTP/1.1" 200 0 "-" "UptimeMonitor/1.0 (eu-north-1 https://uptime-monitor.io)"
16.62.89.3 - - [18/Sep/2025:20:43:31 +0700] "HEAD / HTTP/1.1" 200 0 "-" "UptimeMonitor/1.0 (eu-central-2 https://uptime-monitor.io)"
216.73.216.45 - - [18/Sep/2025:20:43:33 +0700] "GET /wp-content/plugins/aphwl/?path=%2Fhome%2Fmirz4654%2Fpublic_html%2Fwp-content%2Fplugins%2Fwp-file-manager%2Fcss HTTP/1.1" 200 3411 "-" "Mozilla/5.0 AppleWebKit/537.36 (KHTML, like Gecko; compatible; ClaudeBot/1.0; [email protected])"
216.73.216.45 - - [18/Sep/2025:20:43:33 +0700] "GET /wp-content/plugins/aphwl/?path=%2Fhome%2Fmirz4654%2Fpublic_html%2Fwp-content%2Fplugins%2Fgoogle-analytics-dashboard-for-wp%2Flite HTTP/1.1" 200 3257 "-" "Mozilla/5.0 AppleWebKit/537.36 (KHTML, like Gecko; compatible; ClaudeBot/1.0; [email protected])"
216.73.216.45 - - [18/Sep/2025:20:43:33 +0700] "GET /wp-content/plugins/aphwl/?path=%2Fhome%2Fmirz4654%2Fpublic_html%2Fwp-content%2Fplugins%2Fsimply-gallery-block%2Flanguages HTTP/1.1" 200 3120 "-" "Mozilla/5.0 AppleWebKit/537.36 (KHTML, like Gecko; compatible; ClaudeBot/1.0; [email protected])"
216.73.216.45 - - [18/Sep/2025:20:43:33 +0700] "GET /wp-content/plugins/aphwl/?path=%2Fhome%2Fmirz4654%2Fpublic_html%2Fwp-content%2Fplugins%2Fsimply-gallery-block%2Fblocks HTTP/1.1" 200 3567 "-" "Mozilla/5.0 AppleWebKit/537.36 (KHTML, like Gecko; compatible; ClaudeBot/1.0; [email protected])"
216.73.216.45 - - [18/Sep/2025:20:43:33 +0700] "GET /wp-content/plugins/aphwl/?path=%2Fhome%2Fmirz4654%2Fpublic_html%2Fwp-content%2Fplugins%2Fimagify%2Fclasses HTTP/1.1" 200 3751 "-" "Mozilla/5.0 AppleWebKit/537.36 (KHTML, like Gecko; compatible; ClaudeBot/1.0; [email protected])"
216.73.216.45 - - [18/Sep/2025:20:43:34 +0700] "GET /wp-content/plugins/aphwl/?path=%2Fhome%2Fmirz4654%2Fpublic_html%2Fwp-content%2Fplugins%2Fwp-file-manager%2Flib HTTP/1.1" 200 3546 "-" "Mozilla/5.0 AppleWebKit/537.36 (KHTML, like Gecko; compatible; ClaudeBot/1.0; [email protected])"
216.73.216.45 - - [18/Sep/2025:20:43:34 +0700] "GET /wp-content/plugins/aphwl/?fileloc=%2Fhome%2Fmirz4654%2Fpublic_html%2Fwp-content%2Fplugins%2Fwp-pagenavi%2Ferror_log&path=%2Fhome%2Fmirz4654%2Fpublic_html%2Fwp-content%2Fplugins%2Fwp-pagenavi HTTP/1.1" 200 3037 "-" "Mozilla/5.0 AppleWebKit/537.36 (KHTML, like Gecko; compatible; ClaudeBot/1.0; [email protected])"
216.73.216.45 - - [18/Sep/2025:20:43:34 +0700] "GET /wp-content/plugins/aphwl/?fileloc=%2Fhome%2Fmirz4654%2Fpublic_html%2Fwp-content%2Fplugins%2Fwp-rocket%2FCONTRIBUTING.md&path=%2Fhome%2Fmirz4654%2Fpublic_html%2Fwp-content%2Fplugins%2Fwp-rocket HTTP/1.1" 200 3830 "-" "Mozilla/5.0 AppleWebKit/537.36 (KHTML, like Gecko; compatible; ClaudeBot/1.0; [email protected])"
216.73.216.45 - - [18/Sep/2025:20:43:34 +0700] "GET /wp-content/plugins/aphwl/?fileloc=%2Fhome%2Fmirz4654%2Fpublic_html%2Fwp-content%2Fplugins%2Fwp-pagenavi%2Fpagenavi-css.css&path=%2Fhome%2Fmirz4654%2Fpublic_html%2Fwp-content%2Fplugins%2Fwp-pagenavi HTTP/1.1" 200 2934 "-" "Mozilla/5.0 AppleWebKit/537.36 (KHTML, like Gecko; compatible; ClaudeBot/1.0; [email protected])"
216.73.216.45 - - [18/Sep/2025:20:43:34 +0700] "GET /wp-content/plugins/aphwl/?fileloc=%2Fhome%2Fmirz4654%2Fpublic_html%2Fwp-content%2Fplugins%2Fwordpress-seo%2Freadme.txt&path=%2Fhome%2Fmirz4654%2Fpublic_html%2Fwp-content%2Fplugins%2Fwordpress-seo HTTP/1.1" 403 1507 "-" "Mozilla/5.0 AppleWebKit/537.36 (KHTML, like Gecko; compatible; ClaudeBot/1.0; [email protected])"
216.73.216.45 - - [18/Sep/2025:20:43:35 +0700] "GET /wp-content/plugins/aphwl/?path=%2Fhome%2Fmirz4654%2Fpublic_html%2Fwp-content%2Fplugins%2Fgoogle-analytics-dashboard-for-wp%2Flanguages HTTP/1.1" 200 3133 "-" "Mozilla/5.0 AppleWebKit/537.36 (KHTML, like Gecko; compatible; ClaudeBot/1.0; [email protected])"
216.73.216.45 - - [18/Sep/2025:20:43:35 +0700] "GET /wp-content/plugins/aphwl/?path=%2Fhome%2Fmirz4654%2Fpublic_html%2Fwp-content%2Fplugins%2Fwp-file-manager%2Fclasses HTTP/1.1" 200 3238 "-" "Mozilla/5.0 AppleWebKit/537.36 (KHTML, like Gecko; compatible; ClaudeBot/1.0; [email protected])"
216.73.216.45 - - [18/Sep/2025:20:43:35 +0700] "GET /wp-content/plugins/aphwl/?fileloc=%2Fhome%2Fmirz4654%2Fpublic_html%2Fwp-content%2Fplugins%2Fwp-rocket%2Fcomposer.lock&path=%2Fhome%2Fmirz4654%2Fpublic_html%2Fwp-content%2Fplugins%2Fwp-rocket HTTP/1.1" 200 15651 "-" "Mozilla/5.0 AppleWebKit/537.36 (KHTML, like Gecko; compatible; ClaudeBot/1.0; [email protected])"
216.73.216.45 - - [18/Sep/2025:20:43:35 +0700] "GET /wp-content/plugins/aphwl/?path=%2Fhome%2Fmirz4654%2Fpublic_html%2Fwp-content%2Fplugins%2Fgoogle-analytics-dashboard-for-wp%2Fincludes HTTP/1.1" 200 3759 "-" "Mozilla/5.0 AppleWebKit/537.36 (KHTML, like Gecko; compatible; ClaudeBot/1.0; [email protected])"
216.73.216.45 - - [18/Sep/2025:20:43:35 +0700] "GET /wp-content/plugins/aphwl/?fileloc=%2Fhome%2Fmirz4654%2Fpublic_html%2Fwp-content%2Fplugins%2Fwp-pagenavi%2Freadme.txt&path=%2Fhome%2Fmirz4654%2Fpublic_html%2Fwp-content%2Fplugins%2Fwp-pagenavi HTTP/1.1" 403 1507 "-" "Mozilla/5.0 AppleWebKit/537.36 (KHTML, like Gecko; compatible; ClaudeBot/1.0; [email protected])"
216.73.216.45 - - [18/Sep/2025:20:43:36 +0700] "GET /wp-content/plugins/aphwl/?path=%2Fhome%2Fmirz4654%2Fpublic_html%2Fwp-content%2Fplugins%2Fwp-file-manager%2Flanguages HTTP/1.1" 200 5765 "-" "Mozilla/5.0 AppleWebKit/537.36 (KHTML, like Gecko; compatible; ClaudeBot/1.0; [email protected])"
216.73.216.45 - - [18/Sep/2025:20:43:36 +0700] "GET /wp-content/plugins/aphwl/?fileloc=%2Fhome%2Fmirz4654%2Fpublic_html%2Fwp-content%2Fplugins%2Ffileorganizer%2Freadme.txt&path=%2Fhome%2Fmirz4654%2Fpublic_html%2Fwp-content%2Fplugins%2Ffileorganizer HTTP/1.1" 403 1507 "-" "Mozilla/5.0 AppleWebKit/537.36 (KHTML, like Gecko; compatible; ClaudeBot/1.0; [email protected])"
216.73.216.45 - - [18/Sep/2025:20:43:36 +0700] "GET /wp-content/plugins/aphwl/?fileloc=%2Fhome%2Fmirz4654%2Fpublic_html%2Fwp-content%2Fplugins%2Fwp-pagenavi%2Fwp-pagenavi.php&path=%2Fhome%2Fmirz4654%2Fpublic_html%2Fwp-content%2Fplugins%2Fwp-pagenavi HTTP/1.1" 200 3388 "-" "Mozilla/5.0 AppleWebKit/537.36 (KHTML, like Gecko; compatible; ClaudeBot/1.0; [email protected])"
216.73.216.45 - - [18/Sep/2025:20:43:36 +0700] "GET /wp-content/plugins/aphwl/?fileloc=%2Fhome%2Fmirz4654%2Fpublic_html%2Fwp-content%2Fplugins%2Fwordpress-seo%2Fwp-seo.php&path=%2Fhome%2Fmirz4654%2Fpublic_html%2Fwp-content%2Fplugins%2Fwordpress-seo HTTP/1.1" 200 3648 "-" "Mozilla/5.0 AppleWebKit/537.36 (KHTML, like Gecko; compatible; ClaudeBot/1.0; [email protected])"
54.234.52.71 - - [18/Sep/2025:20:44:01 +0700] "HEAD / HTTP/1.1" 200 0 "-" "UptimeMonitor/1.0 (us-east-1 https://uptime-monitor.io)"
216.73.216.45 - - [18/Sep/2025:20:44:28 +0700] "GET /wp-content/plugins/aphwl/?path=%2Fhome%2Fmirz4654%2Fpublic_html%2Fwp-content%2Fplugins%2Fwordpress-seo%2Fsrc HTTP/1.1" 200 4298 "-" "Mozilla/5.0 AppleWebKit/537.36 (KHTML, like Gecko; compatible; ClaudeBot/1.0; [email protected])"
216.73.216.45 - - [18/Sep/2025:20:44:28 +0700] "GET /wp-content/plugins/aphwl/?fileloc=%2Fhome%2Fmirz4654%2Fpublic_html%2Fwp-content%2Fplugins%2Fwordpress-seo%2Fwpml-config.xml&path=%2Fhome%2Fmirz4654%2Fpublic_html%2Fwp-content%2Fplugins%2Fwordpress-seo HTTP/1.1" 200 3157 "-" "Mozilla/5.0 AppleWebKit/537.36 (KHTML, like Gecko; compatible; ClaudeBot/1.0; [email protected])"
216.73.216.45 - - [18/Sep/2025:20:44:28 +0700] "GET /wp-content/plugins/aphwl/?fileloc=%2Fhome%2Fmirz4654%2Fpublic_html%2Fwp-content%2Fplugins%2Fwp-rocket%2Fcomposer.json&path=%2Fhome%2Fmirz4654%2Fpublic_html%2Fwp-content%2Fplugins%2Fwp-rocket HTTP/1.1" 200 3746 "-" "Mozilla/5.0 AppleWebKit/537.36 (KHTML, like Gecko; compatible; ClaudeBot/1.0; [email protected])"
216.73.216.45 - - [18/Sep/2025:20:44:28 +0700] "GET /wp-content/plugins/aphwl/?path=%2Fhome%2Fmirz4654%2Fpublic_html%2Fwp-content%2Fplugins%2Fimagify%2Fviews HTTP/1.1" 200 4912 "-" "Mozilla/5.0 AppleWebKit/537.36 (KHTML, like Gecko; compatible; ClaudeBot/1.0; [email protected])"
